{"id":13445,"date":"2012-02-01T09:23:09","date_gmt":"2012-02-01T12:23:09","guid":{"rendered":"http:\/\/www.eltrabajo.cl\/portal\/wp-content\/uploads\/2012\/02\/kramer.jpg"},"modified":"2012-02-01T09:23:09","modified_gmt":"2012-02-01T12:23:09","slug":"kramer","status":"inherit","type":"attachment","link":"https:\/\/eltrabajo.cl\/portal\/kramer\/","title":{"rendered":"kramer"},"author":482,"featured_media":0,"comment_status":"open","ping_status":"open","template":"","meta":{"advanced_seo_description":"","jetpack_seo_html_title":"","jetpack_seo_noindex":false},"class_list":["post-13445","attachment","type-attachment","status-inherit","hentry"],"jetpack_sharing_enabled":true,"jetpack_likes_enabled":true,"description":{"rendered":"<p class=\"attachment\"><a href=\"https:\/\/i0.wp.com\/eltrabajo.cl\/portal\/wp-content\/uploads\/2012\/02\/kramer.jpg?ssl=1\"><img loading=\"lazy\" decoding=\"async\" width=\"300\" height=\"189\" src=\"https:\/\/i0.wp.com\/eltrabajo.cl\/portal\/wp-content\/uploads\/2012\/02\/kramer.jpg?fit=300%2C189&amp;ssl=1\" class=\"attachment-medium size-medium\" alt=\"\" srcset=\"https:\/\/i0.wp.com\/eltrabajo.cl\/portal\/wp-content\/uploads\/2012\/02\/kramer.jpg?w=600&amp;ssl=1 600w, https:\/\/i0.wp.com\/eltrabajo.cl\/portal\/wp-content\/uploads\/2012\/02\/kramer.jpg?resize=200%2C126&amp;ssl=1 200w, https:\/\/i0.wp.com\/eltrabajo.cl\/portal\/wp-content\/uploads\/2012\/02\/kramer.jpg?resize=300%2C189&amp;ssl=1 300w, https:\/\/i0.wp.com\/eltrabajo.cl\/portal\/wp-content\/uploads\/2012\/02\/kramer.jpg?resize=150%2C94&amp;ssl=1 150w, https:\/\/i0.wp.com\/eltrabajo.cl\/portal\/wp-content\/uploads\/2012\/02\/kramer.jpg?resize=400%2C252&amp;ssl=1 400w\" sizes=\"auto, (max-width: 300px) 100vw, 300px\" \/><\/a><\/p>\n<p>El afamado comediante e imitador nacional deleitar\u00e1 al p\u00fablico asistente con un montaje vibrante que expone a Stefan Kramer perseguido por sus fan\u00e1ticos y que narra el peor d\u00eda de su vida, con mucho humor y brillantes interpretaciones.<\/p>\n"},"caption":{"rendered":"<p>El afamado comediante e imitador nacional deleitar\u00e1 al p\u00fablico asistente con un montaje vibrante que expone a Stefan Kramer perseguido por sus fan\u00e1ticos y que narra el peor d\u00eda de su vida, con mucho humor y brillantes interpretaciones.<\/p>\n"},"alt_text":"","media_type":"image","mime_type":"image\/jpeg","media_details":{"width":"600","height":"379","hwstring_small":"height='80' width='128'","file":"2012\/02\/kramer.jpg","sizes":{"thumbnail":{"file":"kramer-200x126.jpg","width":"200","height":"126","source_url":"https:\/\/i0.wp.com\/eltrabajo.cl\/portal\/wp-content\/uploads\/2012\/02\/kramer.jpg?fit=200%2C126&ssl=1"},"medium":{"file":"kramer-300x189.jpg","width":"300","height":"189","source_url":"https:\/\/i0.wp.com\/eltrabajo.cl\/portal\/wp-content\/uploads\/2012\/02\/kramer.jpg?fit=300%2C189&ssl=1"},"post-thumbnail":{"file":"kramer-150x94.jpg","width":"150","height":"94","source_url":"https:\/\/i0.wp.com\/eltrabajo.cl\/portal\/wp-content\/uploads\/2012\/02\/kramer.jpg?fit=150%2C94&ssl=1"},"single-post-thumbnail":{"file":"kramer-400x252.jpg","width":"400","height":"252","source_url":"https:\/\/eltrabajo.cl\/portal\/wp-content\/uploads\/2012\/02\/kramer-400x252.jpg"},"full":{"file":"kramer.jpg?fit=600%2C379&ssl=1","width":600,"height":379,"mime_type":"image\/jpeg","source_url":"https:\/\/i0.wp.com\/eltrabajo.cl\/portal\/wp-content\/uploads\/2012\/02\/kramer.jpg?fit=600%2C379&ssl=1"}},"image_meta":{"aperture":"0","credit":"","camera":"","caption":"","created_timestamp":"0","copyright":"","focal_length":"0","iso":"0","shutter_speed":"0","title":""}},"post":null,"source_url":"https:\/\/eltrabajo.cl\/portal\/wp-content\/uploads\/2012\/02\/kramer.jpg","_links":{"self":[{"href":"https:\/\/eltrabajo.cl\/portal\/wp-json\/wp\/v2\/media\/13445","targetHints":{"allow":["GET"]}}],"collection":[{"href":"https:\/\/eltrabajo.cl\/portal\/wp-json\/wp\/v2\/media"}],"about":[{"href":"https:\/\/eltrabajo.cl\/portal\/wp-json\/wp\/v2\/types\/attachment"}],"author":[{"embeddable":true,"href":"https:\/\/eltrabajo.cl\/portal\/wp-json\/wp\/v2\/users\/482"}],"replies":[{"embeddable":true,"href":"https:\/\/eltrabajo.cl\/portal\/wp-json\/wp\/v2\/comments?post=13445"}]}}

<p class="attachment"><a href="https://i0.wp.com/eltrabajo.cl/portal/wp-content/uploads/2012/02/kramer.jpg?ssl=1"><img loading="lazy" decoding="async" width="300" height="189" src="https://i0.wp.com/eltrabajo.cl/portal/wp-content/uploads/2012/02/kramer.jpg?fit=300%2C189&amp;ssl=1" class="attachment-medium size-medium" alt="" srcset="https://i0.wp.com/eltrabajo.cl/portal/wp-content/uploads/2012/02/kramer.jpg?w=600&amp;ssl=1 600w, https://i0.wp.com/eltrabajo.cl/portal/wp-content/uploads/2012/02/kramer.jpg?resize=200%2C126&amp;ssl=1 200w, https://i0.wp.com/eltrabajo.cl/portal/wp-content/uploads/2012/02/kramer.jpg?resize=300%2C189&amp;ssl=1 300w, https://i0.wp.com/eltrabajo.cl/portal/wp-content/uploads/2012/02/kramer.jpg?resize=150%2C94&amp;ssl=1 150w, https://i0.wp.com/eltrabajo.cl/portal/wp-content/uploads/2012/02/kramer.jpg?resize=400%2C252&amp;ssl=1 400w" sizes="auto, (max-width: 300px) 100vw, 300px" /></a></p>
<p>El afamado comediante e imitador nacional deleitará al público asistente con un montaje vibrante que expone a Stefan Kramer perseguido por sus fanáticos y que narra el peor día de su vida, con mucho humor y brillantes interpretaciones.</p>

<p>El afamado comediante e imitador nacional deleitará al público asistente con un montaje vibrante que expone a Stefan Kramer perseguido por sus fanáticos y que narra el peor día de su vida, con mucho humor y brillantes interpretaciones.</p>
