{"id":29349,"date":"2013-01-18T09:40:05","date_gmt":"2013-01-18T12:40:05","guid":{"rendered":"http:\/\/www.eltrabajo.cl\/portal\/wp-content\/uploads\/2013\/01\/especies-sustraidas.jpg"},"modified":"2013-01-18T09:40:05","modified_gmt":"2013-01-18T12:40:05","slug":"especies-sustraidas","status":"inherit","type":"attachment","link":"https:\/\/eltrabajo.cl\/portal\/mecheras-santiaguinas-sustrajeron-vestuario-desde-tres-centricas-tiendas\/especies-sustraidas\/","title":{"rendered":"Estas son parte de las especies recuperadas por Carabineros que sustrajeron las imputadas desde tres tiendas de San Felipe, siendo condenadas a 61 d\u00edas de reclusi\u00f3n nocturna por el Tribunal de Garant\u00eda."},"author":482,"featured_media":0,"comment_status":"open","ping_status":"closed","template":"","meta":{"advanced_seo_description":"","jetpack_seo_html_title":"","jetpack_seo_noindex":false},"class_list":["post-29349","attachment","type-attachment","status-inherit","hentry"],"jetpack_sharing_enabled":true,"jetpack_likes_enabled":true,"description":{"rendered":"<p class=\"attachment\"><a href=\"https:\/\/i0.wp.com\/eltrabajo.cl\/portal\/wp-content\/uploads\/2013\/01\/especies-sustraidas.jpg?ssl=1\"><img loading=\"lazy\" decoding=\"async\" width=\"300\" height=\"225\" src=\"https:\/\/i0.wp.com\/eltrabajo.cl\/portal\/wp-content\/uploads\/2013\/01\/especies-sustraidas.jpg?fit=300%2C225&amp;ssl=1\" class=\"attachment-medium size-medium\" alt=\"\" srcset=\"https:\/\/i0.wp.com\/eltrabajo.cl\/portal\/wp-content\/uploads\/2013\/01\/especies-sustraidas.jpg?w=529&amp;ssl=1 529w, https:\/\/i0.wp.com\/eltrabajo.cl\/portal\/wp-content\/uploads\/2013\/01\/especies-sustraidas.jpg?resize=200%2C150&amp;ssl=1 200w, https:\/\/i0.wp.com\/eltrabajo.cl\/portal\/wp-content\/uploads\/2013\/01\/especies-sustraidas.jpg?resize=300%2C225&amp;ssl=1 300w, https:\/\/i0.wp.com\/eltrabajo.cl\/portal\/wp-content\/uploads\/2013\/01\/especies-sustraidas.jpg?resize=150%2C112&amp;ssl=1 150w, https:\/\/i0.wp.com\/eltrabajo.cl\/portal\/wp-content\/uploads\/2013\/01\/especies-sustraidas.jpg?resize=400%2C300&amp;ssl=1 400w\" sizes=\"auto, (max-width: 300px) 100vw, 300px\" \/><\/a><\/p>\n<p>Estas son parte de las especies recuperadas por Carabineros que sustrajeron las imputadas desde tres tiendas de San Felipe, siendo condenadas a 61 d\u00edas de reclusi\u00f3n nocturna por el Tribunal de Garant\u00eda.<\/p>\n"},"caption":{"rendered":"<p>Estas son parte de las especies recuperadas por Carabineros que sustrajeron las imputadas desde tres tiendas de San Felipe, siendo condenadas a 61 d\u00edas de reclusi\u00f3n nocturna por el Tribunal de Garant\u00eda.<\/p>\n"},"alt_text":"","media_type":"image","mime_type":"image\/jpeg","media_details":{"width":"529","height":"397","hwstring_small":"height='96' width='128'","file":"2013\/01\/especies-sustraidas.jpg","sizes":{"thumbnail":{"file":"especies-sustraidas-200x150.jpg","width":"200","height":"150","source_url":"https:\/\/i0.wp.com\/eltrabajo.cl\/portal\/wp-content\/uploads\/2013\/01\/especies-sustraidas.jpg?fit=200%2C150&ssl=1"},"medium":{"file":"especies-sustraidas-300x225.jpg","width":"300","height":"225","source_url":"https:\/\/i0.wp.com\/eltrabajo.cl\/portal\/wp-content\/uploads\/2013\/01\/especies-sustraidas.jpg?fit=300%2C225&ssl=1"},"post-thumbnail":{"file":"especies-sustraidas-150x112.jpg","width":"150","height":"112","source_url":"https:\/\/i0.wp.com\/eltrabajo.cl\/portal\/wp-content\/uploads\/2013\/01\/especies-sustraidas.jpg?fit=150%2C112&ssl=1"},"single-post-thumbnail":{"file":"especies-sustraidas-400x300.jpg","width":"400","height":"300","source_url":"https:\/\/eltrabajo.cl\/portal\/wp-content\/uploads\/2013\/01\/especies-sustraidas-400x300.jpg"},"full":{"file":"especies-sustraidas.jpg?fit=529%2C397&ssl=1","width":529,"height":397,"mime_type":"image\/jpeg","source_url":"https:\/\/i0.wp.com\/eltrabajo.cl\/portal\/wp-content\/uploads\/2013\/01\/especies-sustraidas.jpg?fit=529%2C397&ssl=1"}},"image_meta":{"aperture":"0","credit":"","camera":"","caption":"","created_timestamp":"0","copyright":"","focal_length":"0","iso":"0","shutter_speed":"0","title":""}},"post":29348,"source_url":"https:\/\/eltrabajo.cl\/portal\/wp-content\/uploads\/2013\/01\/especies-sustraidas.jpg","_links":{"self":[{"href":"https:\/\/eltrabajo.cl\/portal\/wp-json\/wp\/v2\/media\/29349","targetHints":{"allow":["GET"]}}],"collection":[{"href":"https:\/\/eltrabajo.cl\/portal\/wp-json\/wp\/v2\/media"}],"about":[{"href":"https:\/\/eltrabajo.cl\/portal\/wp-json\/wp\/v2\/types\/attachment"}],"author":[{"embeddable":true,"href":"https:\/\/eltrabajo.cl\/portal\/wp-json\/wp\/v2\/users\/482"}],"replies":[{"embeddable":true,"href":"https:\/\/eltrabajo.cl\/portal\/wp-json\/wp\/v2\/comments?post=29349"}],"wp:attached-to":[{"embeddable":true,"post_type":"post","id":29348,"href":"https:\/\/eltrabajo.cl\/portal\/wp-json\/wp\/v2\/posts\/29348"}],"curies":[{"name":"wp","href":"https:\/\/api.w.org\/{rel}","templated":true}]}}

Estas son parte de las especies recuperadas por Carabineros que sustrajeron las imputadas desde tres tiendas de San Felipe, siendo condenadas a 61 días de reclusión nocturna por el Tribunal de Garantía.

<p class="attachment"><a href="https://i0.wp.com/eltrabajo.cl/portal/wp-content/uploads/2013/01/especies-sustraidas.jpg?ssl=1"><img loading="lazy" decoding="async" width="300" height="225" src="https://i0.wp.com/eltrabajo.cl/portal/wp-content/uploads/2013/01/especies-sustraidas.jpg?fit=300%2C225&amp;ssl=1" class="attachment-medium size-medium" alt="" srcset="https://i0.wp.com/eltrabajo.cl/portal/wp-content/uploads/2013/01/especies-sustraidas.jpg?w=529&amp;ssl=1 529w, https://i0.wp.com/eltrabajo.cl/portal/wp-content/uploads/2013/01/especies-sustraidas.jpg?resize=200%2C150&amp;ssl=1 200w, https://i0.wp.com/eltrabajo.cl/portal/wp-content/uploads/2013/01/especies-sustraidas.jpg?resize=300%2C225&amp;ssl=1 300w, https://i0.wp.com/eltrabajo.cl/portal/wp-content/uploads/2013/01/especies-sustraidas.jpg?resize=150%2C112&amp;ssl=1 150w, https://i0.wp.com/eltrabajo.cl/portal/wp-content/uploads/2013/01/especies-sustraidas.jpg?resize=400%2C300&amp;ssl=1 400w" sizes="auto, (max-width: 300px) 100vw, 300px" /></a></p>
<p>Estas son parte de las especies recuperadas por Carabineros que sustrajeron las imputadas desde tres tiendas de San Felipe, siendo condenadas a 61 días de reclusión nocturna por el Tribunal de Garantía.</p>

<p>Estas son parte de las especies recuperadas por Carabineros que sustrajeron las imputadas desde tres tiendas de San Felipe, siendo condenadas a 61 días de reclusión nocturna por el Tribunal de Garantía.</p>
