{"id":29785,"date":"2013-01-25T10:13:42","date_gmt":"2013-01-25T13:13:42","guid":{"rendered":"http:\/\/www.eltrabajo.cl\/portal\/wp-content\/uploads\/2013\/01\/mario-reyes-jaime-caballero1.jpg"},"modified":"2013-01-25T10:13:42","modified_gmt":"2013-01-25T13:13:42","slug":"mario-reyes-jaime-caballero-2","status":"inherit","type":"attachment","link":"https:\/\/eltrabajo.cl\/portal\/mueren-dos-grandes-pioneros-del-desarrollo-del-valle-de-aconcagua-2\/mario-reyes-jaime-caballero-2\/","title":{"rendered":"ADI\u00d3S A DOS GRANDES \/ Un &#8216;hasta pronto&#8217; pareciera ser la despedida que amigos y familiares dieron la ma\u00f1ana de este jueves al connotado dentista Jaime Montenegro Espinoza, quien falleciera a sus 78 a\u00f1os, para luego darle cristiana sepultura en el Cementerio Parque del Recuerdo en Santiago, mientras que hoy viernes tambi\u00e9n velar\u00e1n y sepultar\u00e1n al conocido comerciante Mario Reyes Lobos, quien parti\u00f3 para siempre a la edad de 93 a\u00f1os, luego de dedicar toda su vida al comercio regional y local."},"author":482,"featured_media":0,"comment_status":"open","ping_status":"closed","template":"","meta":{"advanced_seo_description":"","jetpack_seo_html_title":"","jetpack_seo_noindex":false},"class_list":["post-29785","attachment","type-attachment","status-inherit","hentry"],"jetpack_sharing_enabled":true,"jetpack_likes_enabled":true,"description":{"rendered":"<p class=\"attachment\"><a href=\"https:\/\/i0.wp.com\/eltrabajo.cl\/portal\/wp-content\/uploads\/2013\/01\/mario-reyes-jaime-caballero1.jpg?ssl=1\"><img loading=\"lazy\" decoding=\"async\" width=\"300\" height=\"300\" src=\"https:\/\/i0.wp.com\/eltrabajo.cl\/portal\/wp-content\/uploads\/2013\/01\/mario-reyes-jaime-caballero1.jpg?fit=300%2C300&amp;ssl=1\" class=\"attachment-medium size-medium\" alt=\"\" srcset=\"https:\/\/i0.wp.com\/eltrabajo.cl\/portal\/wp-content\/uploads\/2013\/01\/mario-reyes-jaime-caballero1.jpg?w=530&amp;ssl=1 530w, https:\/\/i0.wp.com\/eltrabajo.cl\/portal\/wp-content\/uploads\/2013\/01\/mario-reyes-jaime-caballero1.jpg?resize=150%2C150&amp;ssl=1 150w, https:\/\/i0.wp.com\/eltrabajo.cl\/portal\/wp-content\/uploads\/2013\/01\/mario-reyes-jaime-caballero1.jpg?resize=300%2C300&amp;ssl=1 300w, https:\/\/i0.wp.com\/eltrabajo.cl\/portal\/wp-content\/uploads\/2013\/01\/mario-reyes-jaime-caballero1.jpg?resize=400%2C400&amp;ssl=1 400w\" sizes=\"auto, (max-width: 300px) 100vw, 300px\" \/><\/a><\/p>\n"},"caption":{"rendered":""},"alt_text":"","media_type":"image","mime_type":"image\/jpeg","media_details":{"width":"530","height":"530","hwstring_small":"height='96' width='96'","file":"2013\/01\/mario-reyes-jaime-caballero1.jpg","sizes":{"thumbnail":{"file":"mario-reyes-jaime-caballero1-150x150.jpg","width":"150","height":"150","source_url":"https:\/\/i0.wp.com\/eltrabajo.cl\/portal\/wp-content\/uploads\/2013\/01\/mario-reyes-jaime-caballero1.jpg?fit=150%2C150&ssl=1"},"medium":{"file":"mario-reyes-jaime-caballero1-300x300.jpg","width":"300","height":"300","source_url":"https:\/\/i0.wp.com\/eltrabajo.cl\/portal\/wp-content\/uploads\/2013\/01\/mario-reyes-jaime-caballero1.jpg?fit=300%2C300&ssl=1"},"post-thumbnail":{"file":"mario-reyes-jaime-caballero1-150x150.jpg","width":"150","height":"150","source_url":"https:\/\/i0.wp.com\/eltrabajo.cl\/portal\/wp-content\/uploads\/2013\/01\/mario-reyes-jaime-caballero1.jpg?fit=150%2C150&ssl=1"},"single-post-thumbnail":{"file":"mario-reyes-jaime-caballero1-400x400.jpg","width":"400","height":"400","source_url":"https:\/\/eltrabajo.cl\/portal\/wp-content\/uploads\/2013\/01\/mario-reyes-jaime-caballero1-400x400.jpg"},"full":{"file":"mario-reyes-jaime-caballero1.jpg?fit=530%2C530&ssl=1","width":530,"height":530,"mime_type":"image\/jpeg","source_url":"https:\/\/i0.wp.com\/eltrabajo.cl\/portal\/wp-content\/uploads\/2013\/01\/mario-reyes-jaime-caballero1.jpg?fit=530%2C530&ssl=1"}},"image_meta":{"aperture":"0","credit":"","camera":"","caption":"","created_timestamp":"0","copyright":"","focal_length":"0","iso":"0","shutter_speed":"0","title":""}},"post":29780,"source_url":"https:\/\/eltrabajo.cl\/portal\/wp-content\/uploads\/2013\/01\/mario-reyes-jaime-caballero1.jpg","_links":{"self":[{"href":"https:\/\/eltrabajo.cl\/portal\/wp-json\/wp\/v2\/media\/29785","targetHints":{"allow":["GET"]}}],"collection":[{"href":"https:\/\/eltrabajo.cl\/portal\/wp-json\/wp\/v2\/media"}],"about":[{"href":"https:\/\/eltrabajo.cl\/portal\/wp-json\/wp\/v2\/types\/attachment"}],"author":[{"embeddable":true,"href":"https:\/\/eltrabajo.cl\/portal\/wp-json\/wp\/v2\/users\/482"}],"replies":[{"embeddable":true,"href":"https:\/\/eltrabajo.cl\/portal\/wp-json\/wp\/v2\/comments?post=29785"}],"wp:attached-to":[{"embeddable":true,"post_type":"post","id":29780,"href":"https:\/\/eltrabajo.cl\/portal\/wp-json\/wp\/v2\/posts\/29780"}],"curies":[{"name":"wp","href":"https:\/\/api.w.org\/{rel}","templated":true}]}}

ADIÓS A DOS GRANDES / Un &#8216;hasta pronto&#8217; pareciera ser la despedida que amigos y familiares dieron la mañana de este jueves al connotado dentista Jaime Montenegro Espinoza, quien falleciera a sus 78 años, para luego darle cristiana sepultura en el Cementerio Parque del Recuerdo en Santiago, mientras que hoy viernes también velarán y sepultarán al conocido comerciante Mario Reyes Lobos, quien partió para siempre a la edad de 93 años, luego de dedicar toda su vida al comercio regional y local.
