{"id":29915,"date":"2013-01-29T09:31:01","date_gmt":"2013-01-29T12:31:01","guid":{"rendered":"http:\/\/www.eltrabajo.cl\/portal\/wp-content\/uploads\/2013\/01\/martin-fernandez.jpg"},"modified":"2013-01-29T09:31:01","modified_gmt":"2013-01-29T12:31:01","slug":"martin-fernandez","status":"inherit","type":"attachment","link":"https:\/\/eltrabajo.cl\/portal\/realizaran-zumbathon-para-reunir-fondos-y-comprar-implante-a-nino-quemado\/martin-fernandez\/","title":{"rendered":"Este peque\u00f1o de siete a\u00f1os es m\u00e1s que un luchador, luego de quedar con su rostro, brazos y rodilla desfigurados por el fuego, hoy se enfrenta a un reto mayor, uno en el que t\u00fa tambi\u00e9n puedes participar."},"author":482,"featured_media":0,"comment_status":"open","ping_status":"closed","template":"","meta":{"advanced_seo_description":"","jetpack_seo_html_title":"","jetpack_seo_noindex":false},"class_list":["post-29915","attachment","type-attachment","status-inherit","hentry"],"jetpack_sharing_enabled":true,"jetpack_likes_enabled":true,"description":{"rendered":"<p class=\"attachment\"><a href=\"https:\/\/i0.wp.com\/eltrabajo.cl\/portal\/wp-content\/uploads\/2013\/01\/martin-fernandez.jpg?ssl=1\"><img loading=\"lazy\" decoding=\"async\" width=\"251\" height=\"300\" src=\"https:\/\/i0.wp.com\/eltrabajo.cl\/portal\/wp-content\/uploads\/2013\/01\/martin-fernandez.jpg?fit=251%2C300&amp;ssl=1\" class=\"attachment-medium size-medium\" alt=\"\" srcset=\"https:\/\/i0.wp.com\/eltrabajo.cl\/portal\/wp-content\/uploads\/2013\/01\/martin-fernandez.jpg?w=529&amp;ssl=1 529w, https:\/\/i0.wp.com\/eltrabajo.cl\/portal\/wp-content\/uploads\/2013\/01\/martin-fernandez.jpg?resize=125%2C150&amp;ssl=1 125w, https:\/\/i0.wp.com\/eltrabajo.cl\/portal\/wp-content\/uploads\/2013\/01\/martin-fernandez.jpg?resize=251%2C300&amp;ssl=1 251w, https:\/\/i0.wp.com\/eltrabajo.cl\/portal\/wp-content\/uploads\/2013\/01\/martin-fernandez.jpg?resize=400%2C477&amp;ssl=1 400w\" sizes=\"auto, (max-width: 251px) 100vw, 251px\" \/><\/a><\/p>\n"},"caption":{"rendered":""},"alt_text":"","media_type":"image","mime_type":"image\/jpeg","media_details":{"width":"529","height":"631","hwstring_small":"height='96' width='80'","file":"2013\/01\/martin-fernandez.jpg","sizes":{"thumbnail":{"file":"martin-fernandez-125x150.jpg","width":"125","height":"150","source_url":"https:\/\/i0.wp.com\/eltrabajo.cl\/portal\/wp-content\/uploads\/2013\/01\/martin-fernandez.jpg?fit=125%2C150&ssl=1"},"medium":{"file":"martin-fernandez-251x300.jpg","width":"251","height":"300","source_url":"https:\/\/i0.wp.com\/eltrabajo.cl\/portal\/wp-content\/uploads\/2013\/01\/martin-fernandez.jpg?fit=251%2C300&ssl=1"},"post-thumbnail":{"file":"martin-fernandez-125x150.jpg","width":"125","height":"150","source_url":"https:\/\/i0.wp.com\/eltrabajo.cl\/portal\/wp-content\/uploads\/2013\/01\/martin-fernandez.jpg?fit=125%2C150&ssl=1"},"single-post-thumbnail":{"file":"martin-fernandez-400x477.jpg","width":"400","height":"477","source_url":"https:\/\/eltrabajo.cl\/portal\/wp-content\/uploads\/2013\/01\/martin-fernandez-400x477.jpg"},"full":{"file":"martin-fernandez.jpg?fit=529%2C631&ssl=1","width":529,"height":631,"mime_type":"image\/jpeg","source_url":"https:\/\/i0.wp.com\/eltrabajo.cl\/portal\/wp-content\/uploads\/2013\/01\/martin-fernandez.jpg?fit=529%2C631&ssl=1"}},"image_meta":{"aperture":"0","credit":"","camera":"","caption":"","created_timestamp":"0","copyright":"","focal_length":"0","iso":"0","shutter_speed":"0","title":""}},"post":29914,"source_url":"https:\/\/eltrabajo.cl\/portal\/wp-content\/uploads\/2013\/01\/martin-fernandez.jpg","_links":{"self":[{"href":"https:\/\/eltrabajo.cl\/portal\/wp-json\/wp\/v2\/media\/29915","targetHints":{"allow":["GET"]}}],"collection":[{"href":"https:\/\/eltrabajo.cl\/portal\/wp-json\/wp\/v2\/media"}],"about":[{"href":"https:\/\/eltrabajo.cl\/portal\/wp-json\/wp\/v2\/types\/attachment"}],"author":[{"embeddable":true,"href":"https:\/\/eltrabajo.cl\/portal\/wp-json\/wp\/v2\/users\/482"}],"replies":[{"embeddable":true,"href":"https:\/\/eltrabajo.cl\/portal\/wp-json\/wp\/v2\/comments?post=29915"}],"wp:attached-to":[{"embeddable":true,"post_type":"post","id":29914,"href":"https:\/\/eltrabajo.cl\/portal\/wp-json\/wp\/v2\/posts\/29914"}],"curies":[{"name":"wp","href":"https:\/\/api.w.org\/{rel}","templated":true}]}}

Este pequeño de siete años es más que un luchador, luego de quedar con su rostro, brazos y rodilla desfigurados por el fuego, hoy se enfrenta a un reto mayor, uno en el que tú también puedes participar.
