{"id":30161,"date":"2013-02-04T09:37:16","date_gmt":"2013-02-04T12:37:16","guid":{"rendered":"http:\/\/www.eltrabajo.cl\/portal\/wp-content\/uploads\/2013\/02\/carretera-y-camion-las-minillas-205.jpg"},"modified":"2013-02-04T09:37:16","modified_gmt":"2013-02-04T12:37:16","slug":"carretera-y-camion-las-minillas-205","status":"inherit","type":"attachment","link":"https:\/\/eltrabajo.cl\/portal\/camion-lleva-mas-de-un-mes-abandonado-despues-de-protagonizar-fatal-accidente-en-sector-las-minillas\/carretera-y-camion-las-minillas-205\/","title":{"rendered":"Durante todo este tiempo desconocidos han aprovechado la soledad del lugar para comenzar a sacar algunas partes mec\u00e1nicas del cami\u00f3n, incluidos sus neum\u00e1ticos."},"author":482,"featured_media":0,"comment_status":"open","ping_status":"closed","template":"","meta":{"advanced_seo_description":"","jetpack_seo_html_title":"","jetpack_seo_noindex":false},"class_list":["post-30161","attachment","type-attachment","status-inherit","hentry"],"jetpack_sharing_enabled":true,"jetpack_likes_enabled":true,"description":{"rendered":"<p class=\"attachment\"><a href=\"https:\/\/i0.wp.com\/eltrabajo.cl\/portal\/wp-content\/uploads\/2013\/02\/carretera-y-camion-las-minillas-205.jpg?ssl=1\"><img loading=\"lazy\" decoding=\"async\" width=\"300\" height=\"200\" src=\"https:\/\/i0.wp.com\/eltrabajo.cl\/portal\/wp-content\/uploads\/2013\/02\/carretera-y-camion-las-minillas-205.jpg?fit=300%2C200&amp;ssl=1\" class=\"attachment-medium size-medium\" alt=\"\" srcset=\"https:\/\/i0.wp.com\/eltrabajo.cl\/portal\/wp-content\/uploads\/2013\/02\/carretera-y-camion-las-minillas-205.jpg?w=529&amp;ssl=1 529w, https:\/\/i0.wp.com\/eltrabajo.cl\/portal\/wp-content\/uploads\/2013\/02\/carretera-y-camion-las-minillas-205.jpg?resize=200%2C133&amp;ssl=1 200w, https:\/\/i0.wp.com\/eltrabajo.cl\/portal\/wp-content\/uploads\/2013\/02\/carretera-y-camion-las-minillas-205.jpg?resize=300%2C200&amp;ssl=1 300w, https:\/\/i0.wp.com\/eltrabajo.cl\/portal\/wp-content\/uploads\/2013\/02\/carretera-y-camion-las-minillas-205.jpg?resize=150%2C100&amp;ssl=1 150w, https:\/\/i0.wp.com\/eltrabajo.cl\/portal\/wp-content\/uploads\/2013\/02\/carretera-y-camion-las-minillas-205.jpg?resize=400%2C266&amp;ssl=1 400w\" sizes=\"auto, (max-width: 300px) 100vw, 300px\" \/><\/a><\/p>\n<p>Durante todo este tiempo desconocidos han aprovechado la soledad del lugar para comenzar a sacar algunas partes mec\u00e1nicas del cami\u00f3n, incluidos sus neum\u00e1ticos.<\/p>\n"},"caption":{"rendered":"<p>Durante todo este tiempo desconocidos han aprovechado la soledad del lugar para comenzar a sacar algunas partes mec\u00e1nicas del cami\u00f3n, incluidos sus neum\u00e1ticos.<\/p>\n"},"alt_text":"","media_type":"image","mime_type":"image\/jpeg","media_details":{"width":"529","height":"353","hwstring_small":"height='85' width='128'","file":"2013\/02\/carretera-y-camion-las-minillas-205.jpg","sizes":{"thumbnail":{"file":"carretera-y-camion-las-minillas-205-200x133.jpg","width":"200","height":"133","source_url":"https:\/\/i0.wp.com\/eltrabajo.cl\/portal\/wp-content\/uploads\/2013\/02\/carretera-y-camion-las-minillas-205.jpg?fit=200%2C133&ssl=1"},"medium":{"file":"carretera-y-camion-las-minillas-205-300x200.jpg","width":"300","height":"200","source_url":"https:\/\/i0.wp.com\/eltrabajo.cl\/portal\/wp-content\/uploads\/2013\/02\/carretera-y-camion-las-minillas-205.jpg?fit=300%2C200&ssl=1"},"post-thumbnail":{"file":"carretera-y-camion-las-minillas-205-150x100.jpg","width":"150","height":"100","source_url":"https:\/\/i0.wp.com\/eltrabajo.cl\/portal\/wp-content\/uploads\/2013\/02\/carretera-y-camion-las-minillas-205.jpg?fit=150%2C100&ssl=1"},"single-post-thumbnail":{"file":"carretera-y-camion-las-minillas-205-400x266.jpg","width":"400","height":"266","source_url":"https:\/\/eltrabajo.cl\/portal\/wp-content\/uploads\/2013\/02\/carretera-y-camion-las-minillas-205-400x266.jpg"},"full":{"file":"carretera-y-camion-las-minillas-205.jpg?fit=529%2C353&ssl=1","width":529,"height":353,"mime_type":"image\/jpeg","source_url":"https:\/\/i0.wp.com\/eltrabajo.cl\/portal\/wp-content\/uploads\/2013\/02\/carretera-y-camion-las-minillas-205.jpg?fit=529%2C353&ssl=1"}},"image_meta":{"aperture":"0","credit":"","camera":"","caption":"","created_timestamp":"0","copyright":"[wopmind]","focal_length":"0","iso":"0","shutter_speed":"0","title":""}},"post":30160,"source_url":"https:\/\/eltrabajo.cl\/portal\/wp-content\/uploads\/2013\/02\/carretera-y-camion-las-minillas-205.jpg","_links":{"self":[{"href":"https:\/\/eltrabajo.cl\/portal\/wp-json\/wp\/v2\/media\/30161","targetHints":{"allow":["GET"]}}],"collection":[{"href":"https:\/\/eltrabajo.cl\/portal\/wp-json\/wp\/v2\/media"}],"about":[{"href":"https:\/\/eltrabajo.cl\/portal\/wp-json\/wp\/v2\/types\/attachment"}],"author":[{"embeddable":true,"href":"https:\/\/eltrabajo.cl\/portal\/wp-json\/wp\/v2\/users\/482"}],"replies":[{"embeddable":true,"href":"https:\/\/eltrabajo.cl\/portal\/wp-json\/wp\/v2\/comments?post=30161"}],"wp:attached-to":[{"embeddable":true,"post_type":"post","id":30160,"href":"https:\/\/eltrabajo.cl\/portal\/wp-json\/wp\/v2\/posts\/30160"}],"curies":[{"name":"wp","href":"https:\/\/api.w.org\/{rel}","templated":true}]}}

Durante todo este tiempo desconocidos han aprovechado la soledad del lugar para comenzar a sacar algunas partes mecánicas del camión, incluidos sus neumáticos.

<p class="attachment"><a href="https://i0.wp.com/eltrabajo.cl/portal/wp-content/uploads/2013/02/carretera-y-camion-las-minillas-205.jpg?ssl=1"><img loading="lazy" decoding="async" width="300" height="200" src="https://i0.wp.com/eltrabajo.cl/portal/wp-content/uploads/2013/02/carretera-y-camion-las-minillas-205.jpg?fit=300%2C200&amp;ssl=1" class="attachment-medium size-medium" alt="" srcset="https://i0.wp.com/eltrabajo.cl/portal/wp-content/uploads/2013/02/carretera-y-camion-las-minillas-205.jpg?w=529&amp;ssl=1 529w, https://i0.wp.com/eltrabajo.cl/portal/wp-content/uploads/2013/02/carretera-y-camion-las-minillas-205.jpg?resize=200%2C133&amp;ssl=1 200w, https://i0.wp.com/eltrabajo.cl/portal/wp-content/uploads/2013/02/carretera-y-camion-las-minillas-205.jpg?resize=300%2C200&amp;ssl=1 300w, https://i0.wp.com/eltrabajo.cl/portal/wp-content/uploads/2013/02/carretera-y-camion-las-minillas-205.jpg?resize=150%2C100&amp;ssl=1 150w, https://i0.wp.com/eltrabajo.cl/portal/wp-content/uploads/2013/02/carretera-y-camion-las-minillas-205.jpg?resize=400%2C266&amp;ssl=1 400w" sizes="auto, (max-width: 300px) 100vw, 300px" /></a></p>
<p>Durante todo este tiempo desconocidos han aprovechado la soledad del lugar para comenzar a sacar algunas partes mecánicas del camión, incluidos sus neumáticos.</p>

<p>Durante todo este tiempo desconocidos han aprovechado la soledad del lugar para comenzar a sacar algunas partes mecánicas del camión, incluidos sus neumáticos.</p>
