{"id":30252,"date":"2013-02-05T12:35:34","date_gmt":"2013-02-05T15:35:34","guid":{"rendered":"http:\/\/www.eltrabajo.cl\/portal\/wp-content\/uploads\/2013\/02\/panoramica-hospital.jpg"},"modified":"2013-02-05T12:35:34","modified_gmt":"2013-02-05T15:35:34","slug":"panoramica-hospital","status":"inherit","type":"attachment","link":"https:\/\/eltrabajo.cl\/portal\/hospital-san-camilo-subio-del-5-al-3-puesto-en-evaluacion\/panoramica-hospital\/","title":{"rendered":"El establecimiento obtuvo el primer lugar a nivel de regiones en evaluaci\u00f3n del Ministerio de  Salud que mide sustentabilidad financiera, eficiencia operacional, gesti\u00f3n cl\u00ednica y excelencia en la atenci\u00f3n."},"author":482,"featured_media":0,"comment_status":"open","ping_status":"closed","template":"","meta":{"advanced_seo_description":"","jetpack_seo_html_title":"","jetpack_seo_noindex":false},"class_list":["post-30252","attachment","type-attachment","status-inherit","hentry"],"jetpack_sharing_enabled":true,"jetpack_likes_enabled":true,"description":{"rendered":"<p class=\"attachment\"><a href=\"https:\/\/i0.wp.com\/eltrabajo.cl\/portal\/wp-content\/uploads\/2013\/02\/panoramica-hospital.jpg?ssl=1\"><img loading=\"lazy\" decoding=\"async\" width=\"300\" height=\"118\" src=\"https:\/\/i0.wp.com\/eltrabajo.cl\/portal\/wp-content\/uploads\/2013\/02\/panoramica-hospital.jpg?fit=300%2C118&amp;ssl=1\" class=\"attachment-medium size-medium\" alt=\"\" srcset=\"https:\/\/i0.wp.com\/eltrabajo.cl\/portal\/wp-content\/uploads\/2013\/02\/panoramica-hospital.jpg?w=528&amp;ssl=1 528w, https:\/\/i0.wp.com\/eltrabajo.cl\/portal\/wp-content\/uploads\/2013\/02\/panoramica-hospital.jpg?resize=200%2C78&amp;ssl=1 200w, https:\/\/i0.wp.com\/eltrabajo.cl\/portal\/wp-content\/uploads\/2013\/02\/panoramica-hospital.jpg?resize=300%2C118&amp;ssl=1 300w, https:\/\/i0.wp.com\/eltrabajo.cl\/portal\/wp-content\/uploads\/2013\/02\/panoramica-hospital.jpg?resize=150%2C59&amp;ssl=1 150w, https:\/\/i0.wp.com\/eltrabajo.cl\/portal\/wp-content\/uploads\/2013\/02\/panoramica-hospital.jpg?resize=400%2C157&amp;ssl=1 400w\" sizes=\"auto, (max-width: 300px) 100vw, 300px\" \/><\/a><\/p>\n"},"caption":{"rendered":""},"alt_text":"","media_type":"image","mime_type":"image\/jpeg","media_details":{"width":"528","height":"208","hwstring_small":"height='50' width='128'","file":"2013\/02\/panoramica-hospital.jpg","sizes":{"thumbnail":{"file":"panoramica-hospital-200x78.jpg","width":"200","height":"78","source_url":"https:\/\/i0.wp.com\/eltrabajo.cl\/portal\/wp-content\/uploads\/2013\/02\/panoramica-hospital.jpg?fit=200%2C78&ssl=1"},"medium":{"file":"panoramica-hospital-300x118.jpg","width":"300","height":"118","source_url":"https:\/\/i0.wp.com\/eltrabajo.cl\/portal\/wp-content\/uploads\/2013\/02\/panoramica-hospital.jpg?fit=300%2C118&ssl=1"},"post-thumbnail":{"file":"panoramica-hospital-150x59.jpg","width":"150","height":"59","source_url":"https:\/\/i0.wp.com\/eltrabajo.cl\/portal\/wp-content\/uploads\/2013\/02\/panoramica-hospital.jpg?fit=150%2C59&ssl=1"},"single-post-thumbnail":{"file":"panoramica-hospital-400x157.jpg","width":"400","height":"157","source_url":"https:\/\/eltrabajo.cl\/portal\/wp-content\/uploads\/2013\/02\/panoramica-hospital-400x157.jpg"},"full":{"file":"panoramica-hospital.jpg?fit=528%2C208&ssl=1","width":528,"height":208,"mime_type":"image\/jpeg","source_url":"https:\/\/i0.wp.com\/eltrabajo.cl\/portal\/wp-content\/uploads\/2013\/02\/panoramica-hospital.jpg?fit=528%2C208&ssl=1"}},"image_meta":{"aperture":"0","credit":"","camera":"","caption":"","created_timestamp":"0","copyright":"","focal_length":"0","iso":"0","shutter_speed":"0","title":""}},"post":30251,"source_url":"https:\/\/eltrabajo.cl\/portal\/wp-content\/uploads\/2013\/02\/panoramica-hospital.jpg","_links":{"self":[{"href":"https:\/\/eltrabajo.cl\/portal\/wp-json\/wp\/v2\/media\/30252","targetHints":{"allow":["GET"]}}],"collection":[{"href":"https:\/\/eltrabajo.cl\/portal\/wp-json\/wp\/v2\/media"}],"about":[{"href":"https:\/\/eltrabajo.cl\/portal\/wp-json\/wp\/v2\/types\/attachment"}],"author":[{"embeddable":true,"href":"https:\/\/eltrabajo.cl\/portal\/wp-json\/wp\/v2\/users\/482"}],"replies":[{"embeddable":true,"href":"https:\/\/eltrabajo.cl\/portal\/wp-json\/wp\/v2\/comments?post=30252"}],"wp:attached-to":[{"embeddable":true,"post_type":"post","id":30251,"href":"https:\/\/eltrabajo.cl\/portal\/wp-json\/wp\/v2\/posts\/30251"}],"curies":[{"name":"wp","href":"https:\/\/api.w.org\/{rel}","templated":true}]}}

El establecimiento obtuvo el primer lugar a nivel de regiones en evaluación del Ministerio de  Salud que mide sustentabilidad financiera, eficiencia operacional, gestión clínica y excelencia en la atención.
