{"id":30878,"date":"2013-02-20T10:05:53","date_gmt":"2013-02-20T13:05:53","guid":{"rendered":"http:\/\/www.eltrabajo.cl\/portal\/wp-content\/uploads\/2013\/02\/director-acusado-patricio-quijada.jpg"},"modified":"2013-02-20T10:05:53","modified_gmt":"2013-02-20T13:05:53","slug":"director-acusado-patricio-quijada-2","status":"inherit","type":"attachment","link":"https:\/\/eltrabajo.cl\/portal\/suspension-condicional-caso-de-director-que-pateo-a-alumno-de-10-anos\/director-acusado-patricio-quijada-2\/","title":{"rendered":"Patricio Quijada Soto, quien adem\u00e1s enfrenta un sumario administrativo en la DAEM por el mismo hecho, acept\u00f3 la suspensi\u00f3n condicional del procedimiento por un a\u00f1o tras ser formalizado por lesiones leves tras la denuncia de patear a un alumno de 10 a\u00f1os al interior de la escuela."},"author":1,"featured_media":0,"comment_status":"open","ping_status":"closed","template":"","meta":{"advanced_seo_description":"","jetpack_seo_html_title":"","jetpack_seo_noindex":false},"class_list":["post-30878","attachment","type-attachment","status-inherit","hentry"],"jetpack_sharing_enabled":true,"jetpack_likes_enabled":true,"description":{"rendered":"<p class=\"attachment\"><a href=\"https:\/\/i0.wp.com\/eltrabajo.cl\/portal\/wp-content\/uploads\/2013\/02\/director-acusado-patricio-quijada.jpg?ssl=1\"><img loading=\"lazy\" decoding=\"async\" width=\"271\" height=\"300\" src=\"https:\/\/i0.wp.com\/eltrabajo.cl\/portal\/wp-content\/uploads\/2013\/02\/director-acusado-patricio-quijada.jpg?fit=271%2C300&amp;ssl=1\" class=\"attachment-medium size-medium\" alt=\"\" srcset=\"https:\/\/i0.wp.com\/eltrabajo.cl\/portal\/wp-content\/uploads\/2013\/02\/director-acusado-patricio-quijada.jpg?w=529&amp;ssl=1 529w, https:\/\/i0.wp.com\/eltrabajo.cl\/portal\/wp-content\/uploads\/2013\/02\/director-acusado-patricio-quijada.jpg?resize=135%2C150&amp;ssl=1 135w, https:\/\/i0.wp.com\/eltrabajo.cl\/portal\/wp-content\/uploads\/2013\/02\/director-acusado-patricio-quijada.jpg?resize=271%2C300&amp;ssl=1 271w, https:\/\/i0.wp.com\/eltrabajo.cl\/portal\/wp-content\/uploads\/2013\/02\/director-acusado-patricio-quijada.jpg?resize=400%2C441&amp;ssl=1 400w\" sizes=\"auto, (max-width: 271px) 100vw, 271px\" \/><\/a><\/p>\n<p>Patricio Quijada Soto, quien adem\u00e1s enfrenta un sumario administrativo en la DAEM por el mismo hecho, acept\u00f3 la suspensi\u00f3n condicional del procedimiento por un a\u00f1o tras ser formalizado por lesiones leves tras la denuncia de patear a un alumno de 10 a\u00f1os al interior de la escuela.<\/p>\n"},"caption":{"rendered":"<p>Patricio Quijada Soto, quien adem\u00e1s enfrenta un sumario administrativo en la DAEM por el mismo hecho, acept\u00f3 la suspensi\u00f3n condicional del procedimiento por un a\u00f1o tras ser formalizado por lesiones leves tras la denuncia de patear a un alumno de 10 a\u00f1os al interior de la escuela.<\/p>\n"},"alt_text":"","media_type":"image","mime_type":"image\/jpeg","media_details":{"width":"529","height":"584","hwstring_small":"height='96' width='86'","file":"2013\/02\/director-acusado-patricio-quijada.jpg","sizes":{"thumbnail":{"file":"director-acusado-patricio-quijada-135x150.jpg","width":"135","height":"150","source_url":"https:\/\/i0.wp.com\/eltrabajo.cl\/portal\/wp-content\/uploads\/2013\/02\/director-acusado-patricio-quijada.jpg?fit=135%2C150&ssl=1"},"medium":{"file":"director-acusado-patricio-quijada-271x300.jpg","width":"271","height":"300","source_url":"https:\/\/i0.wp.com\/eltrabajo.cl\/portal\/wp-content\/uploads\/2013\/02\/director-acusado-patricio-quijada.jpg?fit=271%2C300&ssl=1"},"post-thumbnail":{"file":"director-acusado-patricio-quijada-135x150.jpg","width":"135","height":"150","source_url":"https:\/\/i0.wp.com\/eltrabajo.cl\/portal\/wp-content\/uploads\/2013\/02\/director-acusado-patricio-quijada.jpg?fit=135%2C150&ssl=1"},"single-post-thumbnail":{"file":"director-acusado-patricio-quijada-400x441.jpg","width":"400","height":"441","source_url":"https:\/\/eltrabajo.cl\/portal\/wp-content\/uploads\/2013\/02\/director-acusado-patricio-quijada-400x441.jpg"},"full":{"file":"director-acusado-patricio-quijada.jpg?fit=529%2C584&ssl=1","width":529,"height":584,"mime_type":"image\/jpeg","source_url":"https:\/\/i0.wp.com\/eltrabajo.cl\/portal\/wp-content\/uploads\/2013\/02\/director-acusado-patricio-quijada.jpg?fit=529%2C584&ssl=1"}},"image_meta":{"aperture":"0","credit":"","camera":"","caption":"","created_timestamp":"0","copyright":"","focal_length":"0","iso":"0","shutter_speed":"0","title":""}},"post":30877,"source_url":"https:\/\/eltrabajo.cl\/portal\/wp-content\/uploads\/2013\/02\/director-acusado-patricio-quijada.jpg","_links":{"self":[{"href":"https:\/\/eltrabajo.cl\/portal\/wp-json\/wp\/v2\/media\/30878","targetHints":{"allow":["GET"]}}],"collection":[{"href":"https:\/\/eltrabajo.cl\/portal\/wp-json\/wp\/v2\/media"}],"about":[{"href":"https:\/\/eltrabajo.cl\/portal\/wp-json\/wp\/v2\/types\/attachment"}],"author":[{"embeddable":true,"href":"https:\/\/eltrabajo.cl\/portal\/wp-json\/wp\/v2\/users\/1"}],"replies":[{"embeddable":true,"href":"https:\/\/eltrabajo.cl\/portal\/wp-json\/wp\/v2\/comments?post=30878"}],"wp:attached-to":[{"embeddable":true,"post_type":"post","id":30877,"href":"https:\/\/eltrabajo.cl\/portal\/wp-json\/wp\/v2\/posts\/30877"}],"curies":[{"name":"wp","href":"https:\/\/api.w.org\/{rel}","templated":true}]}}

Patricio Quijada Soto, quien además enfrenta un sumario administrativo en la DAEM por el mismo hecho, aceptó la suspensión condicional del procedimiento por un año tras ser formalizado por lesiones leves tras la denuncia de patear a un alumno de 10 años al interior de la escuela.

<p class="attachment"><a href="https://i0.wp.com/eltrabajo.cl/portal/wp-content/uploads/2013/02/director-acusado-patricio-quijada.jpg?ssl=1"><img loading="lazy" decoding="async" width="271" height="300" src="https://i0.wp.com/eltrabajo.cl/portal/wp-content/uploads/2013/02/director-acusado-patricio-quijada.jpg?fit=271%2C300&amp;ssl=1" class="attachment-medium size-medium" alt="" srcset="https://i0.wp.com/eltrabajo.cl/portal/wp-content/uploads/2013/02/director-acusado-patricio-quijada.jpg?w=529&amp;ssl=1 529w, https://i0.wp.com/eltrabajo.cl/portal/wp-content/uploads/2013/02/director-acusado-patricio-quijada.jpg?resize=135%2C150&amp;ssl=1 135w, https://i0.wp.com/eltrabajo.cl/portal/wp-content/uploads/2013/02/director-acusado-patricio-quijada.jpg?resize=271%2C300&amp;ssl=1 271w, https://i0.wp.com/eltrabajo.cl/portal/wp-content/uploads/2013/02/director-acusado-patricio-quijada.jpg?resize=400%2C441&amp;ssl=1 400w" sizes="auto, (max-width: 271px) 100vw, 271px" /></a></p>
<p>Patricio Quijada Soto, quien además enfrenta un sumario administrativo en la DAEM por el mismo hecho, aceptó la suspensión condicional del procedimiento por un año tras ser formalizado por lesiones leves tras la denuncia de patear a un alumno de 10 años al interior de la escuela.</p>

<p>Patricio Quijada Soto, quien además enfrenta un sumario administrativo en la DAEM por el mismo hecho, aceptó la suspensión condicional del procedimiento por un año tras ser formalizado por lesiones leves tras la denuncia de patear a un alumno de 10 años al interior de la escuela.</p>
