{"id":30965,"date":"2013-02-22T10:12:38","date_gmt":"2013-02-22T13:12:38","guid":{"rendered":"http:\/\/www.eltrabajo.cl\/portal\/wp-content\/uploads\/2013\/02\/fotodenuncia.jpg"},"modified":"2013-02-22T10:12:38","modified_gmt":"2013-02-22T13:12:38","slug":"fotodenuncia","status":"inherit","type":"attachment","link":"https:\/\/eltrabajo.cl\/portal\/peligroso-evento-es-un-riesgo-para-automovilistas-en-rinconada-de-silva\/fotodenuncia\/","title":{"rendered":"A trav\u00e9s de esta foto denuncia, esperamos que quien corresponda, sea Vialidad o el municipio, puedan intervenir lo antes posible para tapar como corresponde este peligroso hoyo, que adem\u00e1s d\u00eda a d\u00eda crece en di\u00e1metro y profundidad."},"author":1,"featured_media":0,"comment_status":"open","ping_status":"closed","template":"","meta":{"advanced_seo_description":"","jetpack_seo_html_title":"","jetpack_seo_noindex":false},"class_list":["post-30965","attachment","type-attachment","status-inherit","hentry"],"jetpack_sharing_enabled":true,"jetpack_likes_enabled":true,"description":{"rendered":"<p class=\"attachment\"><a href=\"https:\/\/i0.wp.com\/eltrabajo.cl\/portal\/wp-content\/uploads\/2013\/02\/fotodenuncia.jpg?ssl=1\"><img loading=\"lazy\" decoding=\"async\" width=\"300\" height=\"200\" src=\"https:\/\/i0.wp.com\/eltrabajo.cl\/portal\/wp-content\/uploads\/2013\/02\/fotodenuncia.jpg?fit=300%2C200&amp;ssl=1\" class=\"attachment-medium size-medium\" alt=\"\" srcset=\"https:\/\/i0.wp.com\/eltrabajo.cl\/portal\/wp-content\/uploads\/2013\/02\/fotodenuncia.jpg?w=529&amp;ssl=1 529w, https:\/\/i0.wp.com\/eltrabajo.cl\/portal\/wp-content\/uploads\/2013\/02\/fotodenuncia.jpg?resize=200%2C133&amp;ssl=1 200w, https:\/\/i0.wp.com\/eltrabajo.cl\/portal\/wp-content\/uploads\/2013\/02\/fotodenuncia.jpg?resize=300%2C200&amp;ssl=1 300w, https:\/\/i0.wp.com\/eltrabajo.cl\/portal\/wp-content\/uploads\/2013\/02\/fotodenuncia.jpg?resize=150%2C100&amp;ssl=1 150w, https:\/\/i0.wp.com\/eltrabajo.cl\/portal\/wp-content\/uploads\/2013\/02\/fotodenuncia.jpg?resize=400%2C266&amp;ssl=1 400w\" sizes=\"auto, (max-width: 300px) 100vw, 300px\" \/><\/a><\/p>\n<p>A trav\u00e9s de esta foto denuncia, esperamos que quien corresponda, sea Vialidad o el municipio, puedan intervenir lo antes posible para tapar como corresponde este peligroso hoyo, que adem\u00e1s d\u00eda a d\u00eda crece en di\u00e1metro y profundidad.<\/p>\n"},"caption":{"rendered":"<p>A trav\u00e9s de esta foto denuncia, esperamos que quien corresponda, sea Vialidad o el municipio, puedan intervenir lo antes posible para tapar como corresponde este peligroso hoyo, que adem\u00e1s d\u00eda a d\u00eda crece en di\u00e1metro y profundidad.<\/p>\n"},"alt_text":"","media_type":"image","mime_type":"image\/jpeg","media_details":{"width":"529","height":"353","hwstring_small":"height='85' width='128'","file":"2013\/02\/fotodenuncia.jpg","sizes":{"thumbnail":{"file":"fotodenuncia-200x133.jpg","width":"200","height":"133","source_url":"https:\/\/i0.wp.com\/eltrabajo.cl\/portal\/wp-content\/uploads\/2013\/02\/fotodenuncia.jpg?fit=200%2C133&ssl=1"},"medium":{"file":"fotodenuncia-300x200.jpg","width":"300","height":"200","source_url":"https:\/\/i0.wp.com\/eltrabajo.cl\/portal\/wp-content\/uploads\/2013\/02\/fotodenuncia.jpg?fit=300%2C200&ssl=1"},"post-thumbnail":{"file":"fotodenuncia-150x100.jpg","width":"150","height":"100","source_url":"https:\/\/i0.wp.com\/eltrabajo.cl\/portal\/wp-content\/uploads\/2013\/02\/fotodenuncia.jpg?fit=150%2C100&ssl=1"},"single-post-thumbnail":{"file":"fotodenuncia-400x266.jpg","width":"400","height":"266","source_url":"https:\/\/eltrabajo.cl\/portal\/wp-content\/uploads\/2013\/02\/fotodenuncia-400x266.jpg"},"full":{"file":"fotodenuncia.jpg?fit=529%2C353&ssl=1","width":529,"height":353,"mime_type":"image\/jpeg","source_url":"https:\/\/i0.wp.com\/eltrabajo.cl\/portal\/wp-content\/uploads\/2013\/02\/fotodenuncia.jpg?fit=529%2C353&ssl=1"}},"image_meta":{"aperture":"0","credit":"","camera":"","caption":"","created_timestamp":"0","copyright":"[wopmind]","focal_length":"0","iso":"0","shutter_speed":"0","title":""}},"post":30964,"source_url":"https:\/\/eltrabajo.cl\/portal\/wp-content\/uploads\/2013\/02\/fotodenuncia.jpg","_links":{"self":[{"href":"https:\/\/eltrabajo.cl\/portal\/wp-json\/wp\/v2\/media\/30965","targetHints":{"allow":["GET"]}}],"collection":[{"href":"https:\/\/eltrabajo.cl\/portal\/wp-json\/wp\/v2\/media"}],"about":[{"href":"https:\/\/eltrabajo.cl\/portal\/wp-json\/wp\/v2\/types\/attachment"}],"author":[{"embeddable":true,"href":"https:\/\/eltrabajo.cl\/portal\/wp-json\/wp\/v2\/users\/1"}],"replies":[{"embeddable":true,"href":"https:\/\/eltrabajo.cl\/portal\/wp-json\/wp\/v2\/comments?post=30965"}],"wp:attached-to":[{"embeddable":true,"post_type":"post","id":30964,"href":"https:\/\/eltrabajo.cl\/portal\/wp-json\/wp\/v2\/posts\/30964"}],"curies":[{"name":"wp","href":"https:\/\/api.w.org\/{rel}","templated":true}]}}

A través de esta foto denuncia, esperamos que quien corresponda, sea Vialidad o el municipio, puedan intervenir lo antes posible para tapar como corresponde este peligroso hoyo, que además día a día crece en diámetro y profundidad.

<p class="attachment"><a href="https://i0.wp.com/eltrabajo.cl/portal/wp-content/uploads/2013/02/fotodenuncia.jpg?ssl=1"><img loading="lazy" decoding="async" width="300" height="200" src="https://i0.wp.com/eltrabajo.cl/portal/wp-content/uploads/2013/02/fotodenuncia.jpg?fit=300%2C200&amp;ssl=1" class="attachment-medium size-medium" alt="" srcset="https://i0.wp.com/eltrabajo.cl/portal/wp-content/uploads/2013/02/fotodenuncia.jpg?w=529&amp;ssl=1 529w, https://i0.wp.com/eltrabajo.cl/portal/wp-content/uploads/2013/02/fotodenuncia.jpg?resize=200%2C133&amp;ssl=1 200w, https://i0.wp.com/eltrabajo.cl/portal/wp-content/uploads/2013/02/fotodenuncia.jpg?resize=300%2C200&amp;ssl=1 300w, https://i0.wp.com/eltrabajo.cl/portal/wp-content/uploads/2013/02/fotodenuncia.jpg?resize=150%2C100&amp;ssl=1 150w, https://i0.wp.com/eltrabajo.cl/portal/wp-content/uploads/2013/02/fotodenuncia.jpg?resize=400%2C266&amp;ssl=1 400w" sizes="auto, (max-width: 300px) 100vw, 300px" /></a></p>
<p>A través de esta foto denuncia, esperamos que quien corresponda, sea Vialidad o el municipio, puedan intervenir lo antes posible para tapar como corresponde este peligroso hoyo, que además día a día crece en diámetro y profundidad.</p>

<p>A través de esta foto denuncia, esperamos que quien corresponda, sea Vialidad o el municipio, puedan intervenir lo antes posible para tapar como corresponde este peligroso hoyo, que además día a día crece en diámetro y profundidad.</p>
