{"id":31079,"date":"2013-02-25T10:28:52","date_gmt":"2013-02-25T13:28:52","guid":{"rendered":"http:\/\/www.eltrabajo.cl\/portal\/wp-content\/uploads\/2013\/02\/choque-auto-casa-porta.jpg"},"modified":"2013-02-25T10:28:52","modified_gmt":"2013-02-25T13:28:52","slug":"choque-auto-casa-porta","status":"inherit","type":"attachment","link":"https:\/\/eltrabajo.cl\/portal\/conductor-muere-tras-volcar-e-incrustarse-en-una-vivienda-de-adobe\/choque-auto-casa-porta\/","title":{"rendered":"Fue tal la violencia del choque que el veh\u00edculo derrib\u00f3 la pared e ingres\u00f3 hasta el dormitorio donde se encontraba la due\u00f1a de la casa Juana Mes\u00edas Roco de 68 a\u00f1os, quien a esa hora se encontraba durmiendo."},"author":482,"featured_media":0,"comment_status":"open","ping_status":"closed","template":"","meta":{"advanced_seo_description":"","jetpack_seo_html_title":"","jetpack_seo_noindex":false},"class_list":["post-31079","attachment","type-attachment","status-inherit","hentry"],"jetpack_sharing_enabled":true,"jetpack_likes_enabled":true,"description":{"rendered":"<p class=\"attachment\"><a href=\"https:\/\/i0.wp.com\/eltrabajo.cl\/portal\/wp-content\/uploads\/2013\/02\/choque-auto-casa-porta.jpg?ssl=1\"><img loading=\"lazy\" decoding=\"async\" width=\"300\" height=\"179\" src=\"https:\/\/i0.wp.com\/eltrabajo.cl\/portal\/wp-content\/uploads\/2013\/02\/choque-auto-casa-porta.jpg?fit=300%2C179&amp;ssl=1\" class=\"attachment-medium size-medium\" alt=\"\" srcset=\"https:\/\/i0.wp.com\/eltrabajo.cl\/portal\/wp-content\/uploads\/2013\/02\/choque-auto-casa-porta.jpg?w=529&amp;ssl=1 529w, https:\/\/i0.wp.com\/eltrabajo.cl\/portal\/wp-content\/uploads\/2013\/02\/choque-auto-casa-porta.jpg?resize=200%2C119&amp;ssl=1 200w, https:\/\/i0.wp.com\/eltrabajo.cl\/portal\/wp-content\/uploads\/2013\/02\/choque-auto-casa-porta.jpg?resize=300%2C179&amp;ssl=1 300w, https:\/\/i0.wp.com\/eltrabajo.cl\/portal\/wp-content\/uploads\/2013\/02\/choque-auto-casa-porta.jpg?resize=150%2C89&amp;ssl=1 150w, https:\/\/i0.wp.com\/eltrabajo.cl\/portal\/wp-content\/uploads\/2013\/02\/choque-auto-casa-porta.jpg?resize=400%2C238&amp;ssl=1 400w\" sizes=\"auto, (max-width: 300px) 100vw, 300px\" \/><\/a><\/p>\n<p>Fue tal la violencia del choque que el veh\u00edculo derrib\u00f3 la pared e ingres\u00f3 hasta el dormitorio donde se encontraba la due\u00f1a de la casa Juana Mes\u00edas Roco de 68 a\u00f1os, quien a esa hora se encontraba durmiendo.<\/p>\n"},"caption":{"rendered":"<p>Fue tal la violencia del choque que el veh\u00edculo derrib\u00f3 la pared e ingres\u00f3 hasta el dormitorio donde se encontraba la due\u00f1a de la casa Juana Mes\u00edas Roco de 68 a\u00f1os, quien a esa hora se encontraba durmiendo.<\/p>\n"},"alt_text":"","media_type":"image","mime_type":"image\/jpeg","media_details":{"width":"529","height":"316","hwstring_small":"height='76' width='128'","file":"2013\/02\/choque-auto-casa-porta.jpg","sizes":{"thumbnail":{"file":"choque-auto-casa-porta-200x119.jpg","width":"200","height":"119","source_url":"https:\/\/i0.wp.com\/eltrabajo.cl\/portal\/wp-content\/uploads\/2013\/02\/choque-auto-casa-porta.jpg?fit=200%2C119&ssl=1"},"medium":{"file":"choque-auto-casa-porta-300x179.jpg","width":"300","height":"179","source_url":"https:\/\/i0.wp.com\/eltrabajo.cl\/portal\/wp-content\/uploads\/2013\/02\/choque-auto-casa-porta.jpg?fit=300%2C179&ssl=1"},"post-thumbnail":{"file":"choque-auto-casa-porta-150x89.jpg","width":"150","height":"89","source_url":"https:\/\/i0.wp.com\/eltrabajo.cl\/portal\/wp-content\/uploads\/2013\/02\/choque-auto-casa-porta.jpg?fit=150%2C89&ssl=1"},"single-post-thumbnail":{"file":"choque-auto-casa-porta-400x238.jpg","width":"400","height":"238","source_url":"https:\/\/eltrabajo.cl\/portal\/wp-content\/uploads\/2013\/02\/choque-auto-casa-porta-400x238.jpg"},"full":{"file":"choque-auto-casa-porta.jpg?fit=529%2C316&ssl=1","width":529,"height":316,"mime_type":"image\/jpeg","source_url":"https:\/\/i0.wp.com\/eltrabajo.cl\/portal\/wp-content\/uploads\/2013\/02\/choque-auto-casa-porta.jpg?fit=529%2C316&ssl=1"}},"image_meta":{"aperture":"0","credit":"","camera":"","caption":"","created_timestamp":"0","copyright":"","focal_length":"0","iso":"0","shutter_speed":"0","title":""}},"post":31078,"source_url":"https:\/\/eltrabajo.cl\/portal\/wp-content\/uploads\/2013\/02\/choque-auto-casa-porta.jpg","_links":{"self":[{"href":"https:\/\/eltrabajo.cl\/portal\/wp-json\/wp\/v2\/media\/31079","targetHints":{"allow":["GET"]}}],"collection":[{"href":"https:\/\/eltrabajo.cl\/portal\/wp-json\/wp\/v2\/media"}],"about":[{"href":"https:\/\/eltrabajo.cl\/portal\/wp-json\/wp\/v2\/types\/attachment"}],"author":[{"embeddable":true,"href":"https:\/\/eltrabajo.cl\/portal\/wp-json\/wp\/v2\/users\/482"}],"replies":[{"embeddable":true,"href":"https:\/\/eltrabajo.cl\/portal\/wp-json\/wp\/v2\/comments?post=31079"}],"wp:attached-to":[{"embeddable":true,"post_type":"post","id":31078,"href":"https:\/\/eltrabajo.cl\/portal\/wp-json\/wp\/v2\/posts\/31078"}],"curies":[{"name":"wp","href":"https:\/\/api.w.org\/{rel}","templated":true}]}}

Fue tal la violencia del choque que el vehículo derribó la pared e ingresó hasta el dormitorio donde se encontraba la dueña de la casa Juana Mesías Roco de 68 años, quien a esa hora se encontraba durmiendo.

<p class="attachment"><a href="https://i0.wp.com/eltrabajo.cl/portal/wp-content/uploads/2013/02/choque-auto-casa-porta.jpg?ssl=1"><img loading="lazy" decoding="async" width="300" height="179" src="https://i0.wp.com/eltrabajo.cl/portal/wp-content/uploads/2013/02/choque-auto-casa-porta.jpg?fit=300%2C179&amp;ssl=1" class="attachment-medium size-medium" alt="" srcset="https://i0.wp.com/eltrabajo.cl/portal/wp-content/uploads/2013/02/choque-auto-casa-porta.jpg?w=529&amp;ssl=1 529w, https://i0.wp.com/eltrabajo.cl/portal/wp-content/uploads/2013/02/choque-auto-casa-porta.jpg?resize=200%2C119&amp;ssl=1 200w, https://i0.wp.com/eltrabajo.cl/portal/wp-content/uploads/2013/02/choque-auto-casa-porta.jpg?resize=300%2C179&amp;ssl=1 300w, https://i0.wp.com/eltrabajo.cl/portal/wp-content/uploads/2013/02/choque-auto-casa-porta.jpg?resize=150%2C89&amp;ssl=1 150w, https://i0.wp.com/eltrabajo.cl/portal/wp-content/uploads/2013/02/choque-auto-casa-porta.jpg?resize=400%2C238&amp;ssl=1 400w" sizes="auto, (max-width: 300px) 100vw, 300px" /></a></p>
<p>Fue tal la violencia del choque que el vehículo derribó la pared e ingresó hasta el dormitorio donde se encontraba la dueña de la casa Juana Mesías Roco de 68 años, quien a esa hora se encontraba durmiendo.</p>

<p>Fue tal la violencia del choque que el vehículo derribó la pared e ingresó hasta el dormitorio donde se encontraba la dueña de la casa Juana Mesías Roco de 68 años, quien a esa hora se encontraba durmiendo.</p>
