{"id":31128,"date":"2013-02-26T09:57:52","date_gmt":"2013-02-26T12:57:52","guid":{"rendered":"http:\/\/www.eltrabajo.cl\/portal\/wp-content\/uploads\/2013\/02\/capitan-maureira.jpg"},"modified":"2013-02-26T09:57:52","modified_gmt":"2013-02-26T12:57:52","slug":"capitan-maureira","status":"inherit","type":"attachment","link":"https:\/\/eltrabajo.cl\/portal\/carabineros-incauto-armas-de-fuego-drogas-y-un-vehiculo-en-llay-llay\/capitan-maureira\/","title":{"rendered":"El Capit\u00e1n Felipe Maureira destac\u00f3 las diligencias de Carabineros, incaut\u00e1ndose las armas de fuegos, municiones, drogas, dinero en efectivo y un veh\u00edculo en poder de esta pareja delictiva en Llay Llay."},"author":1,"featured_media":0,"comment_status":"open","ping_status":"closed","template":"","meta":{"advanced_seo_description":"","jetpack_seo_html_title":"","jetpack_seo_noindex":false},"class_list":["post-31128","attachment","type-attachment","status-inherit","hentry"],"jetpack_sharing_enabled":true,"jetpack_likes_enabled":true,"description":{"rendered":"<p class=\"attachment\"><a href=\"https:\/\/i0.wp.com\/eltrabajo.cl\/portal\/wp-content\/uploads\/2013\/02\/capitan-maureira.jpg?ssl=1\"><img loading=\"lazy\" decoding=\"async\" width=\"300\" height=\"300\" src=\"https:\/\/i0.wp.com\/eltrabajo.cl\/portal\/wp-content\/uploads\/2013\/02\/capitan-maureira.jpg?fit=300%2C300&amp;ssl=1\" class=\"attachment-medium size-medium\" alt=\"\" srcset=\"https:\/\/i0.wp.com\/eltrabajo.cl\/portal\/wp-content\/uploads\/2013\/02\/capitan-maureira.jpg?w=530&amp;ssl=1 530w, https:\/\/i0.wp.com\/eltrabajo.cl\/portal\/wp-content\/uploads\/2013\/02\/capitan-maureira.jpg?resize=150%2C150&amp;ssl=1 150w, https:\/\/i0.wp.com\/eltrabajo.cl\/portal\/wp-content\/uploads\/2013\/02\/capitan-maureira.jpg?resize=300%2C300&amp;ssl=1 300w, https:\/\/i0.wp.com\/eltrabajo.cl\/portal\/wp-content\/uploads\/2013\/02\/capitan-maureira.jpg?resize=400%2C400&amp;ssl=1 400w\" sizes=\"auto, (max-width: 300px) 100vw, 300px\" \/><\/a><\/p>\n"},"caption":{"rendered":""},"alt_text":"","media_type":"image","mime_type":"image\/jpeg","media_details":{"width":"530","height":"530","hwstring_small":"height='96' width='96'","file":"2013\/02\/capitan-maureira.jpg","sizes":{"thumbnail":{"file":"capitan-maureira-150x150.jpg","width":"150","height":"150","source_url":"https:\/\/i0.wp.com\/eltrabajo.cl\/portal\/wp-content\/uploads\/2013\/02\/capitan-maureira.jpg?fit=150%2C150&ssl=1"},"medium":{"file":"capitan-maureira-300x300.jpg","width":"300","height":"300","source_url":"https:\/\/i0.wp.com\/eltrabajo.cl\/portal\/wp-content\/uploads\/2013\/02\/capitan-maureira.jpg?fit=300%2C300&ssl=1"},"post-thumbnail":{"file":"capitan-maureira-150x150.jpg","width":"150","height":"150","source_url":"https:\/\/i0.wp.com\/eltrabajo.cl\/portal\/wp-content\/uploads\/2013\/02\/capitan-maureira.jpg?fit=150%2C150&ssl=1"},"single-post-thumbnail":{"file":"capitan-maureira-400x400.jpg","width":"400","height":"400","source_url":"https:\/\/eltrabajo.cl\/portal\/wp-content\/uploads\/2013\/02\/capitan-maureira-400x400.jpg"},"full":{"file":"capitan-maureira.jpg?fit=530%2C530&ssl=1","width":530,"height":530,"mime_type":"image\/jpeg","source_url":"https:\/\/i0.wp.com\/eltrabajo.cl\/portal\/wp-content\/uploads\/2013\/02\/capitan-maureira.jpg?fit=530%2C530&ssl=1"}},"image_meta":{"aperture":"0","credit":"","camera":"","caption":"","created_timestamp":"0","copyright":"","focal_length":"0","iso":"0","shutter_speed":"0","title":""}},"post":31126,"source_url":"https:\/\/eltrabajo.cl\/portal\/wp-content\/uploads\/2013\/02\/capitan-maureira.jpg","_links":{"self":[{"href":"https:\/\/eltrabajo.cl\/portal\/wp-json\/wp\/v2\/media\/31128","targetHints":{"allow":["GET"]}}],"collection":[{"href":"https:\/\/eltrabajo.cl\/portal\/wp-json\/wp\/v2\/media"}],"about":[{"href":"https:\/\/eltrabajo.cl\/portal\/wp-json\/wp\/v2\/types\/attachment"}],"author":[{"embeddable":true,"href":"https:\/\/eltrabajo.cl\/portal\/wp-json\/wp\/v2\/users\/1"}],"replies":[{"embeddable":true,"href":"https:\/\/eltrabajo.cl\/portal\/wp-json\/wp\/v2\/comments?post=31128"}],"wp:attached-to":[{"embeddable":true,"post_type":"post","id":31126,"href":"https:\/\/eltrabajo.cl\/portal\/wp-json\/wp\/v2\/posts\/31126"}],"curies":[{"name":"wp","href":"https:\/\/api.w.org\/{rel}","templated":true}]}}

El Capitán Felipe Maureira destacó las diligencias de Carabineros, incautándose las armas de fuegos, municiones, drogas, dinero en efectivo y un vehículo en poder de esta pareja delictiva en Llay Llay.
