{"id":31181,"date":"2013-02-27T09:15:21","date_gmt":"2013-02-27T12:15:21","guid":{"rendered":"http:\/\/www.eltrabajo.cl\/portal\/wp-content\/uploads\/2013\/02\/semaforos-1.jpg"},"modified":"2013-02-27T09:15:21","modified_gmt":"2013-02-27T12:15:21","slug":"semaforos-1","status":"inherit","type":"attachment","link":"https:\/\/eltrabajo.cl\/portal\/semaforos-regularan-el-flujo-de-transito-en-el-sector-yungay\/semaforos-1\/","title":{"rendered":"Los sem\u00e1foros son de \u00faltima generaci\u00f3n, con sistema de se\u00f1ales Led, se\u00f1al\u00f3 Guillermo Orellana."},"author":482,"featured_media":0,"comment_status":"open","ping_status":"closed","template":"","meta":{"advanced_seo_description":"","jetpack_seo_html_title":"","jetpack_seo_noindex":false},"class_list":["post-31181","attachment","type-attachment","status-inherit","hentry"],"jetpack_sharing_enabled":true,"jetpack_likes_enabled":true,"description":{"rendered":"<p class=\"attachment\"><a href=\"https:\/\/i0.wp.com\/eltrabajo.cl\/portal\/wp-content\/uploads\/2013\/02\/semaforos-1.jpg?ssl=1\"><img loading=\"lazy\" decoding=\"async\" width=\"300\" height=\"216\" src=\"https:\/\/i0.wp.com\/eltrabajo.cl\/portal\/wp-content\/uploads\/2013\/02\/semaforos-1.jpg?fit=300%2C216&amp;ssl=1\" class=\"attachment-medium size-medium\" alt=\"\" srcset=\"https:\/\/i0.wp.com\/eltrabajo.cl\/portal\/wp-content\/uploads\/2013\/02\/semaforos-1.jpg?w=528&amp;ssl=1 528w, https:\/\/i0.wp.com\/eltrabajo.cl\/portal\/wp-content\/uploads\/2013\/02\/semaforos-1.jpg?resize=200%2C144&amp;ssl=1 200w, https:\/\/i0.wp.com\/eltrabajo.cl\/portal\/wp-content\/uploads\/2013\/02\/semaforos-1.jpg?resize=300%2C216&amp;ssl=1 300w, https:\/\/i0.wp.com\/eltrabajo.cl\/portal\/wp-content\/uploads\/2013\/02\/semaforos-1.jpg?resize=150%2C108&amp;ssl=1 150w, https:\/\/i0.wp.com\/eltrabajo.cl\/portal\/wp-content\/uploads\/2013\/02\/semaforos-1.jpg?resize=400%2C288&amp;ssl=1 400w\" sizes=\"auto, (max-width: 300px) 100vw, 300px\" \/><\/a><\/p>\n"},"caption":{"rendered":""},"alt_text":"","media_type":"image","mime_type":"image\/jpeg","media_details":{"width":"528","height":"381","hwstring_small":"height='92' width='128'","file":"2013\/02\/semaforos-1.jpg","sizes":{"thumbnail":{"file":"semaforos-1-200x144.jpg","width":"200","height":"144","source_url":"https:\/\/i0.wp.com\/eltrabajo.cl\/portal\/wp-content\/uploads\/2013\/02\/semaforos-1.jpg?fit=200%2C144&ssl=1"},"medium":{"file":"semaforos-1-300x216.jpg","width":"300","height":"216","source_url":"https:\/\/i0.wp.com\/eltrabajo.cl\/portal\/wp-content\/uploads\/2013\/02\/semaforos-1.jpg?fit=300%2C216&ssl=1"},"post-thumbnail":{"file":"semaforos-1-150x108.jpg","width":"150","height":"108","source_url":"https:\/\/i0.wp.com\/eltrabajo.cl\/portal\/wp-content\/uploads\/2013\/02\/semaforos-1.jpg?fit=150%2C108&ssl=1"},"single-post-thumbnail":{"file":"semaforos-1-400x288.jpg","width":"400","height":"288","source_url":"https:\/\/eltrabajo.cl\/portal\/wp-content\/uploads\/2013\/02\/semaforos-1-400x288.jpg"},"full":{"file":"semaforos-1.jpg?fit=528%2C381&ssl=1","width":528,"height":381,"mime_type":"image\/jpeg","source_url":"https:\/\/i0.wp.com\/eltrabajo.cl\/portal\/wp-content\/uploads\/2013\/02\/semaforos-1.jpg?fit=528%2C381&ssl=1"}},"image_meta":{"aperture":"0","credit":"","camera":"","caption":"","created_timestamp":"0","copyright":"","focal_length":"0","iso":"0","shutter_speed":"0","title":""}},"post":31179,"source_url":"https:\/\/eltrabajo.cl\/portal\/wp-content\/uploads\/2013\/02\/semaforos-1.jpg","_links":{"self":[{"href":"https:\/\/eltrabajo.cl\/portal\/wp-json\/wp\/v2\/media\/31181","targetHints":{"allow":["GET"]}}],"collection":[{"href":"https:\/\/eltrabajo.cl\/portal\/wp-json\/wp\/v2\/media"}],"about":[{"href":"https:\/\/eltrabajo.cl\/portal\/wp-json\/wp\/v2\/types\/attachment"}],"author":[{"embeddable":true,"href":"https:\/\/eltrabajo.cl\/portal\/wp-json\/wp\/v2\/users\/482"}],"replies":[{"embeddable":true,"href":"https:\/\/eltrabajo.cl\/portal\/wp-json\/wp\/v2\/comments?post=31181"}],"wp:attached-to":[{"embeddable":true,"post_type":"post","id":31179,"href":"https:\/\/eltrabajo.cl\/portal\/wp-json\/wp\/v2\/posts\/31179"}],"curies":[{"name":"wp","href":"https:\/\/api.w.org\/{rel}","templated":true}]}}

Los semáforos son de última generación, con sistema de señales Led, señaló Guillermo Orellana.
