{"id":31296,"date":"2013-03-01T09:22:40","date_gmt":"2013-03-01T12:22:40","guid":{"rendered":"http:\/\/www.eltrabajo.cl\/portal\/wp-content\/uploads\/2013\/03\/paseo-adultos-mayores.jpg"},"modified":"2013-03-01T09:22:40","modified_gmt":"2013-03-01T12:22:40","slug":"paseo-adultos-mayores","status":"inherit","type":"attachment","link":"https:\/\/eltrabajo.cl\/portal\/adultos-mayores-de-ayecan-fueron-de-paseo-cultural-y-turistico-a-papudo\/paseo-adultos-mayores\/","title":{"rendered":"Los alegres turistas fueron despedidos por el Alcalde Patricio Freire, quien destac\u00f3 el nivel de participaci\u00f3n de los adultos mayores que con alegr\u00eda y muchas ganas contin\u00faan participando en este tipo de actividades."},"author":482,"featured_media":0,"comment_status":"open","ping_status":"closed","template":"","meta":{"advanced_seo_description":"","jetpack_seo_html_title":"","jetpack_seo_noindex":false},"class_list":["post-31296","attachment","type-attachment","status-inherit","hentry"],"jetpack_sharing_enabled":true,"jetpack_likes_enabled":true,"description":{"rendered":"<p class=\"attachment\"><a href=\"https:\/\/i0.wp.com\/eltrabajo.cl\/portal\/wp-content\/uploads\/2013\/03\/paseo-adultos-mayores.jpg?ssl=1\"><img loading=\"lazy\" decoding=\"async\" width=\"300\" height=\"148\" src=\"https:\/\/i0.wp.com\/eltrabajo.cl\/portal\/wp-content\/uploads\/2013\/03\/paseo-adultos-mayores.jpg?fit=300%2C148&amp;ssl=1\" class=\"attachment-medium size-medium\" alt=\"\" srcset=\"https:\/\/i0.wp.com\/eltrabajo.cl\/portal\/wp-content\/uploads\/2013\/03\/paseo-adultos-mayores.jpg?w=529&amp;ssl=1 529w, https:\/\/i0.wp.com\/eltrabajo.cl\/portal\/wp-content\/uploads\/2013\/03\/paseo-adultos-mayores.jpg?resize=200%2C99&amp;ssl=1 200w, https:\/\/i0.wp.com\/eltrabajo.cl\/portal\/wp-content\/uploads\/2013\/03\/paseo-adultos-mayores.jpg?resize=300%2C148&amp;ssl=1 300w, https:\/\/i0.wp.com\/eltrabajo.cl\/portal\/wp-content\/uploads\/2013\/03\/paseo-adultos-mayores.jpg?resize=150%2C74&amp;ssl=1 150w, https:\/\/i0.wp.com\/eltrabajo.cl\/portal\/wp-content\/uploads\/2013\/03\/paseo-adultos-mayores.jpg?resize=400%2C198&amp;ssl=1 400w\" sizes=\"auto, (max-width: 300px) 100vw, 300px\" \/><\/a><\/p>\n<p>Los alegres turistas fueron despedidos por el Alcalde Patricio Freire, quien destac\u00f3 el nivel de participaci\u00f3n de los adultos mayores que con alegr\u00eda y muchas ganas contin\u00faan participando en este tipo de actividades.<\/p>\n"},"caption":{"rendered":"<p>Los alegres turistas fueron despedidos por el Alcalde Patricio Freire, quien destac\u00f3 el nivel de participaci\u00f3n de los adultos mayores que con alegr\u00eda y muchas ganas contin\u00faan participando en este tipo de actividades.<\/p>\n"},"alt_text":"","media_type":"image","mime_type":"image\/jpeg","media_details":{"width":"529","height":"262","hwstring_small":"height='63' width='128'","file":"2013\/03\/paseo-adultos-mayores.jpg","sizes":{"thumbnail":{"file":"paseo-adultos-mayores-200x99.jpg","width":"200","height":"99","source_url":"https:\/\/i0.wp.com\/eltrabajo.cl\/portal\/wp-content\/uploads\/2013\/03\/paseo-adultos-mayores.jpg?fit=200%2C99&ssl=1"},"medium":{"file":"paseo-adultos-mayores-300x148.jpg","width":"300","height":"148","source_url":"https:\/\/i0.wp.com\/eltrabajo.cl\/portal\/wp-content\/uploads\/2013\/03\/paseo-adultos-mayores.jpg?fit=300%2C148&ssl=1"},"post-thumbnail":{"file":"paseo-adultos-mayores-150x74.jpg","width":"150","height":"74","source_url":"https:\/\/i0.wp.com\/eltrabajo.cl\/portal\/wp-content\/uploads\/2013\/03\/paseo-adultos-mayores.jpg?fit=150%2C74&ssl=1"},"single-post-thumbnail":{"file":"paseo-adultos-mayores-400x198.jpg","width":"400","height":"198","source_url":"https:\/\/eltrabajo.cl\/portal\/wp-content\/uploads\/2013\/03\/paseo-adultos-mayores-400x198.jpg"},"full":{"file":"paseo-adultos-mayores.jpg?fit=529%2C262&ssl=1","width":529,"height":262,"mime_type":"image\/jpeg","source_url":"https:\/\/i0.wp.com\/eltrabajo.cl\/portal\/wp-content\/uploads\/2013\/03\/paseo-adultos-mayores.jpg?fit=529%2C262&ssl=1"}},"image_meta":{"aperture":"0","credit":"","camera":"","caption":"","created_timestamp":"0","copyright":"","focal_length":"0","iso":"0","shutter_speed":"0","title":""}},"post":31295,"source_url":"https:\/\/eltrabajo.cl\/portal\/wp-content\/uploads\/2013\/03\/paseo-adultos-mayores.jpg","_links":{"self":[{"href":"https:\/\/eltrabajo.cl\/portal\/wp-json\/wp\/v2\/media\/31296","targetHints":{"allow":["GET"]}}],"collection":[{"href":"https:\/\/eltrabajo.cl\/portal\/wp-json\/wp\/v2\/media"}],"about":[{"href":"https:\/\/eltrabajo.cl\/portal\/wp-json\/wp\/v2\/types\/attachment"}],"author":[{"embeddable":true,"href":"https:\/\/eltrabajo.cl\/portal\/wp-json\/wp\/v2\/users\/482"}],"replies":[{"embeddable":true,"href":"https:\/\/eltrabajo.cl\/portal\/wp-json\/wp\/v2\/comments?post=31296"}],"wp:attached-to":[{"embeddable":true,"post_type":"post","id":31295,"href":"https:\/\/eltrabajo.cl\/portal\/wp-json\/wp\/v2\/posts\/31295"}],"curies":[{"name":"wp","href":"https:\/\/api.w.org\/{rel}","templated":true}]}}

Los alegres turistas fueron despedidos por el Alcalde Patricio Freire, quien destacó el nivel de participación de los adultos mayores que con alegría y muchas ganas continúan participando en este tipo de actividades.

<p class="attachment"><a href="https://i0.wp.com/eltrabajo.cl/portal/wp-content/uploads/2013/03/paseo-adultos-mayores.jpg?ssl=1"><img loading="lazy" decoding="async" width="300" height="148" src="https://i0.wp.com/eltrabajo.cl/portal/wp-content/uploads/2013/03/paseo-adultos-mayores.jpg?fit=300%2C148&amp;ssl=1" class="attachment-medium size-medium" alt="" srcset="https://i0.wp.com/eltrabajo.cl/portal/wp-content/uploads/2013/03/paseo-adultos-mayores.jpg?w=529&amp;ssl=1 529w, https://i0.wp.com/eltrabajo.cl/portal/wp-content/uploads/2013/03/paseo-adultos-mayores.jpg?resize=200%2C99&amp;ssl=1 200w, https://i0.wp.com/eltrabajo.cl/portal/wp-content/uploads/2013/03/paseo-adultos-mayores.jpg?resize=300%2C148&amp;ssl=1 300w, https://i0.wp.com/eltrabajo.cl/portal/wp-content/uploads/2013/03/paseo-adultos-mayores.jpg?resize=150%2C74&amp;ssl=1 150w, https://i0.wp.com/eltrabajo.cl/portal/wp-content/uploads/2013/03/paseo-adultos-mayores.jpg?resize=400%2C198&amp;ssl=1 400w" sizes="auto, (max-width: 300px) 100vw, 300px" /></a></p>
<p>Los alegres turistas fueron despedidos por el Alcalde Patricio Freire, quien destacó el nivel de participación de los adultos mayores que con alegría y muchas ganas continúan participando en este tipo de actividades.</p>

<p>Los alegres turistas fueron despedidos por el Alcalde Patricio Freire, quien destacó el nivel de participación de los adultos mayores que con alegría y muchas ganas continúan participando en este tipo de actividades.</p>
