{"id":31311,"date":"2013-03-01T09:32:06","date_gmt":"2013-03-01T12:32:06","guid":{"rendered":"http:\/\/www.eltrabajo.cl\/portal\/wp-content\/uploads\/2013\/03\/subof-moreno-choferes-puma.jpg"},"modified":"2013-03-01T09:32:06","modified_gmt":"2013-03-01T12:32:06","slug":"subof-moreno-choferes-puma","status":"inherit","type":"attachment","link":"https:\/\/eltrabajo.cl\/portal\/carabineros-inicia-charlas-de-coordinacion-por-inicio-del-ano-escolar-2013\/subof-moreno-choferes-puma\/","title":{"rendered":"El Suboficial Mayor Pedro Pablo Moreno, jefe Tenencia Carabineros de Putaendo, se reuni\u00f3 la ma\u00f1ana de este mi\u00e9rcoles con algunos conductores de la Empresa Puma."},"author":482,"featured_media":0,"comment_status":"open","ping_status":"closed","template":"","meta":{"advanced_seo_description":"","jetpack_seo_html_title":"","jetpack_seo_noindex":false},"class_list":["post-31311","attachment","type-attachment","status-inherit","hentry"],"jetpack_sharing_enabled":true,"jetpack_likes_enabled":true,"description":{"rendered":"<p class=\"attachment\"><a href=\"https:\/\/i0.wp.com\/eltrabajo.cl\/portal\/wp-content\/uploads\/2013\/03\/subof-moreno-choferes-puma.jpg?ssl=1\"><img loading=\"lazy\" decoding=\"async\" width=\"300\" height=\"157\" src=\"https:\/\/i0.wp.com\/eltrabajo.cl\/portal\/wp-content\/uploads\/2013\/03\/subof-moreno-choferes-puma.jpg?fit=300%2C157&amp;ssl=1\" class=\"attachment-medium size-medium\" alt=\"\" srcset=\"https:\/\/i0.wp.com\/eltrabajo.cl\/portal\/wp-content\/uploads\/2013\/03\/subof-moreno-choferes-puma.jpg?w=529&amp;ssl=1 529w, https:\/\/i0.wp.com\/eltrabajo.cl\/portal\/wp-content\/uploads\/2013\/03\/subof-moreno-choferes-puma.jpg?resize=200%2C105&amp;ssl=1 200w, https:\/\/i0.wp.com\/eltrabajo.cl\/portal\/wp-content\/uploads\/2013\/03\/subof-moreno-choferes-puma.jpg?resize=300%2C157&amp;ssl=1 300w, https:\/\/i0.wp.com\/eltrabajo.cl\/portal\/wp-content\/uploads\/2013\/03\/subof-moreno-choferes-puma.jpg?resize=150%2C78&amp;ssl=1 150w, https:\/\/i0.wp.com\/eltrabajo.cl\/portal\/wp-content\/uploads\/2013\/03\/subof-moreno-choferes-puma.jpg?resize=400%2C210&amp;ssl=1 400w\" sizes=\"auto, (max-width: 300px) 100vw, 300px\" \/><\/a><\/p>\n<p>El Suboficial Mayor Pedro Pablo Moreno, jefe Tenencia Carabineros de Putaendo, se reuni\u00f3 la ma\u00f1ana de este mi\u00e9rcoles con algunos conductores de la Empresa Puma.<\/p>\n"},"caption":{"rendered":"<p>El Suboficial Mayor Pedro Pablo Moreno, jefe Tenencia Carabineros de Putaendo, se reuni\u00f3 la ma\u00f1ana de este mi\u00e9rcoles con algunos conductores de la Empresa Puma.<\/p>\n"},"alt_text":"","media_type":"image","mime_type":"image\/jpeg","media_details":{"width":"529","height":"278","hwstring_small":"height='67' width='128'","file":"2013\/03\/subof-moreno-choferes-puma.jpg","sizes":{"thumbnail":{"file":"subof-moreno-choferes-puma-200x105.jpg","width":"200","height":"105","source_url":"https:\/\/i0.wp.com\/eltrabajo.cl\/portal\/wp-content\/uploads\/2013\/03\/subof-moreno-choferes-puma.jpg?fit=200%2C105&ssl=1"},"medium":{"file":"subof-moreno-choferes-puma-300x157.jpg","width":"300","height":"157","source_url":"https:\/\/i0.wp.com\/eltrabajo.cl\/portal\/wp-content\/uploads\/2013\/03\/subof-moreno-choferes-puma.jpg?fit=300%2C157&ssl=1"},"post-thumbnail":{"file":"subof-moreno-choferes-puma-150x78.jpg","width":"150","height":"78","source_url":"https:\/\/i0.wp.com\/eltrabajo.cl\/portal\/wp-content\/uploads\/2013\/03\/subof-moreno-choferes-puma.jpg?fit=150%2C78&ssl=1"},"single-post-thumbnail":{"file":"subof-moreno-choferes-puma-400x210.jpg","width":"400","height":"210","source_url":"https:\/\/eltrabajo.cl\/portal\/wp-content\/uploads\/2013\/03\/subof-moreno-choferes-puma-400x210.jpg"},"full":{"file":"subof-moreno-choferes-puma.jpg?fit=529%2C278&ssl=1","width":529,"height":278,"mime_type":"image\/jpeg","source_url":"https:\/\/i0.wp.com\/eltrabajo.cl\/portal\/wp-content\/uploads\/2013\/03\/subof-moreno-choferes-puma.jpg?fit=529%2C278&ssl=1"}},"image_meta":{"aperture":"0","credit":"","camera":"","caption":"","created_timestamp":"0","copyright":"[wopmind]","focal_length":"0","iso":"0","shutter_speed":"0","title":""}},"post":31310,"source_url":"https:\/\/eltrabajo.cl\/portal\/wp-content\/uploads\/2013\/03\/subof-moreno-choferes-puma.jpg","_links":{"self":[{"href":"https:\/\/eltrabajo.cl\/portal\/wp-json\/wp\/v2\/media\/31311","targetHints":{"allow":["GET"]}}],"collection":[{"href":"https:\/\/eltrabajo.cl\/portal\/wp-json\/wp\/v2\/media"}],"about":[{"href":"https:\/\/eltrabajo.cl\/portal\/wp-json\/wp\/v2\/types\/attachment"}],"author":[{"embeddable":true,"href":"https:\/\/eltrabajo.cl\/portal\/wp-json\/wp\/v2\/users\/482"}],"replies":[{"embeddable":true,"href":"https:\/\/eltrabajo.cl\/portal\/wp-json\/wp\/v2\/comments?post=31311"}],"wp:attached-to":[{"embeddable":true,"post_type":"post","id":31310,"href":"https:\/\/eltrabajo.cl\/portal\/wp-json\/wp\/v2\/posts\/31310"}],"curies":[{"name":"wp","href":"https:\/\/api.w.org\/{rel}","templated":true}]}}

El Suboficial Mayor Pedro Pablo Moreno, jefe Tenencia Carabineros de Putaendo, se reunió la mañana de este miércoles con algunos conductores de la Empresa Puma.

<p class="attachment"><a href="https://i0.wp.com/eltrabajo.cl/portal/wp-content/uploads/2013/03/subof-moreno-choferes-puma.jpg?ssl=1"><img loading="lazy" decoding="async" width="300" height="157" src="https://i0.wp.com/eltrabajo.cl/portal/wp-content/uploads/2013/03/subof-moreno-choferes-puma.jpg?fit=300%2C157&amp;ssl=1" class="attachment-medium size-medium" alt="" srcset="https://i0.wp.com/eltrabajo.cl/portal/wp-content/uploads/2013/03/subof-moreno-choferes-puma.jpg?w=529&amp;ssl=1 529w, https://i0.wp.com/eltrabajo.cl/portal/wp-content/uploads/2013/03/subof-moreno-choferes-puma.jpg?resize=200%2C105&amp;ssl=1 200w, https://i0.wp.com/eltrabajo.cl/portal/wp-content/uploads/2013/03/subof-moreno-choferes-puma.jpg?resize=300%2C157&amp;ssl=1 300w, https://i0.wp.com/eltrabajo.cl/portal/wp-content/uploads/2013/03/subof-moreno-choferes-puma.jpg?resize=150%2C78&amp;ssl=1 150w, https://i0.wp.com/eltrabajo.cl/portal/wp-content/uploads/2013/03/subof-moreno-choferes-puma.jpg?resize=400%2C210&amp;ssl=1 400w" sizes="auto, (max-width: 300px) 100vw, 300px" /></a></p>
<p>El Suboficial Mayor Pedro Pablo Moreno, jefe Tenencia Carabineros de Putaendo, se reunió la mañana de este miércoles con algunos conductores de la Empresa Puma.</p>

<p>El Suboficial Mayor Pedro Pablo Moreno, jefe Tenencia Carabineros de Putaendo, se reunió la mañana de este miércoles con algunos conductores de la Empresa Puma.</p>
