{"id":31381,"date":"2013-03-04T09:45:37","date_gmt":"2013-03-04T12:45:37","guid":{"rendered":"http:\/\/www.eltrabajo.cl\/portal\/wp-content\/uploads\/2013\/03\/volver-al-trabajo-2.jpg"},"modified":"2013-03-04T09:45:37","modified_gmt":"2013-03-04T12:45:37","slug":"volver-al-trabajo-2","status":"inherit","type":"attachment","link":"https:\/\/eltrabajo.cl\/portal\/el-temido-regreso-del-lunes\/volver-al-trabajo-2\/","title":{"rendered":"El conocido S\u00edndrome Postvacacional puede provocar problemas tanto f\u00edsicos como emocionales. El estr\u00e9s y la ansiedad son sus principales s\u00edntomas."},"author":1,"featured_media":0,"comment_status":"open","ping_status":"closed","template":"","meta":{"advanced_seo_description":"","jetpack_seo_html_title":"","jetpack_seo_noindex":false},"class_list":["post-31381","attachment","type-attachment","status-inherit","hentry"],"jetpack_sharing_enabled":true,"jetpack_likes_enabled":true,"description":{"rendered":"<p class=\"attachment\"><a href=\"https:\/\/i0.wp.com\/eltrabajo.cl\/portal\/wp-content\/uploads\/2013\/03\/volver-al-trabajo-2.jpg?ssl=1\"><img loading=\"lazy\" decoding=\"async\" width=\"300\" height=\"200\" src=\"https:\/\/i0.wp.com\/eltrabajo.cl\/portal\/wp-content\/uploads\/2013\/03\/volver-al-trabajo-2.jpg?fit=300%2C200&amp;ssl=1\" class=\"attachment-medium size-medium\" alt=\"\" srcset=\"https:\/\/i0.wp.com\/eltrabajo.cl\/portal\/wp-content\/uploads\/2013\/03\/volver-al-trabajo-2.jpg?w=528&amp;ssl=1 528w, https:\/\/i0.wp.com\/eltrabajo.cl\/portal\/wp-content\/uploads\/2013\/03\/volver-al-trabajo-2.jpg?resize=200%2C133&amp;ssl=1 200w, https:\/\/i0.wp.com\/eltrabajo.cl\/portal\/wp-content\/uploads\/2013\/03\/volver-al-trabajo-2.jpg?resize=300%2C200&amp;ssl=1 300w, https:\/\/i0.wp.com\/eltrabajo.cl\/portal\/wp-content\/uploads\/2013\/03\/volver-al-trabajo-2.jpg?resize=150%2C100&amp;ssl=1 150w, https:\/\/i0.wp.com\/eltrabajo.cl\/portal\/wp-content\/uploads\/2013\/03\/volver-al-trabajo-2.jpg?resize=400%2C266&amp;ssl=1 400w\" sizes=\"auto, (max-width: 300px) 100vw, 300px\" \/><\/a><\/p>\n<p>El conocido S\u00edndrome Postvacacional puede provocar problemas tanto f\u00edsicos como emocionales. El estr\u00e9s y la ansiedad son sus principales s\u00edntomas.<\/p>\n"},"caption":{"rendered":"<p>El conocido S\u00edndrome Postvacacional puede provocar problemas tanto f\u00edsicos como emocionales. El estr\u00e9s y la ansiedad son sus principales s\u00edntomas.<\/p>\n"},"alt_text":"","media_type":"image","mime_type":"image\/jpeg","media_details":{"width":"528","height":"352","hwstring_small":"height='85' width='128'","file":"2013\/03\/volver-al-trabajo-2.jpg","sizes":{"thumbnail":{"file":"volver-al-trabajo-2-200x133.jpg","width":"200","height":"133","source_url":"https:\/\/i0.wp.com\/eltrabajo.cl\/portal\/wp-content\/uploads\/2013\/03\/volver-al-trabajo-2.jpg?fit=200%2C133&ssl=1"},"medium":{"file":"volver-al-trabajo-2-300x200.jpg","width":"300","height":"200","source_url":"https:\/\/i0.wp.com\/eltrabajo.cl\/portal\/wp-content\/uploads\/2013\/03\/volver-al-trabajo-2.jpg?fit=300%2C200&ssl=1"},"post-thumbnail":{"file":"volver-al-trabajo-2-150x100.jpg","width":"150","height":"100","source_url":"https:\/\/i0.wp.com\/eltrabajo.cl\/portal\/wp-content\/uploads\/2013\/03\/volver-al-trabajo-2.jpg?fit=150%2C100&ssl=1"},"single-post-thumbnail":{"file":"volver-al-trabajo-2-400x266.jpg","width":"400","height":"266","source_url":"https:\/\/eltrabajo.cl\/portal\/wp-content\/uploads\/2013\/03\/volver-al-trabajo-2-400x266.jpg"},"full":{"file":"volver-al-trabajo-2.jpg?fit=528%2C352&ssl=1","width":528,"height":352,"mime_type":"image\/jpeg","source_url":"https:\/\/i0.wp.com\/eltrabajo.cl\/portal\/wp-content\/uploads\/2013\/03\/volver-al-trabajo-2.jpg?fit=528%2C352&ssl=1"}},"image_meta":{"aperture":"0","credit":"","camera":"","caption":"","created_timestamp":"0","copyright":"","focal_length":"0","iso":"0","shutter_speed":"0","title":""}},"post":31380,"source_url":"https:\/\/eltrabajo.cl\/portal\/wp-content\/uploads\/2013\/03\/volver-al-trabajo-2.jpg","_links":{"self":[{"href":"https:\/\/eltrabajo.cl\/portal\/wp-json\/wp\/v2\/media\/31381","targetHints":{"allow":["GET"]}}],"collection":[{"href":"https:\/\/eltrabajo.cl\/portal\/wp-json\/wp\/v2\/media"}],"about":[{"href":"https:\/\/eltrabajo.cl\/portal\/wp-json\/wp\/v2\/types\/attachment"}],"author":[{"embeddable":true,"href":"https:\/\/eltrabajo.cl\/portal\/wp-json\/wp\/v2\/users\/1"}],"replies":[{"embeddable":true,"href":"https:\/\/eltrabajo.cl\/portal\/wp-json\/wp\/v2\/comments?post=31381"}],"wp:attached-to":[{"embeddable":true,"post_type":"post","id":31380,"href":"https:\/\/eltrabajo.cl\/portal\/wp-json\/wp\/v2\/posts\/31380"}],"curies":[{"name":"wp","href":"https:\/\/api.w.org\/{rel}","templated":true}]}}

El conocido Síndrome Postvacacional puede provocar problemas tanto físicos como emocionales. El estrés y la ansiedad son sus principales síntomas.

<p class="attachment"><a href="https://i0.wp.com/eltrabajo.cl/portal/wp-content/uploads/2013/03/volver-al-trabajo-2.jpg?ssl=1"><img loading="lazy" decoding="async" width="300" height="200" src="https://i0.wp.com/eltrabajo.cl/portal/wp-content/uploads/2013/03/volver-al-trabajo-2.jpg?fit=300%2C200&amp;ssl=1" class="attachment-medium size-medium" alt="" srcset="https://i0.wp.com/eltrabajo.cl/portal/wp-content/uploads/2013/03/volver-al-trabajo-2.jpg?w=528&amp;ssl=1 528w, https://i0.wp.com/eltrabajo.cl/portal/wp-content/uploads/2013/03/volver-al-trabajo-2.jpg?resize=200%2C133&amp;ssl=1 200w, https://i0.wp.com/eltrabajo.cl/portal/wp-content/uploads/2013/03/volver-al-trabajo-2.jpg?resize=300%2C200&amp;ssl=1 300w, https://i0.wp.com/eltrabajo.cl/portal/wp-content/uploads/2013/03/volver-al-trabajo-2.jpg?resize=150%2C100&amp;ssl=1 150w, https://i0.wp.com/eltrabajo.cl/portal/wp-content/uploads/2013/03/volver-al-trabajo-2.jpg?resize=400%2C266&amp;ssl=1 400w" sizes="auto, (max-width: 300px) 100vw, 300px" /></a></p>
<p>El conocido Síndrome Postvacacional puede provocar problemas tanto físicos como emocionales. El estrés y la ansiedad son sus principales síntomas.</p>

<p>El conocido Síndrome Postvacacional puede provocar problemas tanto físicos como emocionales. El estrés y la ansiedad son sus principales síntomas.</p>
