{"id":31461,"date":"2013-03-05T10:23:35","date_gmt":"2013-03-05T13:23:35","guid":{"rendered":"http:\/\/www.eltrabajo.cl\/portal\/wp-content\/uploads\/2013\/03\/furgon-lubricentro6.jpg"},"modified":"2013-03-05T10:23:35","modified_gmt":"2013-03-05T13:23:35","slug":"samsung-csc","status":"inherit","type":"attachment","link":"https:\/\/eltrabajo.cl\/portal\/furgon-que-era-reparado-en-la-via-publica-se-quemo-completamente\/samsung-csc\/","title":{"rendered":"Bomberos lleg\u00f3 hasta el lugar, donde un trabajador que estaba en el veh\u00edculo result\u00f3 con algunas quemaduras menores."},"author":1,"featured_media":0,"comment_status":"open","ping_status":"closed","template":"","meta":{"advanced_seo_description":"","jetpack_seo_html_title":"","jetpack_seo_noindex":false},"class_list":["post-31461","attachment","type-attachment","status-inherit","hentry"],"jetpack_sharing_enabled":true,"jetpack_likes_enabled":true,"description":{"rendered":"<p class=\"attachment\"><a href=\"https:\/\/i0.wp.com\/eltrabajo.cl\/portal\/wp-content\/uploads\/2013\/03\/furgon-lubricentro6.jpg?ssl=1\"><img loading=\"lazy\" decoding=\"async\" width=\"300\" height=\"213\" src=\"https:\/\/i0.wp.com\/eltrabajo.cl\/portal\/wp-content\/uploads\/2013\/03\/furgon-lubricentro6.jpg?fit=300%2C213&amp;ssl=1\" class=\"attachment-medium size-medium\" alt=\"\" srcset=\"https:\/\/i0.wp.com\/eltrabajo.cl\/portal\/wp-content\/uploads\/2013\/03\/furgon-lubricentro6.jpg?w=529&amp;ssl=1 529w, https:\/\/i0.wp.com\/eltrabajo.cl\/portal\/wp-content\/uploads\/2013\/03\/furgon-lubricentro6.jpg?resize=200%2C142&amp;ssl=1 200w, https:\/\/i0.wp.com\/eltrabajo.cl\/portal\/wp-content\/uploads\/2013\/03\/furgon-lubricentro6.jpg?resize=300%2C213&amp;ssl=1 300w, https:\/\/i0.wp.com\/eltrabajo.cl\/portal\/wp-content\/uploads\/2013\/03\/furgon-lubricentro6.jpg?resize=150%2C106&amp;ssl=1 150w, https:\/\/i0.wp.com\/eltrabajo.cl\/portal\/wp-content\/uploads\/2013\/03\/furgon-lubricentro6.jpg?resize=400%2C285&amp;ssl=1 400w\" sizes=\"auto, (max-width: 300px) 100vw, 300px\" \/><\/a><\/p>\n<p>Bomberos lleg\u00f3 hasta el lugar, donde un trabajador que estaba en el veh\u00edculo result\u00f3 con algunas quemaduras menores.<\/p>\n"},"caption":{"rendered":"<p>Bomberos lleg\u00f3 hasta el lugar, donde un trabajador que estaba en el veh\u00edculo result\u00f3 con algunas quemaduras menores.<\/p>\n"},"alt_text":"","media_type":"image","mime_type":"image\/jpeg","media_details":{"width":"529","height":"377","hwstring_small":"height='91' width='128'","file":"2013\/03\/furgon-lubricentro6.jpg","sizes":{"thumbnail":{"file":"furgon-lubricentro6-200x142.jpg","width":"200","height":"142","source_url":"https:\/\/i0.wp.com\/eltrabajo.cl\/portal\/wp-content\/uploads\/2013\/03\/furgon-lubricentro6.jpg?fit=200%2C142&ssl=1"},"medium":{"file":"furgon-lubricentro6-300x213.jpg","width":"300","height":"213","source_url":"https:\/\/i0.wp.com\/eltrabajo.cl\/portal\/wp-content\/uploads\/2013\/03\/furgon-lubricentro6.jpg?fit=300%2C213&ssl=1"},"post-thumbnail":{"file":"furgon-lubricentro6-150x106.jpg","width":"150","height":"106","source_url":"https:\/\/i0.wp.com\/eltrabajo.cl\/portal\/wp-content\/uploads\/2013\/03\/furgon-lubricentro6.jpg?fit=150%2C106&ssl=1"},"single-post-thumbnail":{"file":"furgon-lubricentro6-400x285.jpg","width":"400","height":"285","source_url":"https:\/\/eltrabajo.cl\/portal\/wp-content\/uploads\/2013\/03\/furgon-lubricentro6-400x285.jpg"},"full":{"file":"furgon-lubricentro6.jpg?fit=529%2C377&ssl=1","width":529,"height":377,"mime_type":"image\/jpeg","source_url":"https:\/\/i0.wp.com\/eltrabajo.cl\/portal\/wp-content\/uploads\/2013\/03\/furgon-lubricentro6.jpg?fit=529%2C377&ssl=1"}},"image_meta":{"aperture":"0","credit":"","camera":"","caption":"","created_timestamp":"0","copyright":"","focal_length":"0","iso":"0","shutter_speed":"0","title":"SAMSUNG CSC"}},"post":31460,"source_url":"https:\/\/eltrabajo.cl\/portal\/wp-content\/uploads\/2013\/03\/furgon-lubricentro6.jpg","_links":{"self":[{"href":"https:\/\/eltrabajo.cl\/portal\/wp-json\/wp\/v2\/media\/31461","targetHints":{"allow":["GET"]}}],"collection":[{"href":"https:\/\/eltrabajo.cl\/portal\/wp-json\/wp\/v2\/media"}],"about":[{"href":"https:\/\/eltrabajo.cl\/portal\/wp-json\/wp\/v2\/types\/attachment"}],"author":[{"embeddable":true,"href":"https:\/\/eltrabajo.cl\/portal\/wp-json\/wp\/v2\/users\/1"}],"replies":[{"embeddable":true,"href":"https:\/\/eltrabajo.cl\/portal\/wp-json\/wp\/v2\/comments?post=31461"}],"wp:attached-to":[{"embeddable":true,"post_type":"post","id":31460,"href":"https:\/\/eltrabajo.cl\/portal\/wp-json\/wp\/v2\/posts\/31460"}],"curies":[{"name":"wp","href":"https:\/\/api.w.org\/{rel}","templated":true}]}}

Bomberos llegó hasta el lugar, donde un trabajador que estaba en el vehículo resultó con algunas quemaduras menores.

<p class="attachment"><a href="https://i0.wp.com/eltrabajo.cl/portal/wp-content/uploads/2013/03/furgon-lubricentro6.jpg?ssl=1"><img loading="lazy" decoding="async" width="300" height="213" src="https://i0.wp.com/eltrabajo.cl/portal/wp-content/uploads/2013/03/furgon-lubricentro6.jpg?fit=300%2C213&amp;ssl=1" class="attachment-medium size-medium" alt="" srcset="https://i0.wp.com/eltrabajo.cl/portal/wp-content/uploads/2013/03/furgon-lubricentro6.jpg?w=529&amp;ssl=1 529w, https://i0.wp.com/eltrabajo.cl/portal/wp-content/uploads/2013/03/furgon-lubricentro6.jpg?resize=200%2C142&amp;ssl=1 200w, https://i0.wp.com/eltrabajo.cl/portal/wp-content/uploads/2013/03/furgon-lubricentro6.jpg?resize=300%2C213&amp;ssl=1 300w, https://i0.wp.com/eltrabajo.cl/portal/wp-content/uploads/2013/03/furgon-lubricentro6.jpg?resize=150%2C106&amp;ssl=1 150w, https://i0.wp.com/eltrabajo.cl/portal/wp-content/uploads/2013/03/furgon-lubricentro6.jpg?resize=400%2C285&amp;ssl=1 400w" sizes="auto, (max-width: 300px) 100vw, 300px" /></a></p>
<p>Bomberos llegó hasta el lugar, donde un trabajador que estaba en el vehículo resultó con algunas quemaduras menores.</p>

<p>Bomberos llegó hasta el lugar, donde un trabajador que estaba en el vehículo resultó con algunas quemaduras menores.</p>
