{"id":31574,"date":"2013-03-07T09:06:33","date_gmt":"2013-03-07T12:06:33","guid":{"rendered":"http:\/\/www.eltrabajo.cl\/portal\/wp-content\/uploads\/2013\/03\/senda-llay-llay-3.jpg"},"modified":"2013-03-07T09:06:33","modified_gmt":"2013-03-07T12:06:33","slug":"senda-llay-llay-3","status":"inherit","type":"attachment","link":"https:\/\/eltrabajo.cl\/portal\/con-muestra-de-talento-juvenil-finaliza-campana-estival-senda-previene-llay-llay\/senda-llay-llay-3\/","title":{"rendered":"La serie gr\u00e1fica muestra algunas de las entidades que participaron como Hermandad Skater, Bomberos, ciclistas BMX, Agrupaci\u00f3n de Arte Circense, bandas musicales, Explosi\u00f3n Tuning, entre otras."},"author":482,"featured_media":0,"comment_status":"open","ping_status":"closed","template":"","meta":{"advanced_seo_description":"","jetpack_seo_html_title":"","jetpack_seo_noindex":false},"class_list":["post-31574","attachment","type-attachment","status-inherit","hentry"],"jetpack_sharing_enabled":true,"jetpack_likes_enabled":true,"description":{"rendered":"<p class=\"attachment\"><a href=\"https:\/\/i0.wp.com\/eltrabajo.cl\/portal\/wp-content\/uploads\/2013\/03\/senda-llay-llay-3.jpg?ssl=1\"><img loading=\"lazy\" decoding=\"async\" width=\"300\" height=\"199\" src=\"https:\/\/i0.wp.com\/eltrabajo.cl\/portal\/wp-content\/uploads\/2013\/03\/senda-llay-llay-3.jpg?fit=300%2C199&amp;ssl=1\" class=\"attachment-medium size-medium\" alt=\"\" srcset=\"https:\/\/i0.wp.com\/eltrabajo.cl\/portal\/wp-content\/uploads\/2013\/03\/senda-llay-llay-3.jpg?w=529&amp;ssl=1 529w, https:\/\/i0.wp.com\/eltrabajo.cl\/portal\/wp-content\/uploads\/2013\/03\/senda-llay-llay-3.jpg?resize=200%2C133&amp;ssl=1 200w, https:\/\/i0.wp.com\/eltrabajo.cl\/portal\/wp-content\/uploads\/2013\/03\/senda-llay-llay-3.jpg?resize=300%2C199&amp;ssl=1 300w, https:\/\/i0.wp.com\/eltrabajo.cl\/portal\/wp-content\/uploads\/2013\/03\/senda-llay-llay-3.jpg?resize=150%2C99&amp;ssl=1 150w, https:\/\/i0.wp.com\/eltrabajo.cl\/portal\/wp-content\/uploads\/2013\/03\/senda-llay-llay-3.jpg?resize=400%2C266&amp;ssl=1 400w\" sizes=\"auto, (max-width: 300px) 100vw, 300px\" \/><\/a><\/p>\n"},"caption":{"rendered":""},"alt_text":"","media_type":"image","mime_type":"image\/jpeg","media_details":{"width":"529","height":"352","hwstring_small":"height='85' width='128'","file":"2013\/03\/senda-llay-llay-3.jpg","sizes":{"thumbnail":{"file":"senda-llay-llay-3-200x133.jpg","width":"200","height":"133","source_url":"https:\/\/i0.wp.com\/eltrabajo.cl\/portal\/wp-content\/uploads\/2013\/03\/senda-llay-llay-3.jpg?fit=200%2C133&ssl=1"},"medium":{"file":"senda-llay-llay-3-300x199.jpg","width":"300","height":"199","source_url":"https:\/\/i0.wp.com\/eltrabajo.cl\/portal\/wp-content\/uploads\/2013\/03\/senda-llay-llay-3.jpg?fit=300%2C199&ssl=1"},"post-thumbnail":{"file":"senda-llay-llay-3-150x99.jpg","width":"150","height":"99","source_url":"https:\/\/i0.wp.com\/eltrabajo.cl\/portal\/wp-content\/uploads\/2013\/03\/senda-llay-llay-3.jpg?fit=150%2C99&ssl=1"},"single-post-thumbnail":{"file":"senda-llay-llay-3-400x266.jpg","width":"400","height":"266","source_url":"https:\/\/eltrabajo.cl\/portal\/wp-content\/uploads\/2013\/03\/senda-llay-llay-3-400x266.jpg"},"full":{"file":"senda-llay-llay-3.jpg?fit=529%2C352&ssl=1","width":529,"height":352,"mime_type":"image\/jpeg","source_url":"https:\/\/i0.wp.com\/eltrabajo.cl\/portal\/wp-content\/uploads\/2013\/03\/senda-llay-llay-3.jpg?fit=529%2C352&ssl=1"}},"image_meta":{"aperture":"0","credit":"","camera":"","caption":"","created_timestamp":"0","copyright":"","focal_length":"0","iso":"0","shutter_speed":"0","title":""}},"post":31573,"source_url":"https:\/\/eltrabajo.cl\/portal\/wp-content\/uploads\/2013\/03\/senda-llay-llay-3.jpg","_links":{"self":[{"href":"https:\/\/eltrabajo.cl\/portal\/wp-json\/wp\/v2\/media\/31574","targetHints":{"allow":["GET"]}}],"collection":[{"href":"https:\/\/eltrabajo.cl\/portal\/wp-json\/wp\/v2\/media"}],"about":[{"href":"https:\/\/eltrabajo.cl\/portal\/wp-json\/wp\/v2\/types\/attachment"}],"author":[{"embeddable":true,"href":"https:\/\/eltrabajo.cl\/portal\/wp-json\/wp\/v2\/users\/482"}],"replies":[{"embeddable":true,"href":"https:\/\/eltrabajo.cl\/portal\/wp-json\/wp\/v2\/comments?post=31574"}],"wp:attached-to":[{"embeddable":true,"post_type":"post","id":31573,"href":"https:\/\/eltrabajo.cl\/portal\/wp-json\/wp\/v2\/posts\/31573"}],"curies":[{"name":"wp","href":"https:\/\/api.w.org\/{rel}","templated":true}]}}

La serie gráfica muestra algunas de las entidades que participaron como Hermandad Skater, Bomberos, ciclistas BMX, Agrupación de Arte Circense, bandas musicales, Explosión Tuning, entre otras.
