{"id":31696,"date":"2013-03-11T08:43:55","date_gmt":"2013-03-11T12:43:55","guid":{"rendered":"http:\/\/www.eltrabajo.cl\/portal\/wp-content\/uploads\/2013\/03\/semaforo1.jpg"},"modified":"2013-03-11T08:43:55","modified_gmt":"2013-03-11T12:43:55","slug":"semaforo1","status":"inherit","type":"attachment","link":"https:\/\/eltrabajo.cl\/portal\/corte-de-luz-afecto-a-260-000-usuarios-en-ocho-comunas-de-aconcagua\/semaforo1\/","title":{"rendered":"Los sem\u00e1foros de San Felipe tambi\u00e9n quedaron fuera de servicio, quedando a criterio de los conductores la responsabilidad de marcar el tr\u00e1nsito en carretera."},"author":482,"featured_media":0,"comment_status":"open","ping_status":"closed","template":"","meta":{"advanced_seo_description":"","jetpack_seo_html_title":"","jetpack_seo_noindex":false},"class_list":["post-31696","attachment","type-attachment","status-inherit","hentry"],"jetpack_sharing_enabled":true,"jetpack_likes_enabled":true,"description":{"rendered":"<p class=\"attachment\"><a href=\"https:\/\/i0.wp.com\/eltrabajo.cl\/portal\/wp-content\/uploads\/2013\/03\/semaforo1.jpg?ssl=1\"><img loading=\"lazy\" decoding=\"async\" width=\"300\" height=\"216\" src=\"https:\/\/i0.wp.com\/eltrabajo.cl\/portal\/wp-content\/uploads\/2013\/03\/semaforo1.jpg?fit=300%2C216&amp;ssl=1\" class=\"attachment-medium size-medium\" alt=\"\" srcset=\"https:\/\/i0.wp.com\/eltrabajo.cl\/portal\/wp-content\/uploads\/2013\/03\/semaforo1.jpg?w=529&amp;ssl=1 529w, https:\/\/i0.wp.com\/eltrabajo.cl\/portal\/wp-content\/uploads\/2013\/03\/semaforo1.jpg?resize=200%2C144&amp;ssl=1 200w, https:\/\/i0.wp.com\/eltrabajo.cl\/portal\/wp-content\/uploads\/2013\/03\/semaforo1.jpg?resize=300%2C216&amp;ssl=1 300w, https:\/\/i0.wp.com\/eltrabajo.cl\/portal\/wp-content\/uploads\/2013\/03\/semaforo1.jpg?resize=150%2C108&amp;ssl=1 150w, https:\/\/i0.wp.com\/eltrabajo.cl\/portal\/wp-content\/uploads\/2013\/03\/semaforo1.jpg?resize=400%2C288&amp;ssl=1 400w\" sizes=\"auto, (max-width: 300px) 100vw, 300px\" \/><\/a><\/p>\n"},"caption":{"rendered":""},"alt_text":"","media_type":"image","mime_type":"image\/jpeg","media_details":{"width":"529","height":"382","hwstring_small":"height='92' width='128'","file":"2013\/03\/semaforo1.jpg","sizes":{"thumbnail":{"file":"semaforo1-200x144.jpg","width":"200","height":"144","source_url":"https:\/\/i0.wp.com\/eltrabajo.cl\/portal\/wp-content\/uploads\/2013\/03\/semaforo1.jpg?fit=200%2C144&ssl=1"},"medium":{"file":"semaforo1-300x216.jpg","width":"300","height":"216","source_url":"https:\/\/i0.wp.com\/eltrabajo.cl\/portal\/wp-content\/uploads\/2013\/03\/semaforo1.jpg?fit=300%2C216&ssl=1"},"post-thumbnail":{"file":"semaforo1-150x108.jpg","width":"150","height":"108","source_url":"https:\/\/i0.wp.com\/eltrabajo.cl\/portal\/wp-content\/uploads\/2013\/03\/semaforo1.jpg?fit=150%2C108&ssl=1"},"single-post-thumbnail":{"file":"semaforo1-400x288.jpg","width":"400","height":"288","source_url":"https:\/\/eltrabajo.cl\/portal\/wp-content\/uploads\/2013\/03\/semaforo1-400x288.jpg"},"full":{"file":"semaforo1.jpg?fit=529%2C382&ssl=1","width":529,"height":382,"mime_type":"image\/jpeg","source_url":"https:\/\/i0.wp.com\/eltrabajo.cl\/portal\/wp-content\/uploads\/2013\/03\/semaforo1.jpg?fit=529%2C382&ssl=1"}},"image_meta":{"aperture":"0","credit":"","camera":"","caption":"","created_timestamp":"0","copyright":"","focal_length":"0","iso":"0","shutter_speed":"0","title":""}},"post":31695,"source_url":"https:\/\/eltrabajo.cl\/portal\/wp-content\/uploads\/2013\/03\/semaforo1.jpg","_links":{"self":[{"href":"https:\/\/eltrabajo.cl\/portal\/wp-json\/wp\/v2\/media\/31696","targetHints":{"allow":["GET"]}}],"collection":[{"href":"https:\/\/eltrabajo.cl\/portal\/wp-json\/wp\/v2\/media"}],"about":[{"href":"https:\/\/eltrabajo.cl\/portal\/wp-json\/wp\/v2\/types\/attachment"}],"author":[{"embeddable":true,"href":"https:\/\/eltrabajo.cl\/portal\/wp-json\/wp\/v2\/users\/482"}],"replies":[{"embeddable":true,"href":"https:\/\/eltrabajo.cl\/portal\/wp-json\/wp\/v2\/comments?post=31696"}],"wp:attached-to":[{"embeddable":true,"post_type":"post","id":31695,"href":"https:\/\/eltrabajo.cl\/portal\/wp-json\/wp\/v2\/posts\/31695"}],"curies":[{"name":"wp","href":"https:\/\/api.w.org\/{rel}","templated":true}]}}

Los semáforos de San Felipe también quedaron fuera de servicio, quedando a criterio de los conductores la responsabilidad de marcar el tránsito en carretera.
