{"id":32386,"date":"2013-03-25T09:30:01","date_gmt":"2013-03-25T13:30:01","guid":{"rendered":"http:\/\/www.eltrabajo.cl\/portal\/wp-content\/uploads\/2013\/03\/motociclista2.jpg"},"modified":"2013-03-25T09:30:01","modified_gmt":"2013-03-25T13:30:01","slug":"motociclista2","status":"inherit","type":"attachment","link":"https:\/\/eltrabajo.cl\/portal\/motociclista-muere-decapitado-tras-desbarrancar-en-sector-el-manzano\/motociclista2\/","title":{"rendered":"El cuerpo de Ricardo El\u00edas Mu\u00f1oz Poblete fue retirado del lugar del accidente pasadas las 17:20 horas y enviado al Servicio M\u00e9dico Legal de San Felipe para la autopsia de rigor."},"author":482,"featured_media":0,"comment_status":"open","ping_status":"closed","template":"","meta":{"advanced_seo_description":"","jetpack_seo_html_title":"","jetpack_seo_noindex":false},"class_list":["post-32386","attachment","type-attachment","status-inherit","hentry"],"jetpack_sharing_enabled":true,"jetpack_likes_enabled":true,"description":{"rendered":"<p class=\"attachment\"><a href=\"https:\/\/i0.wp.com\/eltrabajo.cl\/portal\/wp-content\/uploads\/2013\/03\/motociclista2.jpg?ssl=1\"><img loading=\"lazy\" decoding=\"async\" width=\"300\" height=\"230\" src=\"https:\/\/i0.wp.com\/eltrabajo.cl\/portal\/wp-content\/uploads\/2013\/03\/motociclista2.jpg?fit=300%2C230&amp;ssl=1\" class=\"attachment-medium size-medium\" alt=\"\" srcset=\"https:\/\/i0.wp.com\/eltrabajo.cl\/portal\/wp-content\/uploads\/2013\/03\/motociclista2.jpg?w=529&amp;ssl=1 529w, https:\/\/i0.wp.com\/eltrabajo.cl\/portal\/wp-content\/uploads\/2013\/03\/motociclista2.jpg?resize=195%2C150&amp;ssl=1 195w, https:\/\/i0.wp.com\/eltrabajo.cl\/portal\/wp-content\/uploads\/2013\/03\/motociclista2.jpg?resize=300%2C230&amp;ssl=1 300w, https:\/\/i0.wp.com\/eltrabajo.cl\/portal\/wp-content\/uploads\/2013\/03\/motociclista2.jpg?resize=150%2C115&amp;ssl=1 150w, https:\/\/i0.wp.com\/eltrabajo.cl\/portal\/wp-content\/uploads\/2013\/03\/motociclista2.jpg?resize=400%2C306&amp;ssl=1 400w\" sizes=\"auto, (max-width: 300px) 100vw, 300px\" \/><\/a><\/p>\n"},"caption":{"rendered":""},"alt_text":"","media_type":"image","mime_type":"image\/jpeg","media_details":{"width":"529","height":"406","hwstring_small":"height='96' width='125'","file":"2013\/03\/motociclista2.jpg","sizes":{"thumbnail":{"file":"motociclista2-195x150.jpg","width":"195","height":"150","source_url":"https:\/\/i0.wp.com\/eltrabajo.cl\/portal\/wp-content\/uploads\/2013\/03\/motociclista2.jpg?fit=195%2C150&ssl=1"},"medium":{"file":"motociclista2-300x230.jpg","width":"300","height":"230","source_url":"https:\/\/i0.wp.com\/eltrabajo.cl\/portal\/wp-content\/uploads\/2013\/03\/motociclista2.jpg?fit=300%2C230&ssl=1"},"post-thumbnail":{"file":"motociclista2-150x115.jpg","width":"150","height":"115","source_url":"https:\/\/i0.wp.com\/eltrabajo.cl\/portal\/wp-content\/uploads\/2013\/03\/motociclista2.jpg?fit=150%2C115&ssl=1"},"single-post-thumbnail":{"file":"motociclista2-400x306.jpg","width":"400","height":"306","source_url":"https:\/\/eltrabajo.cl\/portal\/wp-content\/uploads\/2013\/03\/motociclista2-400x306.jpg"},"full":{"file":"motociclista2.jpg?fit=529%2C406&ssl=1","width":529,"height":406,"mime_type":"image\/jpeg","source_url":"https:\/\/i0.wp.com\/eltrabajo.cl\/portal\/wp-content\/uploads\/2013\/03\/motociclista2.jpg?fit=529%2C406&ssl=1"}},"image_meta":{"aperture":"0","credit":"","camera":"","caption":"","created_timestamp":"0","copyright":"[wopmind]","focal_length":"0","iso":"0","shutter_speed":"0","title":""}},"post":32385,"source_url":"https:\/\/eltrabajo.cl\/portal\/wp-content\/uploads\/2013\/03\/motociclista2.jpg","_links":{"self":[{"href":"https:\/\/eltrabajo.cl\/portal\/wp-json\/wp\/v2\/media\/32386","targetHints":{"allow":["GET"]}}],"collection":[{"href":"https:\/\/eltrabajo.cl\/portal\/wp-json\/wp\/v2\/media"}],"about":[{"href":"https:\/\/eltrabajo.cl\/portal\/wp-json\/wp\/v2\/types\/attachment"}],"author":[{"embeddable":true,"href":"https:\/\/eltrabajo.cl\/portal\/wp-json\/wp\/v2\/users\/482"}],"replies":[{"embeddable":true,"href":"https:\/\/eltrabajo.cl\/portal\/wp-json\/wp\/v2\/comments?post=32386"}],"wp:attached-to":[{"embeddable":true,"post_type":"post","id":32385,"href":"https:\/\/eltrabajo.cl\/portal\/wp-json\/wp\/v2\/posts\/32385"}],"curies":[{"name":"wp","href":"https:\/\/api.w.org\/{rel}","templated":true}]}}

El cuerpo de Ricardo Elías Muñoz Poblete fue retirado del lugar del accidente pasadas las 17:20 horas y enviado al Servicio Médico Legal de San Felipe para la autopsia de rigor.
