{"id":32998,"date":"2013-04-08T09:10:03","date_gmt":"2013-04-08T13:10:03","guid":{"rendered":"http:\/\/www.eltrabajo.cl\/portal\/wp-content\/uploads\/2013\/04\/magico-perez.jpg"},"modified":"2013-04-08T09:10:03","modified_gmt":"2013-04-08T13:10:03","slug":"magico-perez","status":"inherit","type":"attachment","link":"https:\/\/eltrabajo.cl\/portal\/union-san-felipe-vuelve-a-caer-y-complica-sus-opciones-de-lograr-el-ascenso\/magico-perez\/","title":{"rendered":"Miguel \u00c1ngel Gonz\u00e1lez y Carlos P\u00e9rez, tuvieron un opaco rendimiento en el partido contra Santiago Morning, en el que el Un\u00ed fue derrotado por 2 a 0."},"author":482,"featured_media":0,"comment_status":"open","ping_status":"closed","template":"","meta":{"advanced_seo_description":"","jetpack_seo_html_title":"","jetpack_seo_noindex":false},"class_list":["post-32998","attachment","type-attachment","status-inherit","hentry"],"jetpack_sharing_enabled":true,"jetpack_likes_enabled":true,"description":{"rendered":"<p class=\"attachment\"><a href=\"https:\/\/i0.wp.com\/eltrabajo.cl\/portal\/wp-content\/uploads\/2013\/04\/magico-perez.jpg?ssl=1\"><img loading=\"lazy\" decoding=\"async\" width=\"300\" height=\"231\" src=\"https:\/\/i0.wp.com\/eltrabajo.cl\/portal\/wp-content\/uploads\/2013\/04\/magico-perez.jpg?fit=300%2C231&amp;ssl=1\" class=\"attachment-medium size-medium\" alt=\"\" srcset=\"https:\/\/i0.wp.com\/eltrabajo.cl\/portal\/wp-content\/uploads\/2013\/04\/magico-perez.jpg?w=529&amp;ssl=1 529w, https:\/\/i0.wp.com\/eltrabajo.cl\/portal\/wp-content\/uploads\/2013\/04\/magico-perez.jpg?resize=194%2C150&amp;ssl=1 194w, https:\/\/i0.wp.com\/eltrabajo.cl\/portal\/wp-content\/uploads\/2013\/04\/magico-perez.jpg?resize=300%2C231&amp;ssl=1 300w, https:\/\/i0.wp.com\/eltrabajo.cl\/portal\/wp-content\/uploads\/2013\/04\/magico-perez.jpg?resize=150%2C115&amp;ssl=1 150w, https:\/\/i0.wp.com\/eltrabajo.cl\/portal\/wp-content\/uploads\/2013\/04\/magico-perez.jpg?resize=400%2C308&amp;ssl=1 400w\" sizes=\"auto, (max-width: 300px) 100vw, 300px\" \/><\/a><\/p>\n<p>Miguel \u00c1ngel Gonz\u00e1lez y Carlos P\u00e9rez, tuvieron un opaco rendimiento en el partido contra Santiago Morning, en el que el Un\u00ed fue derrotado por 2 a 0.<\/p>\n"},"caption":{"rendered":"<p>Miguel \u00c1ngel Gonz\u00e1lez y Carlos P\u00e9rez, tuvieron un opaco rendimiento en el partido contra Santiago Morning, en el que el Un\u00ed fue derrotado por 2 a 0.<\/p>\n"},"alt_text":"","media_type":"image","mime_type":"image\/jpeg","media_details":{"width":"529","height":"408","hwstring_small":"height='96' width='124'","file":"2013\/04\/magico-perez.jpg","sizes":{"thumbnail":{"file":"magico-perez-194x150.jpg","width":"194","height":"150","source_url":"https:\/\/i0.wp.com\/eltrabajo.cl\/portal\/wp-content\/uploads\/2013\/04\/magico-perez.jpg?fit=194%2C150&ssl=1"},"medium":{"file":"magico-perez-300x231.jpg","width":"300","height":"231","source_url":"https:\/\/i0.wp.com\/eltrabajo.cl\/portal\/wp-content\/uploads\/2013\/04\/magico-perez.jpg?fit=300%2C231&ssl=1"},"post-thumbnail":{"file":"magico-perez-150x115.jpg","width":"150","height":"115","source_url":"https:\/\/i0.wp.com\/eltrabajo.cl\/portal\/wp-content\/uploads\/2013\/04\/magico-perez.jpg?fit=150%2C115&ssl=1"},"single-post-thumbnail":{"file":"magico-perez-400x308.jpg","width":"400","height":"308","source_url":"https:\/\/eltrabajo.cl\/portal\/wp-content\/uploads\/2013\/04\/magico-perez-400x308.jpg"},"full":{"file":"magico-perez.jpg?fit=529%2C408&ssl=1","width":529,"height":408,"mime_type":"image\/jpeg","source_url":"https:\/\/i0.wp.com\/eltrabajo.cl\/portal\/wp-content\/uploads\/2013\/04\/magico-perez.jpg?fit=529%2C408&ssl=1"}},"image_meta":{"aperture":"0","credit":"","camera":"","caption":"","created_timestamp":"0","copyright":"","focal_length":"0","iso":"0","shutter_speed":"0","title":""}},"post":32997,"source_url":"https:\/\/eltrabajo.cl\/portal\/wp-content\/uploads\/2013\/04\/magico-perez.jpg","_links":{"self":[{"href":"https:\/\/eltrabajo.cl\/portal\/wp-json\/wp\/v2\/media\/32998","targetHints":{"allow":["GET"]}}],"collection":[{"href":"https:\/\/eltrabajo.cl\/portal\/wp-json\/wp\/v2\/media"}],"about":[{"href":"https:\/\/eltrabajo.cl\/portal\/wp-json\/wp\/v2\/types\/attachment"}],"author":[{"embeddable":true,"href":"https:\/\/eltrabajo.cl\/portal\/wp-json\/wp\/v2\/users\/482"}],"replies":[{"embeddable":true,"href":"https:\/\/eltrabajo.cl\/portal\/wp-json\/wp\/v2\/comments?post=32998"}],"wp:attached-to":[{"embeddable":true,"post_type":"post","id":32997,"href":"https:\/\/eltrabajo.cl\/portal\/wp-json\/wp\/v2\/posts\/32997"}],"curies":[{"name":"wp","href":"https:\/\/api.w.org\/{rel}","templated":true}]}}

Miguel Ángel González y Carlos Pérez, tuvieron un opaco rendimiento en el partido contra Santiago Morning, en el que el Uní fue derrotado por 2 a 0.

<p class="attachment"><a href="https://i0.wp.com/eltrabajo.cl/portal/wp-content/uploads/2013/04/magico-perez.jpg?ssl=1"><img loading="lazy" decoding="async" width="300" height="231" src="https://i0.wp.com/eltrabajo.cl/portal/wp-content/uploads/2013/04/magico-perez.jpg?fit=300%2C231&amp;ssl=1" class="attachment-medium size-medium" alt="" srcset="https://i0.wp.com/eltrabajo.cl/portal/wp-content/uploads/2013/04/magico-perez.jpg?w=529&amp;ssl=1 529w, https://i0.wp.com/eltrabajo.cl/portal/wp-content/uploads/2013/04/magico-perez.jpg?resize=194%2C150&amp;ssl=1 194w, https://i0.wp.com/eltrabajo.cl/portal/wp-content/uploads/2013/04/magico-perez.jpg?resize=300%2C231&amp;ssl=1 300w, https://i0.wp.com/eltrabajo.cl/portal/wp-content/uploads/2013/04/magico-perez.jpg?resize=150%2C115&amp;ssl=1 150w, https://i0.wp.com/eltrabajo.cl/portal/wp-content/uploads/2013/04/magico-perez.jpg?resize=400%2C308&amp;ssl=1 400w" sizes="auto, (max-width: 300px) 100vw, 300px" /></a></p>
<p>Miguel Ángel González y Carlos Pérez, tuvieron un opaco rendimiento en el partido contra Santiago Morning, en el que el Uní fue derrotado por 2 a 0.</p>

<p>Miguel Ángel González y Carlos Pérez, tuvieron un opaco rendimiento en el partido contra Santiago Morning, en el que el Uní fue derrotado por 2 a 0.</p>
