{"id":33250,"date":"2013-04-12T08:45:52","date_gmt":"2013-04-12T12:45:52","guid":{"rendered":"http:\/\/www.eltrabajo.cl\/portal\/wp-content\/uploads\/2013\/04\/circus21.jpg"},"modified":"2013-04-12T08:45:52","modified_gmt":"2013-04-12T12:45:52","slug":"circus2-2","status":"inherit","type":"attachment","link":"https:\/\/eltrabajo.cl\/portal\/atletas-de-la-risa-arrancaron-de-santiago-para-ir-al-american-circus\/circus2-2\/","title":{"rendered":"Ellos son el American Circus, una compa\u00f1\u00eda circense chilena que no se guarda nada para su p\u00fablico y donde este fin de semana Los Atletas de la Risa har\u00e1n de las suyas."},"author":482,"featured_media":0,"comment_status":"open","ping_status":"closed","template":"","meta":{"advanced_seo_description":"","jetpack_seo_html_title":"","jetpack_seo_noindex":false},"class_list":["post-33250","attachment","type-attachment","status-inherit","hentry"],"jetpack_sharing_enabled":true,"jetpack_likes_enabled":true,"description":{"rendered":"<p class=\"attachment\"><a href=\"https:\/\/i0.wp.com\/eltrabajo.cl\/portal\/wp-content\/uploads\/2013\/04\/circus21.jpg?ssl=1\"><img loading=\"lazy\" decoding=\"async\" width=\"300\" height=\"232\" src=\"https:\/\/i0.wp.com\/eltrabajo.cl\/portal\/wp-content\/uploads\/2013\/04\/circus21.jpg?fit=300%2C232&amp;ssl=1\" class=\"attachment-medium size-medium\" alt=\"\" srcset=\"https:\/\/i0.wp.com\/eltrabajo.cl\/portal\/wp-content\/uploads\/2013\/04\/circus21.jpg?w=529&amp;ssl=1 529w, https:\/\/i0.wp.com\/eltrabajo.cl\/portal\/wp-content\/uploads\/2013\/04\/circus21.jpg?resize=193%2C150&amp;ssl=1 193w, https:\/\/i0.wp.com\/eltrabajo.cl\/portal\/wp-content\/uploads\/2013\/04\/circus21.jpg?resize=300%2C232&amp;ssl=1 300w, https:\/\/i0.wp.com\/eltrabajo.cl\/portal\/wp-content\/uploads\/2013\/04\/circus21.jpg?resize=150%2C116&amp;ssl=1 150w, https:\/\/i0.wp.com\/eltrabajo.cl\/portal\/wp-content\/uploads\/2013\/04\/circus21.jpg?resize=400%2C310&amp;ssl=1 400w\" sizes=\"auto, (max-width: 300px) 100vw, 300px\" \/><\/a><\/p>\n"},"caption":{"rendered":""},"alt_text":"","media_type":"image","mime_type":"image\/jpeg","media_details":{"width":"529","height":"410","hwstring_small":"height='96' width='123'","file":"2013\/04\/circus21.jpg","sizes":{"thumbnail":{"file":"circus21-193x150.jpg","width":"193","height":"150","source_url":"https:\/\/i0.wp.com\/eltrabajo.cl\/portal\/wp-content\/uploads\/2013\/04\/circus21.jpg?fit=193%2C150&ssl=1"},"medium":{"file":"circus21-300x232.jpg","width":"300","height":"232","source_url":"https:\/\/i0.wp.com\/eltrabajo.cl\/portal\/wp-content\/uploads\/2013\/04\/circus21.jpg?fit=300%2C232&ssl=1"},"post-thumbnail":{"file":"circus21-150x116.jpg","width":"150","height":"116","source_url":"https:\/\/i0.wp.com\/eltrabajo.cl\/portal\/wp-content\/uploads\/2013\/04\/circus21.jpg?fit=150%2C116&ssl=1"},"single-post-thumbnail":{"file":"circus21-400x310.jpg","width":"400","height":"310","source_url":"https:\/\/eltrabajo.cl\/portal\/wp-content\/uploads\/2013\/04\/circus21-400x310.jpg"},"full":{"file":"circus21.jpg?fit=529%2C410&ssl=1","width":529,"height":410,"mime_type":"image\/jpeg","source_url":"https:\/\/i0.wp.com\/eltrabajo.cl\/portal\/wp-content\/uploads\/2013\/04\/circus21.jpg?fit=529%2C410&ssl=1"}},"image_meta":{"aperture":"0","credit":"","camera":"","caption":"","created_timestamp":"0","copyright":"Copyright 2009","focal_length":"0","iso":"0","shutter_speed":"0","title":""}},"post":33249,"source_url":"https:\/\/eltrabajo.cl\/portal\/wp-content\/uploads\/2013\/04\/circus21.jpg","_links":{"self":[{"href":"https:\/\/eltrabajo.cl\/portal\/wp-json\/wp\/v2\/media\/33250","targetHints":{"allow":["GET"]}}],"collection":[{"href":"https:\/\/eltrabajo.cl\/portal\/wp-json\/wp\/v2\/media"}],"about":[{"href":"https:\/\/eltrabajo.cl\/portal\/wp-json\/wp\/v2\/types\/attachment"}],"author":[{"embeddable":true,"href":"https:\/\/eltrabajo.cl\/portal\/wp-json\/wp\/v2\/users\/482"}],"replies":[{"embeddable":true,"href":"https:\/\/eltrabajo.cl\/portal\/wp-json\/wp\/v2\/comments?post=33250"}],"wp:attached-to":[{"embeddable":true,"post_type":"post","id":33249,"href":"https:\/\/eltrabajo.cl\/portal\/wp-json\/wp\/v2\/posts\/33249"}],"curies":[{"name":"wp","href":"https:\/\/api.w.org\/{rel}","templated":true}]}}

Ellos son el American Circus, una compañía circense chilena que no se guarda nada para su público y donde este fin de semana Los Atletas de la Risa harán de las suyas.
