{"id":42951,"date":"2014-02-10T10:20:41","date_gmt":"2014-02-10T13:20:41","guid":{"rendered":"http:\/\/www.eltrabajo.cl\/portal\/wp-content\/uploads\/2014\/02\/Ceremonia1.jpg"},"modified":"2014-02-10T10:20:41","modified_gmt":"2014-02-10T13:20:41","slug":"ceremonia1-2","status":"inherit","type":"attachment","link":"https:\/\/eltrabajo.cl\/portal\/conmemoran-los-197-anos-del-combate-de-las-coimas\/ceremonia1-2\/","title":{"rendered":"Ceremonia1"},"author":1,"featured_media":0,"comment_status":"open","ping_status":"closed","template":"","meta":{"advanced_seo_description":"","jetpack_seo_html_title":"","jetpack_seo_noindex":false},"class_list":["post-42951","attachment","type-attachment","status-inherit","hentry"],"jetpack_sharing_enabled":true,"jetpack_likes_enabled":true,"description":{"rendered":"<p class=\"attachment\"><a href=\"https:\/\/i0.wp.com\/eltrabajo.cl\/portal\/wp-content\/uploads\/2014\/02\/Ceremonia1.jpg?ssl=1\"><img loading=\"lazy\" decoding=\"async\" width=\"205\" height=\"300\" src=\"https:\/\/i0.wp.com\/eltrabajo.cl\/portal\/wp-content\/uploads\/2014\/02\/Ceremonia1.jpg?fit=205%2C300&amp;ssl=1\" class=\"attachment-medium size-medium\" alt=\"La comuna de Putaendo conmemor\u00f3 los 197 a\u00f1os del heroico Combate de Las Coimas y se prepara para celebrar en grande los 200 a\u00f1os de la gesta de San Mart\u00edn y O\u2019Higgins.\" srcset=\"https:\/\/i0.wp.com\/eltrabajo.cl\/portal\/wp-content\/uploads\/2014\/02\/Ceremonia1.jpg?w=529&amp;ssl=1 529w, https:\/\/i0.wp.com\/eltrabajo.cl\/portal\/wp-content\/uploads\/2014\/02\/Ceremonia1.jpg?resize=102%2C150&amp;ssl=1 102w, https:\/\/i0.wp.com\/eltrabajo.cl\/portal\/wp-content\/uploads\/2014\/02\/Ceremonia1.jpg?resize=205%2C300&amp;ssl=1 205w, https:\/\/i0.wp.com\/eltrabajo.cl\/portal\/wp-content\/uploads\/2014\/02\/Ceremonia1.jpg?resize=400%2C584&amp;ssl=1 400w\" sizes=\"auto, (max-width: 205px) 100vw, 205px\" \/><\/a><\/p>\n<p>La comuna de Putaendo conmemor\u00f3 los 197 a\u00f1os del heroico Combate de Las Coimas y se prepara para celebrar en grande los 200 a\u00f1os de la gesta de San Mart\u00edn y O\u2019Higgins.<\/p>\n"},"caption":{"rendered":"<p>La comuna de Putaendo conmemor\u00f3 los 197 a\u00f1os del heroico Combate de Las Coimas y se prepara para celebrar en grande los 200 a\u00f1os de la gesta de San Mart\u00edn y O\u2019Higgins.<\/p>\n"},"alt_text":"La comuna de Putaendo conmemor\u00f3 los 197 a\u00f1os del heroico Combate de Las Coimas y se prepara para celebrar en grande los 200 a\u00f1os de la gesta de San Mart\u00edn y O\u2019Higgins.","media_type":"image","mime_type":"image\/jpeg","media_details":{"width":529,"height":773,"file":"2014\/02\/Ceremonia1.jpg","sizes":{"thumbnail":{"file":"Ceremonia1-102x150.jpg","width":102,"height":150,"mime_type":"image\/jpeg","source_url":"https:\/\/i0.wp.com\/eltrabajo.cl\/portal\/wp-content\/uploads\/2014\/02\/Ceremonia1.jpg?fit=102%2C150&ssl=1"},"medium":{"file":"Ceremonia1-205x300.jpg","width":205,"height":300,"mime_type":"image\/jpeg","source_url":"https:\/\/i0.wp.com\/eltrabajo.cl\/portal\/wp-content\/uploads\/2014\/02\/Ceremonia1.jpg?fit=205%2C300&ssl=1"},"post-thumbnail":{"file":"Ceremonia1-102x150.jpg","width":102,"height":150,"mime_type":"image\/jpeg","source_url":"https:\/\/i0.wp.com\/eltrabajo.cl\/portal\/wp-content\/uploads\/2014\/02\/Ceremonia1.jpg?fit=102%2C150&ssl=1"},"single-post-thumbnail":{"file":"Ceremonia1-400x584.jpg","width":400,"height":584,"mime_type":"image\/jpeg","source_url":"https:\/\/eltrabajo.cl\/portal\/wp-content\/uploads\/2014\/02\/Ceremonia1-400x584.jpg"},"full":{"file":"Ceremonia1.jpg?fit=529%2C773&ssl=1","width":529,"height":773,"mime_type":"image\/jpeg","source_url":"https:\/\/i0.wp.com\/eltrabajo.cl\/portal\/wp-content\/uploads\/2014\/02\/Ceremonia1.jpg?fit=529%2C773&ssl=1"}},"image_meta":{"aperture":14,"credit":"","camera":"Canon EOS REBEL T3","caption":"","created_timestamp":1379014518,"copyright":"","focal_length":"28","iso":"800","shutter_speed":"0.005","title":""}},"post":42950,"source_url":"https:\/\/eltrabajo.cl\/portal\/wp-content\/uploads\/2014\/02\/Ceremonia1.jpg","_links":{"self":[{"href":"https:\/\/eltrabajo.cl\/portal\/wp-json\/wp\/v2\/media\/42951","targetHints":{"allow":["GET"]}}],"collection":[{"href":"https:\/\/eltrabajo.cl\/portal\/wp-json\/wp\/v2\/media"}],"about":[{"href":"https:\/\/eltrabajo.cl\/portal\/wp-json\/wp\/v2\/types\/attachment"}],"author":[{"embeddable":true,"href":"https:\/\/eltrabajo.cl\/portal\/wp-json\/wp\/v2\/users\/1"}],"replies":[{"embeddable":true,"href":"https:\/\/eltrabajo.cl\/portal\/wp-json\/wp\/v2\/comments?post=42951"}],"wp:attached-to":[{"embeddable":true,"post_type":"post","id":42950,"href":"https:\/\/eltrabajo.cl\/portal\/wp-json\/wp\/v2\/posts\/42950"}],"curies":[{"name":"wp","href":"https:\/\/api.w.org\/{rel}","templated":true}]}}

<p class="attachment"><a href="https://i0.wp.com/eltrabajo.cl/portal/wp-content/uploads/2014/02/Ceremonia1.jpg?ssl=1"><img loading="lazy" decoding="async" width="205" height="300" src="https://i0.wp.com/eltrabajo.cl/portal/wp-content/uploads/2014/02/Ceremonia1.jpg?fit=205%2C300&amp;ssl=1" class="attachment-medium size-medium" alt="La comuna de Putaendo conmemoró los 197 años del heroico Combate de Las Coimas y se prepara para celebrar en grande los 200 años de la gesta de San Martín y O’Higgins." srcset="https://i0.wp.com/eltrabajo.cl/portal/wp-content/uploads/2014/02/Ceremonia1.jpg?w=529&amp;ssl=1 529w, https://i0.wp.com/eltrabajo.cl/portal/wp-content/uploads/2014/02/Ceremonia1.jpg?resize=102%2C150&amp;ssl=1 102w, https://i0.wp.com/eltrabajo.cl/portal/wp-content/uploads/2014/02/Ceremonia1.jpg?resize=205%2C300&amp;ssl=1 205w, https://i0.wp.com/eltrabajo.cl/portal/wp-content/uploads/2014/02/Ceremonia1.jpg?resize=400%2C584&amp;ssl=1 400w" sizes="auto, (max-width: 205px) 100vw, 205px" /></a></p>
<p>La comuna de Putaendo conmemoró los 197 años del heroico Combate de Las Coimas y se prepara para celebrar en grande los 200 años de la gesta de San Martín y O’Higgins.</p>

<p>La comuna de Putaendo conmemoró los 197 años del heroico Combate de Las Coimas y se prepara para celebrar en grande los 200 años de la gesta de San Martín y O’Higgins.</p>

La comuna de Putaendo conmemoró los 197 años del heroico Combate de Las Coimas y se prepara para celebrar en grande los 200 años de la gesta de San Martín y O’Higgins.
