{"id":42952,"date":"2014-02-10T10:20:43","date_gmt":"2014-02-10T13:20:43","guid":{"rendered":"http:\/\/www.eltrabajo.cl\/portal\/wp-content\/uploads\/2014\/02\/Ceremonia2.jpg"},"modified":"2014-02-10T10:20:43","modified_gmt":"2014-02-10T13:20:43","slug":"ceremonia2","status":"inherit","type":"attachment","link":"https:\/\/eltrabajo.cl\/portal\/conmemoran-los-197-anos-del-combate-de-las-coimas\/ceremonia2\/","title":{"rendered":"Ceremonia2"},"author":1,"featured_media":0,"comment_status":"open","ping_status":"closed","template":"","meta":{"advanced_seo_description":"","jetpack_seo_html_title":"","jetpack_seo_noindex":false},"class_list":["post-42952","attachment","type-attachment","status-inherit","hentry"],"jetpack_sharing_enabled":true,"jetpack_likes_enabled":true,"description":{"rendered":"<p class=\"attachment\"><a href=\"https:\/\/i0.wp.com\/eltrabajo.cl\/portal\/wp-content\/uploads\/2014\/02\/Ceremonia2.jpg?ssl=1\"><img loading=\"lazy\" decoding=\"async\" width=\"300\" height=\"178\" src=\"https:\/\/i0.wp.com\/eltrabajo.cl\/portal\/wp-content\/uploads\/2014\/02\/Ceremonia2.jpg?fit=300%2C178&amp;ssl=1\" class=\"attachment-medium size-medium\" alt=\"Un esquinazo puso fin a la actividad para posteriormente compartir un c\u00f3ctel y luego escuchar al Tr\u00edo Orolonco que tambi\u00e9n estuvieron presentes en tan importante ocasi\u00f3n.\" srcset=\"https:\/\/i0.wp.com\/eltrabajo.cl\/portal\/wp-content\/uploads\/2014\/02\/Ceremonia2.jpg?w=529&amp;ssl=1 529w, https:\/\/i0.wp.com\/eltrabajo.cl\/portal\/wp-content\/uploads\/2014\/02\/Ceremonia2.jpg?resize=200%2C118&amp;ssl=1 200w, https:\/\/i0.wp.com\/eltrabajo.cl\/portal\/wp-content\/uploads\/2014\/02\/Ceremonia2.jpg?resize=300%2C178&amp;ssl=1 300w, https:\/\/i0.wp.com\/eltrabajo.cl\/portal\/wp-content\/uploads\/2014\/02\/Ceremonia2.jpg?resize=150%2C89&amp;ssl=1 150w, https:\/\/i0.wp.com\/eltrabajo.cl\/portal\/wp-content\/uploads\/2014\/02\/Ceremonia2.jpg?resize=400%2C237&amp;ssl=1 400w\" sizes=\"auto, (max-width: 300px) 100vw, 300px\" \/><\/a><\/p>\n<p>Un esquinazo puso fin a la actividad para posteriormente compartir un c\u00f3ctel y luego escuchar al Tr\u00edo Orolonco que tambi\u00e9n estuvieron presentes en tan importante ocasi\u00f3n.<\/p>\n"},"caption":{"rendered":"<p>Un esquinazo puso fin a la actividad para posteriormente compartir un c\u00f3ctel y luego escuchar al Tr\u00edo Orolonco que tambi\u00e9n estuvieron presentes en tan importante ocasi\u00f3n.<\/p>\n"},"alt_text":"Un esquinazo puso fin a la actividad para posteriormente compartir un c\u00f3ctel y luego escuchar al Tr\u00edo Orolonco que tambi\u00e9n estuvieron presentes en tan importante ocasi\u00f3n.","media_type":"image","mime_type":"image\/jpeg","media_details":{"width":529,"height":314,"file":"2014\/02\/Ceremonia2.jpg","sizes":{"thumbnail":{"file":"Ceremonia2-200x118.jpg","width":200,"height":118,"mime_type":"image\/jpeg","source_url":"https:\/\/i0.wp.com\/eltrabajo.cl\/portal\/wp-content\/uploads\/2014\/02\/Ceremonia2.jpg?fit=200%2C118&ssl=1"},"medium":{"file":"Ceremonia2-300x178.jpg","width":300,"height":178,"mime_type":"image\/jpeg","source_url":"https:\/\/i0.wp.com\/eltrabajo.cl\/portal\/wp-content\/uploads\/2014\/02\/Ceremonia2.jpg?fit=300%2C178&ssl=1"},"post-thumbnail":{"file":"Ceremonia2-150x89.jpg","width":150,"height":89,"mime_type":"image\/jpeg","source_url":"https:\/\/i0.wp.com\/eltrabajo.cl\/portal\/wp-content\/uploads\/2014\/02\/Ceremonia2.jpg?fit=150%2C89&ssl=1"},"single-post-thumbnail":{"file":"Ceremonia2-400x237.jpg","width":400,"height":237,"mime_type":"image\/jpeg","source_url":"https:\/\/eltrabajo.cl\/portal\/wp-content\/uploads\/2014\/02\/Ceremonia2-400x237.jpg"},"full":{"file":"Ceremonia2.jpg?fit=529%2C314&ssl=1","width":529,"height":314,"mime_type":"image\/jpeg","source_url":"https:\/\/i0.wp.com\/eltrabajo.cl\/portal\/wp-content\/uploads\/2014\/02\/Ceremonia2.jpg?fit=529%2C314&ssl=1"}},"image_meta":{"aperture":13,"credit":"","camera":"Canon EOS REBEL T3","caption":"","created_timestamp":1379014400,"copyright":"","focal_length":"28","iso":"800","shutter_speed":"0.005","title":""}},"post":42950,"source_url":"https:\/\/eltrabajo.cl\/portal\/wp-content\/uploads\/2014\/02\/Ceremonia2.jpg","_links":{"self":[{"href":"https:\/\/eltrabajo.cl\/portal\/wp-json\/wp\/v2\/media\/42952","targetHints":{"allow":["GET"]}}],"collection":[{"href":"https:\/\/eltrabajo.cl\/portal\/wp-json\/wp\/v2\/media"}],"about":[{"href":"https:\/\/eltrabajo.cl\/portal\/wp-json\/wp\/v2\/types\/attachment"}],"author":[{"embeddable":true,"href":"https:\/\/eltrabajo.cl\/portal\/wp-json\/wp\/v2\/users\/1"}],"replies":[{"embeddable":true,"href":"https:\/\/eltrabajo.cl\/portal\/wp-json\/wp\/v2\/comments?post=42952"}],"wp:attached-to":[{"embeddable":true,"post_type":"post","id":42950,"href":"https:\/\/eltrabajo.cl\/portal\/wp-json\/wp\/v2\/posts\/42950"}],"curies":[{"name":"wp","href":"https:\/\/api.w.org\/{rel}","templated":true}]}}

<p class="attachment"><a href="https://i0.wp.com/eltrabajo.cl/portal/wp-content/uploads/2014/02/Ceremonia2.jpg?ssl=1"><img loading="lazy" decoding="async" width="300" height="178" src="https://i0.wp.com/eltrabajo.cl/portal/wp-content/uploads/2014/02/Ceremonia2.jpg?fit=300%2C178&amp;ssl=1" class="attachment-medium size-medium" alt="Un esquinazo puso fin a la actividad para posteriormente compartir un cóctel y luego escuchar al Trío Orolonco que también estuvieron presentes en tan importante ocasión." srcset="https://i0.wp.com/eltrabajo.cl/portal/wp-content/uploads/2014/02/Ceremonia2.jpg?w=529&amp;ssl=1 529w, https://i0.wp.com/eltrabajo.cl/portal/wp-content/uploads/2014/02/Ceremonia2.jpg?resize=200%2C118&amp;ssl=1 200w, https://i0.wp.com/eltrabajo.cl/portal/wp-content/uploads/2014/02/Ceremonia2.jpg?resize=300%2C178&amp;ssl=1 300w, https://i0.wp.com/eltrabajo.cl/portal/wp-content/uploads/2014/02/Ceremonia2.jpg?resize=150%2C89&amp;ssl=1 150w, https://i0.wp.com/eltrabajo.cl/portal/wp-content/uploads/2014/02/Ceremonia2.jpg?resize=400%2C237&amp;ssl=1 400w" sizes="auto, (max-width: 300px) 100vw, 300px" /></a></p>
<p>Un esquinazo puso fin a la actividad para posteriormente compartir un cóctel y luego escuchar al Trío Orolonco que también estuvieron presentes en tan importante ocasión.</p>

<p>Un esquinazo puso fin a la actividad para posteriormente compartir un cóctel y luego escuchar al Trío Orolonco que también estuvieron presentes en tan importante ocasión.</p>

Un esquinazo puso fin a la actividad para posteriormente compartir un cóctel y luego escuchar al Trío Orolonco que también estuvieron presentes en tan importante ocasión.
