{"id":42959,"date":"2014-02-10T10:27:51","date_gmt":"2014-02-10T13:27:51","guid":{"rendered":"http:\/\/www.eltrabajo.cl\/portal\/wp-content\/uploads\/2014\/02\/guillermo-rivera.jpg"},"modified":"2014-02-10T10:27:51","modified_gmt":"2014-02-10T13:27:51","slug":"guillermo-rivera-8","status":"inherit","type":"attachment","link":"https:\/\/eltrabajo.cl\/portal\/exito-total-en-escuela-de-tenis-de-verano-organizada-por-municipio-sanfelipeno\/guillermo-rivera-8\/","title":{"rendered":"guillermo rivera"},"author":1,"featured_media":0,"comment_status":"open","ping_status":"closed","template":"","meta":{"advanced_seo_description":"","jetpack_seo_html_title":"","jetpack_seo_noindex":false},"class_list":["post-42959","attachment","type-attachment","status-inherit","hentry"],"jetpack_sharing_enabled":true,"jetpack_likes_enabled":true,"description":{"rendered":"<p class=\"attachment\"><a href=\"https:\/\/i0.wp.com\/eltrabajo.cl\/portal\/wp-content\/uploads\/2014\/02\/guillermo-rivera.jpg?ssl=1\"><img loading=\"lazy\" decoding=\"async\" width=\"251\" height=\"300\" src=\"https:\/\/i0.wp.com\/eltrabajo.cl\/portal\/wp-content\/uploads\/2014\/02\/guillermo-rivera.jpg?fit=251%2C300&amp;ssl=1\" class=\"attachment-medium size-medium\" alt=\"El tenista sanfelipe\u00f1o destac\u00f3 la posibilidad que brinda el municipio sanfelipe\u00f1o en cuanto a generar una instancia de aprendizaje gratuito del tenis, a ni\u00f1os de la comuna.\" srcset=\"https:\/\/i0.wp.com\/eltrabajo.cl\/portal\/wp-content\/uploads\/2014\/02\/guillermo-rivera.jpg?w=709&amp;ssl=1 709w, https:\/\/i0.wp.com\/eltrabajo.cl\/portal\/wp-content\/uploads\/2014\/02\/guillermo-rivera.jpg?resize=125%2C150&amp;ssl=1 125w, https:\/\/i0.wp.com\/eltrabajo.cl\/portal\/wp-content\/uploads\/2014\/02\/guillermo-rivera.jpg?resize=251%2C300&amp;ssl=1 251w, https:\/\/i0.wp.com\/eltrabajo.cl\/portal\/wp-content\/uploads\/2014\/02\/guillermo-rivera.jpg?resize=400%2C477&amp;ssl=1 400w\" sizes=\"auto, (max-width: 251px) 100vw, 251px\" \/><\/a><\/p>\n<p>El tenista sanfelipe\u00f1o destac\u00f3 la posibilidad que brinda el municipio sanfelipe\u00f1o en cuanto a generar una instancia de aprendizaje gratuito del tenis, a ni\u00f1os de la comuna.<\/p>\n"},"caption":{"rendered":"<p>El tenista sanfelipe\u00f1o destac\u00f3 la posibilidad que brinda el municipio sanfelipe\u00f1o en cuanto a generar una instancia de aprendizaje gratuito del tenis, a ni\u00f1os de la comuna.<\/p>\n"},"alt_text":"El tenista sanfelipe\u00f1o destac\u00f3 la posibilidad que brinda el municipio sanfelipe\u00f1o en cuanto a generar una instancia de aprendizaje gratuito del tenis, a ni\u00f1os de la comuna.","media_type":"image","mime_type":"image\/jpeg","media_details":{"width":709,"height":846,"file":"2014\/02\/guillermo-rivera.jpg","sizes":{"thumbnail":{"file":"guillermo-rivera-125x150.jpg","width":125,"height":150,"mime_type":"image\/jpeg","source_url":"https:\/\/i0.wp.com\/eltrabajo.cl\/portal\/wp-content\/uploads\/2014\/02\/guillermo-rivera.jpg?fit=125%2C150&ssl=1"},"medium":{"file":"guillermo-rivera-251x300.jpg","width":251,"height":300,"mime_type":"image\/jpeg","source_url":"https:\/\/i0.wp.com\/eltrabajo.cl\/portal\/wp-content\/uploads\/2014\/02\/guillermo-rivera.jpg?fit=251%2C300&ssl=1"},"post-thumbnail":{"file":"guillermo-rivera-125x150.jpg","width":125,"height":150,"mime_type":"image\/jpeg","source_url":"https:\/\/i0.wp.com\/eltrabajo.cl\/portal\/wp-content\/uploads\/2014\/02\/guillermo-rivera.jpg?fit=125%2C150&ssl=1"},"single-post-thumbnail":{"file":"guillermo-rivera-400x477.jpg","width":400,"height":477,"mime_type":"image\/jpeg","source_url":"https:\/\/eltrabajo.cl\/portal\/wp-content\/uploads\/2014\/02\/guillermo-rivera-400x477.jpg"},"full":{"file":"guillermo-rivera.jpg?fit=709%2C846&ssl=1","width":709,"height":846,"mime_type":"image\/jpeg","source_url":"https:\/\/i0.wp.com\/eltrabajo.cl\/portal\/wp-content\/uploads\/2014\/02\/guillermo-rivera.jpg?fit=709%2C846&ssl=1"}},"image_meta":{"aperture":14,"credit":"","camera":"Canon EOS REBEL T3i","caption":"","created_timestamp":1295636946,"copyright":"","focal_length":"40","iso":"400","shutter_speed":"0.005","title":""}},"post":42956,"source_url":"https:\/\/eltrabajo.cl\/portal\/wp-content\/uploads\/2014\/02\/guillermo-rivera.jpg","_links":{"self":[{"href":"https:\/\/eltrabajo.cl\/portal\/wp-json\/wp\/v2\/media\/42959","targetHints":{"allow":["GET"]}}],"collection":[{"href":"https:\/\/eltrabajo.cl\/portal\/wp-json\/wp\/v2\/media"}],"about":[{"href":"https:\/\/eltrabajo.cl\/portal\/wp-json\/wp\/v2\/types\/attachment"}],"author":[{"embeddable":true,"href":"https:\/\/eltrabajo.cl\/portal\/wp-json\/wp\/v2\/users\/1"}],"replies":[{"embeddable":true,"href":"https:\/\/eltrabajo.cl\/portal\/wp-json\/wp\/v2\/comments?post=42959"}],"wp:attached-to":[{"embeddable":true,"post_type":"post","id":42956,"href":"https:\/\/eltrabajo.cl\/portal\/wp-json\/wp\/v2\/posts\/42956"}],"curies":[{"name":"wp","href":"https:\/\/api.w.org\/{rel}","templated":true}]}}

<p class="attachment"><a href="https://i0.wp.com/eltrabajo.cl/portal/wp-content/uploads/2014/02/guillermo-rivera.jpg?ssl=1"><img loading="lazy" decoding="async" width="251" height="300" src="https://i0.wp.com/eltrabajo.cl/portal/wp-content/uploads/2014/02/guillermo-rivera.jpg?fit=251%2C300&amp;ssl=1" class="attachment-medium size-medium" alt="El tenista sanfelipeño destacó la posibilidad que brinda el municipio sanfelipeño en cuanto a generar una instancia de aprendizaje gratuito del tenis, a niños de la comuna." srcset="https://i0.wp.com/eltrabajo.cl/portal/wp-content/uploads/2014/02/guillermo-rivera.jpg?w=709&amp;ssl=1 709w, https://i0.wp.com/eltrabajo.cl/portal/wp-content/uploads/2014/02/guillermo-rivera.jpg?resize=125%2C150&amp;ssl=1 125w, https://i0.wp.com/eltrabajo.cl/portal/wp-content/uploads/2014/02/guillermo-rivera.jpg?resize=251%2C300&amp;ssl=1 251w, https://i0.wp.com/eltrabajo.cl/portal/wp-content/uploads/2014/02/guillermo-rivera.jpg?resize=400%2C477&amp;ssl=1 400w" sizes="auto, (max-width: 251px) 100vw, 251px" /></a></p>
<p>El tenista sanfelipeño destacó la posibilidad que brinda el municipio sanfelipeño en cuanto a generar una instancia de aprendizaje gratuito del tenis, a niños de la comuna.</p>

<p>El tenista sanfelipeño destacó la posibilidad que brinda el municipio sanfelipeño en cuanto a generar una instancia de aprendizaje gratuito del tenis, a niños de la comuna.</p>

El tenista sanfelipeño destacó la posibilidad que brinda el municipio sanfelipeño en cuanto a generar una instancia de aprendizaje gratuito del tenis, a niños de la comuna.
