{"id":42999,"date":"2014-02-11T10:07:26","date_gmt":"2014-02-11T13:07:26","guid":{"rendered":"http:\/\/www.eltrabajo.cl\/portal\/wp-content\/uploads\/2014\/02\/Aguatar3.jpg"},"modified":"2014-02-11T10:07:26","modified_gmt":"2014-02-11T13:07:26","slug":"aguatar3","status":"inherit","type":"attachment","link":"https:\/\/eltrabajo.cl\/portal\/plantando-40-arboles-en-el-parque-urbano-cientos-disfrutaron-de-aguatar-2014\/aguatar3\/","title":{"rendered":"Aguatar3"},"author":1,"featured_media":0,"comment_status":"open","ping_status":"closed","template":"","meta":{"advanced_seo_description":"","jetpack_seo_html_title":"","jetpack_seo_noindex":false},"class_list":["post-42999","attachment","type-attachment","status-inherit","hentry"],"jetpack_sharing_enabled":true,"jetpack_likes_enabled":true,"description":{"rendered":"<p class=\"attachment\"><a href=\"https:\/\/i0.wp.com\/eltrabajo.cl\/portal\/wp-content\/uploads\/2014\/02\/Aguatar3.jpg?ssl=1\"><img loading=\"lazy\" decoding=\"async\" width=\"300\" height=\"200\" src=\"https:\/\/i0.wp.com\/eltrabajo.cl\/portal\/wp-content\/uploads\/2014\/02\/Aguatar3.jpg?fit=300%2C200&amp;ssl=1\" class=\"attachment-medium size-medium\" alt=\"En este marco de sana convivencia de la comunidad andina, adem\u00e1s se plantaron 40 \u00e1rboles de la especie huing\u00e1n.\" srcset=\"https:\/\/i0.wp.com\/eltrabajo.cl\/portal\/wp-content\/uploads\/2014\/02\/Aguatar3.jpg?w=529&amp;ssl=1 529w, https:\/\/i0.wp.com\/eltrabajo.cl\/portal\/wp-content\/uploads\/2014\/02\/Aguatar3.jpg?resize=200%2C133&amp;ssl=1 200w, https:\/\/i0.wp.com\/eltrabajo.cl\/portal\/wp-content\/uploads\/2014\/02\/Aguatar3.jpg?resize=300%2C200&amp;ssl=1 300w, https:\/\/i0.wp.com\/eltrabajo.cl\/portal\/wp-content\/uploads\/2014\/02\/Aguatar3.jpg?resize=150%2C100&amp;ssl=1 150w, https:\/\/i0.wp.com\/eltrabajo.cl\/portal\/wp-content\/uploads\/2014\/02\/Aguatar3.jpg?resize=400%2C266&amp;ssl=1 400w\" sizes=\"auto, (max-width: 300px) 100vw, 300px\" \/><\/a><\/p>\n<p>En este marco de sana convivencia de la comunidad andina, adem\u00e1s se plantaron 40 \u00e1rboles de la especie huing\u00e1n.<\/p>\n"},"caption":{"rendered":"<p>En este marco de sana convivencia de la comunidad andina, adem\u00e1s se plantaron 40 \u00e1rboles de la especie huing\u00e1n.<\/p>\n"},"alt_text":"En este marco de sana convivencia de la comunidad andina, adem\u00e1s se plantaron 40 \u00e1rboles de la especie huing\u00e1n.","media_type":"image","mime_type":"image\/jpeg","media_details":{"width":529,"height":353,"file":"2014\/02\/Aguatar3.jpg","sizes":{"thumbnail":{"file":"Aguatar3-200x133.jpg","width":200,"height":133,"mime_type":"image\/jpeg","source_url":"https:\/\/i0.wp.com\/eltrabajo.cl\/portal\/wp-content\/uploads\/2014\/02\/Aguatar3.jpg?fit=200%2C133&ssl=1"},"medium":{"file":"Aguatar3-300x200.jpg","width":300,"height":200,"mime_type":"image\/jpeg","source_url":"https:\/\/i0.wp.com\/eltrabajo.cl\/portal\/wp-content\/uploads\/2014\/02\/Aguatar3.jpg?fit=300%2C200&ssl=1"},"post-thumbnail":{"file":"Aguatar3-150x100.jpg","width":150,"height":100,"mime_type":"image\/jpeg","source_url":"https:\/\/i0.wp.com\/eltrabajo.cl\/portal\/wp-content\/uploads\/2014\/02\/Aguatar3.jpg?fit=150%2C100&ssl=1"},"single-post-thumbnail":{"file":"Aguatar3-400x266.jpg","width":400,"height":266,"mime_type":"image\/jpeg","source_url":"https:\/\/eltrabajo.cl\/portal\/wp-content\/uploads\/2014\/02\/Aguatar3-400x266.jpg"},"full":{"file":"Aguatar3.jpg?fit=529%2C353&ssl=1","width":529,"height":353,"mime_type":"image\/jpeg","source_url":"https:\/\/i0.wp.com\/eltrabajo.cl\/portal\/wp-content\/uploads\/2014\/02\/Aguatar3.jpg?fit=529%2C353&ssl=1"}},"image_meta":{"aperture":18,"credit":"","camera":"Canon EOS REBEL T3","caption":"","created_timestamp":1360425884,"copyright":"","focal_length":"18","iso":"800","shutter_speed":"0.005","title":""}},"post":42996,"source_url":"https:\/\/eltrabajo.cl\/portal\/wp-content\/uploads\/2014\/02\/Aguatar3.jpg","_links":{"self":[{"href":"https:\/\/eltrabajo.cl\/portal\/wp-json\/wp\/v2\/media\/42999","targetHints":{"allow":["GET"]}}],"collection":[{"href":"https:\/\/eltrabajo.cl\/portal\/wp-json\/wp\/v2\/media"}],"about":[{"href":"https:\/\/eltrabajo.cl\/portal\/wp-json\/wp\/v2\/types\/attachment"}],"author":[{"embeddable":true,"href":"https:\/\/eltrabajo.cl\/portal\/wp-json\/wp\/v2\/users\/1"}],"replies":[{"embeddable":true,"href":"https:\/\/eltrabajo.cl\/portal\/wp-json\/wp\/v2\/comments?post=42999"}],"wp:attached-to":[{"embeddable":true,"post_type":"post","id":42996,"href":"https:\/\/eltrabajo.cl\/portal\/wp-json\/wp\/v2\/posts\/42996"}],"curies":[{"name":"wp","href":"https:\/\/api.w.org\/{rel}","templated":true}]}}

<p class="attachment"><a href="https://i0.wp.com/eltrabajo.cl/portal/wp-content/uploads/2014/02/Aguatar3.jpg?ssl=1"><img loading="lazy" decoding="async" width="300" height="200" src="https://i0.wp.com/eltrabajo.cl/portal/wp-content/uploads/2014/02/Aguatar3.jpg?fit=300%2C200&amp;ssl=1" class="attachment-medium size-medium" alt="En este marco de sana convivencia de la comunidad andina, además se plantaron 40 árboles de la especie huingán." srcset="https://i0.wp.com/eltrabajo.cl/portal/wp-content/uploads/2014/02/Aguatar3.jpg?w=529&amp;ssl=1 529w, https://i0.wp.com/eltrabajo.cl/portal/wp-content/uploads/2014/02/Aguatar3.jpg?resize=200%2C133&amp;ssl=1 200w, https://i0.wp.com/eltrabajo.cl/portal/wp-content/uploads/2014/02/Aguatar3.jpg?resize=300%2C200&amp;ssl=1 300w, https://i0.wp.com/eltrabajo.cl/portal/wp-content/uploads/2014/02/Aguatar3.jpg?resize=150%2C100&amp;ssl=1 150w, https://i0.wp.com/eltrabajo.cl/portal/wp-content/uploads/2014/02/Aguatar3.jpg?resize=400%2C266&amp;ssl=1 400w" sizes="auto, (max-width: 300px) 100vw, 300px" /></a></p>
<p>En este marco de sana convivencia de la comunidad andina, además se plantaron 40 árboles de la especie huingán.</p>

<p>En este marco de sana convivencia de la comunidad andina, además se plantaron 40 árboles de la especie huingán.</p>

En este marco de sana convivencia de la comunidad andina, además se plantaron 40 árboles de la especie huingán.
