{"id":43064,"date":"2014-02-13T12:21:18","date_gmt":"2014-02-13T15:21:18","guid":{"rendered":"http:\/\/www.eltrabajo.cl\/portal\/wp-content\/uploads\/2014\/02\/Jorge-Jara.jpg"},"modified":"2014-02-13T12:21:18","modified_gmt":"2014-02-13T15:21:18","slug":"jorge-jara-10","status":"inherit","type":"attachment","link":"https:\/\/eltrabajo.cl\/portal\/municipalidad-inicia-proceso-para-sacar-a-comerciantes-de-la-terraza\/jorge-jara-10\/","title":{"rendered":"Jorge Jara"},"author":1,"featured_media":0,"comment_status":"open","ping_status":"closed","template":"","meta":{"advanced_seo_description":"","jetpack_seo_html_title":"","jetpack_seo_noindex":false},"class_list":["post-43064","attachment","type-attachment","status-inherit","hentry"],"jetpack_sharing_enabled":true,"jetpack_likes_enabled":true,"description":{"rendered":"<p class=\"attachment\"><a href=\"https:\/\/i0.wp.com\/eltrabajo.cl\/portal\/wp-content\/uploads\/2014\/02\/Jorge-Jara-e1392304972580.jpg?ssl=1\"><img loading=\"lazy\" decoding=\"async\" width=\"224\" height=\"300\" src=\"https:\/\/i0.wp.com\/eltrabajo.cl\/portal\/wp-content\/uploads\/2014\/02\/Jorge-Jara-e1392304972580.jpg?fit=224%2C300&amp;ssl=1\" class=\"attachment-medium size-medium\" alt=\"El alcalde (S) de San Felipe, Jorge Jara, se\u00f1al\u00f3 que esperan durante el mes aniversario de la comuna, entregar al uso p\u00fablico, la terraza de la Plaza de Armas.\" \/><\/a><\/p>\n<p>El alcalde (S) de San Felipe, Jorge Jara, se\u00f1al\u00f3 que esperan durante el mes aniversario de la comuna, entregar al uso p\u00fablico, la terraza de la Plaza de Armas.\t<\/p>\n"},"caption":{"rendered":"<p>El alcalde (S) de San Felipe, Jorge Jara, se\u00f1al\u00f3 que esperan durante el mes aniversario de la comuna, entregar al uso p\u00fablico, la terraza de la Plaza de Armas.\t<\/p>\n"},"alt_text":"El alcalde (S) de San Felipe, Jorge Jara, se\u00f1al\u00f3 que esperan durante el mes aniversario de la comuna, entregar al uso p\u00fablico, la terraza de la Plaza de Armas.","media_type":"image","mime_type":"image\/jpeg","media_details":{"width":300,"height":401,"file":"2014\/02\/Jorge-Jara-e1392304972580.jpg","sizes":{"thumbnail":{"file":"Jorge-Jara-112x150.jpg","width":112,"height":150,"mime_type":"image\/jpeg","source_url":"https:\/\/i0.wp.com\/eltrabajo.cl\/portal\/wp-content\/uploads\/2014\/02\/Jorge-Jara-e1392304972580.jpg?fit=112%2C150&ssl=1"},"medium":{"file":"Jorge-Jara-224x300.jpg","width":224,"height":300,"mime_type":"image\/jpeg","source_url":"https:\/\/i0.wp.com\/eltrabajo.cl\/portal\/wp-content\/uploads\/2014\/02\/Jorge-Jara-e1392304972580.jpg?fit=224%2C300&ssl=1"},"post-thumbnail":{"file":"Jorge-Jara-112x150.jpg","width":112,"height":150,"mime_type":"image\/jpeg","source_url":"https:\/\/i0.wp.com\/eltrabajo.cl\/portal\/wp-content\/uploads\/2014\/02\/Jorge-Jara-e1392304972580.jpg?fit=112%2C150&ssl=1"},"single-post-thumbnail":{"file":"Jorge-Jara-400x534.jpg","width":400,"height":534,"mime_type":"image\/jpeg","source_url":"https:\/\/eltrabajo.cl\/portal\/wp-content\/uploads\/2014\/02\/Jorge-Jara-400x534.jpg"},"full":{"file":"Jorge-Jara-e1392304972580.jpg?fit=300%2C401&ssl=1","width":300,"height":401,"mime_type":"image\/jpeg","source_url":"https:\/\/i0.wp.com\/eltrabajo.cl\/portal\/wp-content\/uploads\/2014\/02\/Jorge-Jara-e1392304972580.jpg?fit=300%2C401&ssl=1"}},"image_meta":{"aperture":9,"credit":"","camera":"Canon EOS REBEL T3i","caption":"","created_timestamp":1296066630,"copyright":"","focal_length":"27","iso":"1600","shutter_speed":"0.004","title":""}},"post":43063,"source_url":"https:\/\/eltrabajo.cl\/portal\/wp-content\/uploads\/2014\/02\/Jorge-Jara-e1392304972580.jpg","_links":{"self":[{"href":"https:\/\/eltrabajo.cl\/portal\/wp-json\/wp\/v2\/media\/43064","targetHints":{"allow":["GET"]}}],"collection":[{"href":"https:\/\/eltrabajo.cl\/portal\/wp-json\/wp\/v2\/media"}],"about":[{"href":"https:\/\/eltrabajo.cl\/portal\/wp-json\/wp\/v2\/types\/attachment"}],"author":[{"embeddable":true,"href":"https:\/\/eltrabajo.cl\/portal\/wp-json\/wp\/v2\/users\/1"}],"replies":[{"embeddable":true,"href":"https:\/\/eltrabajo.cl\/portal\/wp-json\/wp\/v2\/comments?post=43064"}],"wp:attached-to":[{"embeddable":true,"post_type":"post","id":43063,"href":"https:\/\/eltrabajo.cl\/portal\/wp-json\/wp\/v2\/posts\/43063"}],"curies":[{"name":"wp","href":"https:\/\/api.w.org\/{rel}","templated":true}]}}

<p class="attachment"><a href="https://i0.wp.com/eltrabajo.cl/portal/wp-content/uploads/2014/02/Jorge-Jara-e1392304972580.jpg?ssl=1"><img loading="lazy" decoding="async" width="224" height="300" src="https://i0.wp.com/eltrabajo.cl/portal/wp-content/uploads/2014/02/Jorge-Jara-e1392304972580.jpg?fit=224%2C300&amp;ssl=1" class="attachment-medium size-medium" alt="El alcalde (S) de San Felipe, Jorge Jara, señaló que esperan durante el mes aniversario de la comuna, entregar al uso público, la terraza de la Plaza de Armas." /></a></p>
<p>El alcalde (S) de San Felipe, Jorge Jara, señaló que esperan durante el mes aniversario de la comuna, entregar al uso público, la terraza de la Plaza de Armas.	</p>

<p>El alcalde (S) de San Felipe, Jorge Jara, señaló que esperan durante el mes aniversario de la comuna, entregar al uso público, la terraza de la Plaza de Armas.	</p>

El alcalde (S) de San Felipe, Jorge Jara, señaló que esperan durante el mes aniversario de la comuna, entregar al uso público, la terraza de la Plaza de Armas.
