{"id":43207,"date":"2014-02-18T09:32:08","date_gmt":"2014-02-18T12:32:08","guid":{"rendered":"http:\/\/www.eltrabajo.cl\/portal\/wp-content\/uploads\/2014\/02\/Elenco1.jpg"},"modified":"2014-02-18T09:32:08","modified_gmt":"2014-02-18T12:32:08","slug":"elenco1","status":"inherit","type":"attachment","link":"https:\/\/eltrabajo.cl\/portal\/artista-sanfelipeno-gano-el-primer-festival-de-muralismo-2014\/elenco1\/","title":{"rendered":"Elenco1"},"author":1,"featured_media":0,"comment_status":"open","ping_status":"closed","template":"","meta":{"advanced_seo_description":"","jetpack_seo_html_title":"","jetpack_seo_noindex":false},"class_list":["post-43207","attachment","type-attachment","status-inherit","hentry"],"jetpack_sharing_enabled":true,"jetpack_likes_enabled":true,"description":{"rendered":"<p class=\"attachment\"><a href=\"https:\/\/i0.wp.com\/eltrabajo.cl\/portal\/wp-content\/uploads\/2014\/02\/Elenco1.jpg?ssl=1\"><img loading=\"lazy\" decoding=\"async\" width=\"300\" height=\"154\" src=\"https:\/\/i0.wp.com\/eltrabajo.cl\/portal\/wp-content\/uploads\/2014\/02\/Elenco1.jpg?fit=300%2C154&amp;ssl=1\" class=\"attachment-medium size-medium\" alt=\"ORGANIZADORES.- El Alcalde Guillermo Reyes particip\u00f3 activamente en este festival muralista en Putaendo, tambi\u00e9n pag\u00f3 a los ganadores ayer lunes en la ma\u00f1ana.\" srcset=\"https:\/\/i0.wp.com\/eltrabajo.cl\/portal\/wp-content\/uploads\/2014\/02\/Elenco1.jpg?w=529&amp;ssl=1 529w, https:\/\/i0.wp.com\/eltrabajo.cl\/portal\/wp-content\/uploads\/2014\/02\/Elenco1.jpg?resize=200%2C102&amp;ssl=1 200w, https:\/\/i0.wp.com\/eltrabajo.cl\/portal\/wp-content\/uploads\/2014\/02\/Elenco1.jpg?resize=300%2C154&amp;ssl=1 300w, https:\/\/i0.wp.com\/eltrabajo.cl\/portal\/wp-content\/uploads\/2014\/02\/Elenco1.jpg?resize=150%2C77&amp;ssl=1 150w, https:\/\/i0.wp.com\/eltrabajo.cl\/portal\/wp-content\/uploads\/2014\/02\/Elenco1.jpg?resize=400%2C205&amp;ssl=1 400w\" sizes=\"auto, (max-width: 300px) 100vw, 300px\" \/><\/a><\/p>\n<p>ORGANIZADORES.- El Alcalde Guillermo Reyes particip\u00f3 activamente en este festival muralista en Putaendo, tambi\u00e9n pag\u00f3 a los ganadores ayer lunes en la ma\u00f1ana.<\/p>\n"},"caption":{"rendered":"<p>ORGANIZADORES.- El Alcalde Guillermo Reyes particip\u00f3 activamente en este festival muralista en Putaendo, tambi\u00e9n pag\u00f3 a los ganadores ayer lunes en la ma\u00f1ana.<\/p>\n"},"alt_text":"ORGANIZADORES.- El Alcalde Guillermo Reyes particip\u00f3 activamente en este festival muralista en Putaendo, tambi\u00e9n pag\u00f3 a los ganadores ayer lunes en la ma\u00f1ana.","media_type":"image","mime_type":"image\/jpeg","media_details":{"width":529,"height":272,"file":"2014\/02\/Elenco1.jpg","sizes":{"thumbnail":{"file":"Elenco1-200x102.jpg","width":200,"height":102,"mime_type":"image\/jpeg","source_url":"https:\/\/i0.wp.com\/eltrabajo.cl\/portal\/wp-content\/uploads\/2014\/02\/Elenco1.jpg?fit=200%2C102&ssl=1"},"medium":{"file":"Elenco1-300x154.jpg","width":300,"height":154,"mime_type":"image\/jpeg","source_url":"https:\/\/i0.wp.com\/eltrabajo.cl\/portal\/wp-content\/uploads\/2014\/02\/Elenco1.jpg?fit=300%2C154&ssl=1"},"post-thumbnail":{"file":"Elenco1-150x77.jpg","width":150,"height":77,"mime_type":"image\/jpeg","source_url":"https:\/\/i0.wp.com\/eltrabajo.cl\/portal\/wp-content\/uploads\/2014\/02\/Elenco1.jpg?fit=150%2C77&ssl=1"},"single-post-thumbnail":{"file":"Elenco1-400x205.jpg","width":400,"height":205,"mime_type":"image\/jpeg","source_url":"https:\/\/eltrabajo.cl\/portal\/wp-content\/uploads\/2014\/02\/Elenco1-400x205.jpg"},"full":{"file":"Elenco1.jpg?fit=529%2C272&ssl=1","width":529,"height":272,"mime_type":"image\/jpeg","source_url":"https:\/\/i0.wp.com\/eltrabajo.cl\/portal\/wp-content\/uploads\/2014\/02\/Elenco1.jpg?fit=529%2C272&ssl=1"}},"image_meta":{"aperture":3.100000000000000088817841970012523233890533447265625,"credit":"","camera":"ST200 \/ ST200F \/ ST201 \/ ST201F \/ ST205F","caption":"","created_timestamp":1392497617,"copyright":"COPYRIGHT, 2010","focal_length":"4.9","iso":"640","shutter_speed":"0.033333333333333","title":""}},"post":43203,"source_url":"https:\/\/eltrabajo.cl\/portal\/wp-content\/uploads\/2014\/02\/Elenco1.jpg","_links":{"self":[{"href":"https:\/\/eltrabajo.cl\/portal\/wp-json\/wp\/v2\/media\/43207","targetHints":{"allow":["GET"]}}],"collection":[{"href":"https:\/\/eltrabajo.cl\/portal\/wp-json\/wp\/v2\/media"}],"about":[{"href":"https:\/\/eltrabajo.cl\/portal\/wp-json\/wp\/v2\/types\/attachment"}],"author":[{"embeddable":true,"href":"https:\/\/eltrabajo.cl\/portal\/wp-json\/wp\/v2\/users\/1"}],"replies":[{"embeddable":true,"href":"https:\/\/eltrabajo.cl\/portal\/wp-json\/wp\/v2\/comments?post=43207"}],"wp:attached-to":[{"embeddable":true,"post_type":"post","id":43203,"href":"https:\/\/eltrabajo.cl\/portal\/wp-json\/wp\/v2\/posts\/43203"}],"curies":[{"name":"wp","href":"https:\/\/api.w.org\/{rel}","templated":true}]}}

<p class="attachment"><a href="https://i0.wp.com/eltrabajo.cl/portal/wp-content/uploads/2014/02/Elenco1.jpg?ssl=1"><img loading="lazy" decoding="async" width="300" height="154" src="https://i0.wp.com/eltrabajo.cl/portal/wp-content/uploads/2014/02/Elenco1.jpg?fit=300%2C154&amp;ssl=1" class="attachment-medium size-medium" alt="ORGANIZADORES.- El Alcalde Guillermo Reyes participó activamente en este festival muralista en Putaendo, también pagó a los ganadores ayer lunes en la mañana." srcset="https://i0.wp.com/eltrabajo.cl/portal/wp-content/uploads/2014/02/Elenco1.jpg?w=529&amp;ssl=1 529w, https://i0.wp.com/eltrabajo.cl/portal/wp-content/uploads/2014/02/Elenco1.jpg?resize=200%2C102&amp;ssl=1 200w, https://i0.wp.com/eltrabajo.cl/portal/wp-content/uploads/2014/02/Elenco1.jpg?resize=300%2C154&amp;ssl=1 300w, https://i0.wp.com/eltrabajo.cl/portal/wp-content/uploads/2014/02/Elenco1.jpg?resize=150%2C77&amp;ssl=1 150w, https://i0.wp.com/eltrabajo.cl/portal/wp-content/uploads/2014/02/Elenco1.jpg?resize=400%2C205&amp;ssl=1 400w" sizes="auto, (max-width: 300px) 100vw, 300px" /></a></p>
<p>ORGANIZADORES.- El Alcalde Guillermo Reyes participó activamente en este festival muralista en Putaendo, también pagó a los ganadores ayer lunes en la mañana.</p>

<p>ORGANIZADORES.- El Alcalde Guillermo Reyes participó activamente en este festival muralista en Putaendo, también pagó a los ganadores ayer lunes en la mañana.</p>

ORGANIZADORES.- El Alcalde Guillermo Reyes participó activamente en este festival muralista en Putaendo, también pagó a los ganadores ayer lunes en la mañana.
