{"id":43275,"date":"2014-02-19T09:34:11","date_gmt":"2014-02-19T12:34:11","guid":{"rendered":"http:\/\/www.eltrabajo.cl\/portal\/wp-content\/uploads\/2014\/02\/los-bunkers.jpg"},"modified":"2014-02-19T09:34:11","modified_gmt":"2014-02-19T12:34:11","slug":"los-bunkers","status":"inherit","type":"attachment","link":"https:\/\/eltrabajo.cl\/portal\/americo-los-jaivas-illapu-y-los-bunkers-se-presentaran-en-el-palmenia-pizarro\/los-bunkers\/","title":{"rendered":"los-bunkers"},"author":1,"featured_media":0,"comment_status":"open","ping_status":"closed","template":"","meta":{"advanced_seo_description":"","jetpack_seo_html_title":"","jetpack_seo_noindex":false},"class_list":["post-43275","attachment","type-attachment","status-inherit","hentry"],"jetpack_sharing_enabled":true,"jetpack_likes_enabled":true,"description":{"rendered":"<p class=\"attachment\"><a href=\"https:\/\/i0.wp.com\/eltrabajo.cl\/portal\/wp-content\/uploads\/2014\/02\/los-bunkers.jpg?ssl=1\"><img loading=\"lazy\" decoding=\"async\" width=\"300\" height=\"203\" src=\"https:\/\/i0.wp.com\/eltrabajo.cl\/portal\/wp-content\/uploads\/2014\/02\/los-bunkers.jpg?fit=300%2C203&amp;ssl=1\" class=\"attachment-medium size-medium\" alt=\"Los Bunkers, el grupo nacional m\u00e1s importante en la actualidad, estar\u00e1 brindando todos sus grandes \u00e9xitos al cierre de la noche inaugural del certamen sanfelipe\u00f1o.\" srcset=\"https:\/\/i0.wp.com\/eltrabajo.cl\/portal\/wp-content\/uploads\/2014\/02\/los-bunkers.jpg?w=529&amp;ssl=1 529w, https:\/\/i0.wp.com\/eltrabajo.cl\/portal\/wp-content\/uploads\/2014\/02\/los-bunkers.jpg?resize=200%2C135&amp;ssl=1 200w, https:\/\/i0.wp.com\/eltrabajo.cl\/portal\/wp-content\/uploads\/2014\/02\/los-bunkers.jpg?resize=300%2C203&amp;ssl=1 300w, https:\/\/i0.wp.com\/eltrabajo.cl\/portal\/wp-content\/uploads\/2014\/02\/los-bunkers.jpg?resize=150%2C101&amp;ssl=1 150w, https:\/\/i0.wp.com\/eltrabajo.cl\/portal\/wp-content\/uploads\/2014\/02\/los-bunkers.jpg?resize=400%2C270&amp;ssl=1 400w\" sizes=\"auto, (max-width: 300px) 100vw, 300px\" \/><\/a><\/p>\n<p>Los Bunkers, el grupo nacional m\u00e1s importante en la actualidad, estar\u00e1 brindando todos sus grandes \u00e9xitos al cierre de la noche inaugural del certamen sanfelipe\u00f1o.<\/p>\n"},"caption":{"rendered":"<p>Los Bunkers, el grupo nacional m\u00e1s importante en la actualidad, estar\u00e1 brindando todos sus grandes \u00e9xitos al cierre de la noche inaugural del certamen sanfelipe\u00f1o.<\/p>\n"},"alt_text":"Los Bunkers, el grupo nacional m\u00e1s importante en la actualidad, estar\u00e1 brindando todos sus grandes \u00e9xitos al cierre de la noche inaugural del certamen sanfelipe\u00f1o.","media_type":"image","mime_type":"image\/jpeg","media_details":{"width":529,"height":358,"file":"2014\/02\/los-bunkers.jpg","sizes":{"thumbnail":{"file":"los-bunkers-200x135.jpg","width":200,"height":135,"mime_type":"image\/jpeg","source_url":"https:\/\/i0.wp.com\/eltrabajo.cl\/portal\/wp-content\/uploads\/2014\/02\/los-bunkers.jpg?fit=200%2C135&ssl=1"},"medium":{"file":"los-bunkers-300x203.jpg","width":300,"height":203,"mime_type":"image\/jpeg","source_url":"https:\/\/i0.wp.com\/eltrabajo.cl\/portal\/wp-content\/uploads\/2014\/02\/los-bunkers.jpg?fit=300%2C203&ssl=1"},"post-thumbnail":{"file":"los-bunkers-150x101.jpg","width":150,"height":101,"mime_type":"image\/jpeg","source_url":"https:\/\/i0.wp.com\/eltrabajo.cl\/portal\/wp-content\/uploads\/2014\/02\/los-bunkers.jpg?fit=150%2C101&ssl=1"},"single-post-thumbnail":{"file":"los-bunkers-400x270.jpg","width":400,"height":270,"mime_type":"image\/jpeg","source_url":"https:\/\/eltrabajo.cl\/portal\/wp-content\/uploads\/2014\/02\/los-bunkers-400x270.jpg"},"full":{"file":"los-bunkers.jpg?fit=529%2C358&ssl=1","width":529,"height":358,"mime_type":"image\/jpeg","source_url":"https:\/\/i0.wp.com\/eltrabajo.cl\/portal\/wp-content\/uploads\/2014\/02\/los-bunkers.jpg?fit=529%2C358&ssl=1"}},"image_meta":{"aperture":9.5,"credit":"","camera":"Canon EOS 10D","caption":"","created_timestamp":1123076192,"copyright":"","focal_length":"50","iso":"400","shutter_speed":"0.022222222222222","title":""}},"post":43270,"source_url":"https:\/\/eltrabajo.cl\/portal\/wp-content\/uploads\/2014\/02\/los-bunkers.jpg","_links":{"self":[{"href":"https:\/\/eltrabajo.cl\/portal\/wp-json\/wp\/v2\/media\/43275","targetHints":{"allow":["GET"]}}],"collection":[{"href":"https:\/\/eltrabajo.cl\/portal\/wp-json\/wp\/v2\/media"}],"about":[{"href":"https:\/\/eltrabajo.cl\/portal\/wp-json\/wp\/v2\/types\/attachment"}],"author":[{"embeddable":true,"href":"https:\/\/eltrabajo.cl\/portal\/wp-json\/wp\/v2\/users\/1"}],"replies":[{"embeddable":true,"href":"https:\/\/eltrabajo.cl\/portal\/wp-json\/wp\/v2\/comments?post=43275"}],"wp:attached-to":[{"embeddable":true,"post_type":"post","id":43270,"href":"https:\/\/eltrabajo.cl\/portal\/wp-json\/wp\/v2\/posts\/43270"}],"curies":[{"name":"wp","href":"https:\/\/api.w.org\/{rel}","templated":true}]}}

<p class="attachment"><a href="https://i0.wp.com/eltrabajo.cl/portal/wp-content/uploads/2014/02/los-bunkers.jpg?ssl=1"><img loading="lazy" decoding="async" width="300" height="203" src="https://i0.wp.com/eltrabajo.cl/portal/wp-content/uploads/2014/02/los-bunkers.jpg?fit=300%2C203&amp;ssl=1" class="attachment-medium size-medium" alt="Los Bunkers, el grupo nacional más importante en la actualidad, estará brindando todos sus grandes éxitos al cierre de la noche inaugural del certamen sanfelipeño." srcset="https://i0.wp.com/eltrabajo.cl/portal/wp-content/uploads/2014/02/los-bunkers.jpg?w=529&amp;ssl=1 529w, https://i0.wp.com/eltrabajo.cl/portal/wp-content/uploads/2014/02/los-bunkers.jpg?resize=200%2C135&amp;ssl=1 200w, https://i0.wp.com/eltrabajo.cl/portal/wp-content/uploads/2014/02/los-bunkers.jpg?resize=300%2C203&amp;ssl=1 300w, https://i0.wp.com/eltrabajo.cl/portal/wp-content/uploads/2014/02/los-bunkers.jpg?resize=150%2C101&amp;ssl=1 150w, https://i0.wp.com/eltrabajo.cl/portal/wp-content/uploads/2014/02/los-bunkers.jpg?resize=400%2C270&amp;ssl=1 400w" sizes="auto, (max-width: 300px) 100vw, 300px" /></a></p>
<p>Los Bunkers, el grupo nacional más importante en la actualidad, estará brindando todos sus grandes éxitos al cierre de la noche inaugural del certamen sanfelipeño.</p>

<p>Los Bunkers, el grupo nacional más importante en la actualidad, estará brindando todos sus grandes éxitos al cierre de la noche inaugural del certamen sanfelipeño.</p>

Los Bunkers, el grupo nacional más importante en la actualidad, estará brindando todos sus grandes éxitos al cierre de la noche inaugural del certamen sanfelipeño.
