{"id":43463,"date":"2014-02-24T09:24:14","date_gmt":"2014-02-24T12:24:14","guid":{"rendered":"http:\/\/www.eltrabajo.cl\/portal\/wp-content\/uploads\/2014\/02\/alcalde-reyes-chaya.jpg"},"modified":"2014-02-24T09:24:14","modified_gmt":"2014-02-24T12:24:14","slug":"alcalde-reyes-chaya","status":"inherit","type":"attachment","link":"https:\/\/eltrabajo.cl\/portal\/reina-de-la-chaya-y-manuel-garcia-causan-furor-en-ultima-noche-de-carnaval\/alcalde-reyes-chaya\/","title":{"rendered":"alcalde reyes chaya"},"author":1,"featured_media":0,"comment_status":"open","ping_status":"closed","template":"","meta":{"advanced_seo_description":"","jetpack_seo_html_title":"","jetpack_seo_noindex":false},"class_list":["post-43463","attachment","type-attachment","status-inherit","hentry"],"jetpack_sharing_enabled":true,"jetpack_likes_enabled":true,"description":{"rendered":"<p class=\"attachment\"><a href=\"https:\/\/i0.wp.com\/eltrabajo.cl\/portal\/wp-content\/uploads\/2014\/02\/alcalde-reyes-chaya.jpg?ssl=1\"><img loading=\"lazy\" decoding=\"async\" width=\"300\" height=\"203\" src=\"https:\/\/i0.wp.com\/eltrabajo.cl\/portal\/wp-content\/uploads\/2014\/02\/alcalde-reyes-chaya.jpg?fit=300%2C203&amp;ssl=1\" class=\"attachment-medium size-medium\" alt=\"Con la presencia del alcalde Guillermo Reyes y casi la totalidad del Concejo Municipal, se inici\u00f3 pasadas las 22:00 horas la \u00faltima noche del Carnaval de la Chaya, evento que cont\u00f3 con un gran marco de p\u00fablico.\" srcset=\"https:\/\/i0.wp.com\/eltrabajo.cl\/portal\/wp-content\/uploads\/2014\/02\/alcalde-reyes-chaya.jpg?w=528&amp;ssl=1 528w, https:\/\/i0.wp.com\/eltrabajo.cl\/portal\/wp-content\/uploads\/2014\/02\/alcalde-reyes-chaya.jpg?resize=200%2C135&amp;ssl=1 200w, https:\/\/i0.wp.com\/eltrabajo.cl\/portal\/wp-content\/uploads\/2014\/02\/alcalde-reyes-chaya.jpg?resize=300%2C203&amp;ssl=1 300w, https:\/\/i0.wp.com\/eltrabajo.cl\/portal\/wp-content\/uploads\/2014\/02\/alcalde-reyes-chaya.jpg?resize=150%2C101&amp;ssl=1 150w, https:\/\/i0.wp.com\/eltrabajo.cl\/portal\/wp-content\/uploads\/2014\/02\/alcalde-reyes-chaya.jpg?resize=400%2C271&amp;ssl=1 400w\" sizes=\"auto, (max-width: 300px) 100vw, 300px\" \/><\/a><\/p>\n<p>Con la presencia del alcalde Guillermo Reyes y casi la totalidad del Concejo Municipal, se inici\u00f3 pasadas las 22:00 horas la \u00faltima noche del Carnaval de la Chaya, evento que cont\u00f3 con un gran marco de p\u00fablico.<\/p>\n"},"caption":{"rendered":"<p>Con la presencia del alcalde Guillermo Reyes y casi la totalidad del Concejo Municipal, se inici\u00f3 pasadas las 22:00 horas la \u00faltima noche del Carnaval de la Chaya, evento que cont\u00f3 con un gran marco de p\u00fablico.<\/p>\n"},"alt_text":"Con la presencia del alcalde Guillermo Reyes y casi la totalidad del Concejo Municipal, se inici\u00f3 pasadas las 22:00 horas la \u00faltima noche del Carnaval de la Chaya, evento que cont\u00f3 con un gran marco de p\u00fablico.","media_type":"image","mime_type":"image\/jpeg","media_details":{"width":528,"height":358,"file":"2014\/02\/alcalde-reyes-chaya.jpg","sizes":{"thumbnail":{"file":"alcalde-reyes-chaya-200x135.jpg","width":200,"height":135,"mime_type":"image\/jpeg","source_url":"https:\/\/i0.wp.com\/eltrabajo.cl\/portal\/wp-content\/uploads\/2014\/02\/alcalde-reyes-chaya.jpg?fit=200%2C135&ssl=1"},"medium":{"file":"alcalde-reyes-chaya-300x203.jpg","width":300,"height":203,"mime_type":"image\/jpeg","source_url":"https:\/\/i0.wp.com\/eltrabajo.cl\/portal\/wp-content\/uploads\/2014\/02\/alcalde-reyes-chaya.jpg?fit=300%2C203&ssl=1"},"post-thumbnail":{"file":"alcalde-reyes-chaya-150x101.jpg","width":150,"height":101,"mime_type":"image\/jpeg","source_url":"https:\/\/i0.wp.com\/eltrabajo.cl\/portal\/wp-content\/uploads\/2014\/02\/alcalde-reyes-chaya.jpg?fit=150%2C101&ssl=1"},"single-post-thumbnail":{"file":"alcalde-reyes-chaya-400x271.jpg","width":400,"height":271,"mime_type":"image\/jpeg","source_url":"https:\/\/eltrabajo.cl\/portal\/wp-content\/uploads\/2014\/02\/alcalde-reyes-chaya-400x271.jpg"},"full":{"file":"alcalde-reyes-chaya.jpg?fit=528%2C358&ssl=1","width":528,"height":358,"mime_type":"image\/jpeg","source_url":"https:\/\/i0.wp.com\/eltrabajo.cl\/portal\/wp-content\/uploads\/2014\/02\/alcalde-reyes-chaya.jpg?fit=528%2C358&ssl=1"}},"image_meta":{"aperture":5.5999999999999996447286321199499070644378662109375,"credit":"","camera":"Canon EOS REBEL T3","caption":"","created_timestamp":1380332013,"copyright":"","focal_length":"21","iso":"3200","shutter_speed":"0.005","title":""}},"post":43462,"source_url":"https:\/\/eltrabajo.cl\/portal\/wp-content\/uploads\/2014\/02\/alcalde-reyes-chaya.jpg","_links":{"self":[{"href":"https:\/\/eltrabajo.cl\/portal\/wp-json\/wp\/v2\/media\/43463","targetHints":{"allow":["GET"]}}],"collection":[{"href":"https:\/\/eltrabajo.cl\/portal\/wp-json\/wp\/v2\/media"}],"about":[{"href":"https:\/\/eltrabajo.cl\/portal\/wp-json\/wp\/v2\/types\/attachment"}],"author":[{"embeddable":true,"href":"https:\/\/eltrabajo.cl\/portal\/wp-json\/wp\/v2\/users\/1"}],"replies":[{"embeddable":true,"href":"https:\/\/eltrabajo.cl\/portal\/wp-json\/wp\/v2\/comments?post=43463"}],"wp:attached-to":[{"embeddable":true,"post_type":"post","id":43462,"href":"https:\/\/eltrabajo.cl\/portal\/wp-json\/wp\/v2\/posts\/43462"}],"curies":[{"name":"wp","href":"https:\/\/api.w.org\/{rel}","templated":true}]}}

<p class="attachment"><a href="https://i0.wp.com/eltrabajo.cl/portal/wp-content/uploads/2014/02/alcalde-reyes-chaya.jpg?ssl=1"><img loading="lazy" decoding="async" width="300" height="203" src="https://i0.wp.com/eltrabajo.cl/portal/wp-content/uploads/2014/02/alcalde-reyes-chaya.jpg?fit=300%2C203&amp;ssl=1" class="attachment-medium size-medium" alt="Con la presencia del alcalde Guillermo Reyes y casi la totalidad del Concejo Municipal, se inició pasadas las 22:00 horas la última noche del Carnaval de la Chaya, evento que contó con un gran marco de público." srcset="https://i0.wp.com/eltrabajo.cl/portal/wp-content/uploads/2014/02/alcalde-reyes-chaya.jpg?w=528&amp;ssl=1 528w, https://i0.wp.com/eltrabajo.cl/portal/wp-content/uploads/2014/02/alcalde-reyes-chaya.jpg?resize=200%2C135&amp;ssl=1 200w, https://i0.wp.com/eltrabajo.cl/portal/wp-content/uploads/2014/02/alcalde-reyes-chaya.jpg?resize=300%2C203&amp;ssl=1 300w, https://i0.wp.com/eltrabajo.cl/portal/wp-content/uploads/2014/02/alcalde-reyes-chaya.jpg?resize=150%2C101&amp;ssl=1 150w, https://i0.wp.com/eltrabajo.cl/portal/wp-content/uploads/2014/02/alcalde-reyes-chaya.jpg?resize=400%2C271&amp;ssl=1 400w" sizes="auto, (max-width: 300px) 100vw, 300px" /></a></p>
<p>Con la presencia del alcalde Guillermo Reyes y casi la totalidad del Concejo Municipal, se inició pasadas las 22:00 horas la última noche del Carnaval de la Chaya, evento que contó con un gran marco de público.</p>

<p>Con la presencia del alcalde Guillermo Reyes y casi la totalidad del Concejo Municipal, se inició pasadas las 22:00 horas la última noche del Carnaval de la Chaya, evento que contó con un gran marco de público.</p>

Con la presencia del alcalde Guillermo Reyes y casi la totalidad del Concejo Municipal, se inició pasadas las 22:00 horas la última noche del Carnaval de la Chaya, evento que contó con un gran marco de público.
