{"id":43526,"date":"2014-02-25T10:12:18","date_gmt":"2014-02-25T13:12:18","guid":{"rendered":"http:\/\/www.eltrabajo.cl\/portal\/wp-content\/uploads\/2014\/02\/Redaccion2.jpg"},"modified":"2014-02-25T10:12:18","modified_gmt":"2014-02-25T13:12:18","slug":"redaccion2","status":"inherit","type":"attachment","link":"https:\/\/eltrabajo.cl\/portal\/alcalde-freire-realizo-cambio-de-folio-a-85-anos-de-fundado-diario-el-trabajo\/redaccion2\/","title":{"rendered":"Redaccion2"},"author":482,"featured_media":0,"comment_status":"open","ping_status":"closed","template":"","meta":{"advanced_seo_description":"","jetpack_seo_html_title":"","jetpack_seo_noindex":false},"class_list":["post-43526","attachment","type-attachment","status-inherit","hentry"],"jetpack_sharing_enabled":true,"jetpack_likes_enabled":true,"description":{"rendered":"<p class=\"attachment\"><a href=\"https:\/\/i0.wp.com\/eltrabajo.cl\/portal\/wp-content\/uploads\/2014\/02\/Redaccion2.jpg?ssl=1\"><img loading=\"lazy\" decoding=\"async\" width=\"296\" height=\"300\" src=\"https:\/\/i0.wp.com\/eltrabajo.cl\/portal\/wp-content\/uploads\/2014\/02\/Redaccion2.jpg?fit=296%2C300&amp;ssl=1\" class=\"attachment-medium size-medium\" alt=\"CALIDEZ.- Ang\u00e9lica Juri comparti\u00f3 un c\u00e1lido abrazo con el Core Rolando Stevenson durante la actividad en nuestra Sala de Redacci\u00f3n.\" srcset=\"https:\/\/i0.wp.com\/eltrabajo.cl\/portal\/wp-content\/uploads\/2014\/02\/Redaccion2.jpg?w=529&amp;ssl=1 529w, https:\/\/i0.wp.com\/eltrabajo.cl\/portal\/wp-content\/uploads\/2014\/02\/Redaccion2.jpg?resize=148%2C150&amp;ssl=1 148w, https:\/\/i0.wp.com\/eltrabajo.cl\/portal\/wp-content\/uploads\/2014\/02\/Redaccion2.jpg?resize=296%2C300&amp;ssl=1 296w, https:\/\/i0.wp.com\/eltrabajo.cl\/portal\/wp-content\/uploads\/2014\/02\/Redaccion2.jpg?resize=400%2C405&amp;ssl=1 400w\" sizes=\"auto, (max-width: 296px) 100vw, 296px\" \/><\/a><\/p>\n<p>CALIDEZ.-  Ang\u00e9lica Juri comparti\u00f3 un c\u00e1lido abrazo con el Core Rolando Stevenson durante la actividad en nuestra Sala de Redacci\u00f3n.<\/p>\n"},"caption":{"rendered":"<p>CALIDEZ.-  Ang\u00e9lica Juri comparti\u00f3 un c\u00e1lido abrazo con el Core Rolando Stevenson durante la actividad en nuestra Sala de Redacci\u00f3n.<\/p>\n"},"alt_text":"CALIDEZ.- Ang\u00e9lica Juri comparti\u00f3 un c\u00e1lido abrazo con el Core Rolando Stevenson durante la actividad en nuestra Sala de Redacci\u00f3n.","media_type":"image","mime_type":"image\/jpeg","media_details":{"width":529,"height":536,"file":"2014\/02\/Redaccion2.jpg","sizes":{"thumbnail":{"file":"Redaccion2-148x150.jpg","width":148,"height":150,"mime_type":"image\/jpeg","source_url":"https:\/\/i0.wp.com\/eltrabajo.cl\/portal\/wp-content\/uploads\/2014\/02\/Redaccion2.jpg?fit=148%2C150&ssl=1"},"medium":{"file":"Redaccion2-296x300.jpg","width":296,"height":300,"mime_type":"image\/jpeg","source_url":"https:\/\/i0.wp.com\/eltrabajo.cl\/portal\/wp-content\/uploads\/2014\/02\/Redaccion2.jpg?fit=296%2C300&ssl=1"},"post-thumbnail":{"file":"Redaccion2-148x150.jpg","width":148,"height":150,"mime_type":"image\/jpeg","source_url":"https:\/\/i0.wp.com\/eltrabajo.cl\/portal\/wp-content\/uploads\/2014\/02\/Redaccion2.jpg?fit=148%2C150&ssl=1"},"single-post-thumbnail":{"file":"Redaccion2-400x405.jpg","width":400,"height":405,"mime_type":"image\/jpeg","source_url":"https:\/\/eltrabajo.cl\/portal\/wp-content\/uploads\/2014\/02\/Redaccion2-400x405.jpg"},"full":{"file":"Redaccion2.jpg?fit=529%2C536&ssl=1","width":529,"height":536,"mime_type":"image\/jpeg","source_url":"https:\/\/i0.wp.com\/eltrabajo.cl\/portal\/wp-content\/uploads\/2014\/02\/Redaccion2.jpg?fit=529%2C536&ssl=1"}},"image_meta":{"aperture":4,"credit":"","camera":"Canon EOS REBEL T1i","caption":"","created_timestamp":1393244372,"copyright":"","focal_length":"18","iso":"400","shutter_speed":"0.016666666666667","title":""}},"post":43521,"source_url":"https:\/\/eltrabajo.cl\/portal\/wp-content\/uploads\/2014\/02\/Redaccion2.jpg","_links":{"self":[{"href":"https:\/\/eltrabajo.cl\/portal\/wp-json\/wp\/v2\/media\/43526","targetHints":{"allow":["GET"]}}],"collection":[{"href":"https:\/\/eltrabajo.cl\/portal\/wp-json\/wp\/v2\/media"}],"about":[{"href":"https:\/\/eltrabajo.cl\/portal\/wp-json\/wp\/v2\/types\/attachment"}],"author":[{"embeddable":true,"href":"https:\/\/eltrabajo.cl\/portal\/wp-json\/wp\/v2\/users\/482"}],"replies":[{"embeddable":true,"href":"https:\/\/eltrabajo.cl\/portal\/wp-json\/wp\/v2\/comments?post=43526"}],"wp:attached-to":[{"embeddable":true,"post_type":"post","id":43521,"href":"https:\/\/eltrabajo.cl\/portal\/wp-json\/wp\/v2\/posts\/43521"}],"curies":[{"name":"wp","href":"https:\/\/api.w.org\/{rel}","templated":true}]}}

<p class="attachment"><a href="https://i0.wp.com/eltrabajo.cl/portal/wp-content/uploads/2014/02/Redaccion2.jpg?ssl=1"><img loading="lazy" decoding="async" width="296" height="300" src="https://i0.wp.com/eltrabajo.cl/portal/wp-content/uploads/2014/02/Redaccion2.jpg?fit=296%2C300&amp;ssl=1" class="attachment-medium size-medium" alt="CALIDEZ.- Angélica Juri compartió un cálido abrazo con el Core Rolando Stevenson durante la actividad en nuestra Sala de Redacción." srcset="https://i0.wp.com/eltrabajo.cl/portal/wp-content/uploads/2014/02/Redaccion2.jpg?w=529&amp;ssl=1 529w, https://i0.wp.com/eltrabajo.cl/portal/wp-content/uploads/2014/02/Redaccion2.jpg?resize=148%2C150&amp;ssl=1 148w, https://i0.wp.com/eltrabajo.cl/portal/wp-content/uploads/2014/02/Redaccion2.jpg?resize=296%2C300&amp;ssl=1 296w, https://i0.wp.com/eltrabajo.cl/portal/wp-content/uploads/2014/02/Redaccion2.jpg?resize=400%2C405&amp;ssl=1 400w" sizes="auto, (max-width: 296px) 100vw, 296px" /></a></p>
<p>CALIDEZ.-  Angélica Juri compartió un cálido abrazo con el Core Rolando Stevenson durante la actividad en nuestra Sala de Redacción.</p>

<p>CALIDEZ.-  Angélica Juri compartió un cálido abrazo con el Core Rolando Stevenson durante la actividad en nuestra Sala de Redacción.</p>

CALIDEZ.- Angélica Juri compartió un cálido abrazo con el Core Rolando Stevenson durante la actividad en nuestra Sala de Redacción.
