{"id":43535,"date":"2014-02-25T10:18:20","date_gmt":"2014-02-25T13:18:20","guid":{"rendered":"http:\/\/www.eltrabajo.cl\/portal\/wp-content\/uploads\/2014\/02\/Victor-Juri-Enriquez.jpg"},"modified":"2014-02-25T10:18:20","modified_gmt":"2014-02-25T13:18:20","slug":"victor-juri-enriquez","status":"inherit","type":"attachment","link":"https:\/\/eltrabajo.cl\/portal\/alcalde-freire-realizo-cambio-de-folio-a-85-anos-de-fundado-diario-el-trabajo\/victor-juri-enriquez\/","title":{"rendered":"Victor Juri Enriquez"},"author":482,"featured_media":0,"comment_status":"open","ping_status":"closed","template":"","meta":{"advanced_seo_description":"","jetpack_seo_html_title":"","jetpack_seo_noindex":false},"class_list":["post-43535","attachment","type-attachment","status-inherit","hentry"],"jetpack_sharing_enabled":true,"jetpack_likes_enabled":true,"description":{"rendered":"<p class=\"attachment\"><a href=\"https:\/\/i0.wp.com\/eltrabajo.cl\/portal\/wp-content\/uploads\/2014\/02\/Victor-Juri-Enriquez.jpg?ssl=1\"><img loading=\"lazy\" decoding=\"async\" width=\"285\" height=\"300\" src=\"https:\/\/i0.wp.com\/eltrabajo.cl\/portal\/wp-content\/uploads\/2014\/02\/Victor-Juri-Enriquez.jpg?fit=285%2C300&amp;ssl=1\" class=\"attachment-medium size-medium\" alt=\"V\u00edctor Juri Henr\u00edquez, director hasta 1968, dirigi\u00f3 el diario durante 20 a\u00f1os.\" srcset=\"https:\/\/i0.wp.com\/eltrabajo.cl\/portal\/wp-content\/uploads\/2014\/02\/Victor-Juri-Enriquez.jpg?w=529&amp;ssl=1 529w, https:\/\/i0.wp.com\/eltrabajo.cl\/portal\/wp-content\/uploads\/2014\/02\/Victor-Juri-Enriquez.jpg?resize=142%2C150&amp;ssl=1 142w, https:\/\/i0.wp.com\/eltrabajo.cl\/portal\/wp-content\/uploads\/2014\/02\/Victor-Juri-Enriquez.jpg?resize=285%2C300&amp;ssl=1 285w, https:\/\/i0.wp.com\/eltrabajo.cl\/portal\/wp-content\/uploads\/2014\/02\/Victor-Juri-Enriquez.jpg?resize=400%2C420&amp;ssl=1 400w\" sizes=\"auto, (max-width: 285px) 100vw, 285px\" \/><\/a><\/p>\n<p>V\u00edctor Juri Henr\u00edquez, director hasta 1968, dirigi\u00f3 el diario durante 20 a\u00f1os.<\/p>\n"},"caption":{"rendered":"<p>V\u00edctor Juri Henr\u00edquez, director hasta 1968, dirigi\u00f3 el diario durante 20 a\u00f1os.<\/p>\n"},"alt_text":"V\u00edctor Juri Henr\u00edquez, director hasta 1968, dirigi\u00f3 el diario durante 20 a\u00f1os.","media_type":"image","mime_type":"image\/jpeg","media_details":{"width":529,"height":556,"file":"2014\/02\/Victor-Juri-Enriquez.jpg","sizes":{"thumbnail":{"file":"Victor-Juri-Enriquez-142x150.jpg","width":142,"height":150,"mime_type":"image\/jpeg","source_url":"https:\/\/i0.wp.com\/eltrabajo.cl\/portal\/wp-content\/uploads\/2014\/02\/Victor-Juri-Enriquez.jpg?fit=142%2C150&ssl=1"},"medium":{"file":"Victor-Juri-Enriquez-285x300.jpg","width":285,"height":300,"mime_type":"image\/jpeg","source_url":"https:\/\/i0.wp.com\/eltrabajo.cl\/portal\/wp-content\/uploads\/2014\/02\/Victor-Juri-Enriquez.jpg?fit=285%2C300&ssl=1"},"post-thumbnail":{"file":"Victor-Juri-Enriquez-142x150.jpg","width":142,"height":150,"mime_type":"image\/jpeg","source_url":"https:\/\/i0.wp.com\/eltrabajo.cl\/portal\/wp-content\/uploads\/2014\/02\/Victor-Juri-Enriquez.jpg?fit=142%2C150&ssl=1"},"single-post-thumbnail":{"file":"Victor-Juri-Enriquez-400x420.jpg","width":400,"height":420,"mime_type":"image\/jpeg","source_url":"https:\/\/eltrabajo.cl\/portal\/wp-content\/uploads\/2014\/02\/Victor-Juri-Enriquez-400x420.jpg"},"full":{"file":"Victor-Juri-Enriquez.jpg?fit=529%2C556&ssl=1","width":529,"height":556,"mime_type":"image\/jpeg","source_url":"https:\/\/i0.wp.com\/eltrabajo.cl\/portal\/wp-content\/uploads\/2014\/02\/Victor-Juri-Enriquez.jpg?fit=529%2C556&ssl=1"}},"image_meta":{"aperture":0,"credit":"","camera":"","caption":"","created_timestamp":0,"copyright":"","focal_length":0,"iso":0,"shutter_speed":0,"title":""}},"post":43521,"source_url":"https:\/\/eltrabajo.cl\/portal\/wp-content\/uploads\/2014\/02\/Victor-Juri-Enriquez.jpg","_links":{"self":[{"href":"https:\/\/eltrabajo.cl\/portal\/wp-json\/wp\/v2\/media\/43535","targetHints":{"allow":["GET"]}}],"collection":[{"href":"https:\/\/eltrabajo.cl\/portal\/wp-json\/wp\/v2\/media"}],"about":[{"href":"https:\/\/eltrabajo.cl\/portal\/wp-json\/wp\/v2\/types\/attachment"}],"author":[{"embeddable":true,"href":"https:\/\/eltrabajo.cl\/portal\/wp-json\/wp\/v2\/users\/482"}],"replies":[{"embeddable":true,"href":"https:\/\/eltrabajo.cl\/portal\/wp-json\/wp\/v2\/comments?post=43535"}],"wp:attached-to":[{"embeddable":true,"post_type":"post","id":43521,"href":"https:\/\/eltrabajo.cl\/portal\/wp-json\/wp\/v2\/posts\/43521"}],"curies":[{"name":"wp","href":"https:\/\/api.w.org\/{rel}","templated":true}]}}

<p class="attachment"><a href="https://i0.wp.com/eltrabajo.cl/portal/wp-content/uploads/2014/02/Victor-Juri-Enriquez.jpg?ssl=1"><img loading="lazy" decoding="async" width="285" height="300" src="https://i0.wp.com/eltrabajo.cl/portal/wp-content/uploads/2014/02/Victor-Juri-Enriquez.jpg?fit=285%2C300&amp;ssl=1" class="attachment-medium size-medium" alt="Víctor Juri Henríquez, director hasta 1968, dirigió el diario durante 20 años." srcset="https://i0.wp.com/eltrabajo.cl/portal/wp-content/uploads/2014/02/Victor-Juri-Enriquez.jpg?w=529&amp;ssl=1 529w, https://i0.wp.com/eltrabajo.cl/portal/wp-content/uploads/2014/02/Victor-Juri-Enriquez.jpg?resize=142%2C150&amp;ssl=1 142w, https://i0.wp.com/eltrabajo.cl/portal/wp-content/uploads/2014/02/Victor-Juri-Enriquez.jpg?resize=285%2C300&amp;ssl=1 285w, https://i0.wp.com/eltrabajo.cl/portal/wp-content/uploads/2014/02/Victor-Juri-Enriquez.jpg?resize=400%2C420&amp;ssl=1 400w" sizes="auto, (max-width: 285px) 100vw, 285px" /></a></p>
<p>Víctor Juri Henríquez, director hasta 1968, dirigió el diario durante 20 años.</p>

<p>Víctor Juri Henríquez, director hasta 1968, dirigió el diario durante 20 años.</p>

Víctor Juri Henríquez, director hasta 1968, dirigió el diario durante 20 años.
