{"id":43536,"date":"2014-02-25T10:18:22","date_gmt":"2014-02-25T13:18:22","guid":{"rendered":"http:\/\/www.eltrabajo.cl\/portal\/wp-content\/uploads\/2014\/02\/Elias-Juri-Jacob.jpg"},"modified":"2014-02-25T10:18:22","modified_gmt":"2014-02-25T13:18:22","slug":"elias-juri-jacob-2","status":"inherit","type":"attachment","link":"https:\/\/eltrabajo.cl\/portal\/alcalde-freire-realizo-cambio-de-folio-a-85-anos-de-fundado-diario-el-trabajo\/elias-juri-jacob-2\/","title":{"rendered":"Elias Juri Jacob"},"author":482,"featured_media":0,"comment_status":"open","ping_status":"closed","template":"","meta":{"advanced_seo_description":"","jetpack_seo_html_title":"","jetpack_seo_noindex":false},"class_list":["post-43536","attachment","type-attachment","status-inherit","hentry"],"jetpack_sharing_enabled":true,"jetpack_likes_enabled":true,"description":{"rendered":"<p class=\"attachment\"><a href=\"https:\/\/i0.wp.com\/eltrabajo.cl\/portal\/wp-content\/uploads\/2014\/02\/Elias-Juri-Jacob.jpg?ssl=1\"><img loading=\"lazy\" decoding=\"async\" width=\"286\" height=\"300\" src=\"https:\/\/i0.wp.com\/eltrabajo.cl\/portal\/wp-content\/uploads\/2014\/02\/Elias-Juri-Jacob.jpg?fit=286%2C300&amp;ssl=1\" class=\"attachment-medium size-medium\" alt=\"El\u00edas Juri Jacob, Director y Fundador que entreg\u00f3 la Direcci\u00f3n del medio en 1948 tras haberlo creado en 1929.\" srcset=\"https:\/\/i0.wp.com\/eltrabajo.cl\/portal\/wp-content\/uploads\/2014\/02\/Elias-Juri-Jacob.jpg?w=529&amp;ssl=1 529w, https:\/\/i0.wp.com\/eltrabajo.cl\/portal\/wp-content\/uploads\/2014\/02\/Elias-Juri-Jacob.jpg?resize=143%2C150&amp;ssl=1 143w, https:\/\/i0.wp.com\/eltrabajo.cl\/portal\/wp-content\/uploads\/2014\/02\/Elias-Juri-Jacob.jpg?resize=286%2C300&amp;ssl=1 286w, https:\/\/i0.wp.com\/eltrabajo.cl\/portal\/wp-content\/uploads\/2014\/02\/Elias-Juri-Jacob.jpg?resize=400%2C418&amp;ssl=1 400w\" sizes=\"auto, (max-width: 286px) 100vw, 286px\" \/><\/a><\/p>\n<p>El\u00edas Juri Jacob, Director y Fundador que entreg\u00f3 la Direcci\u00f3n del medio en 1948 tras haberlo creado en 1929.<\/p>\n"},"caption":{"rendered":"<p>El\u00edas Juri Jacob, Director y Fundador que entreg\u00f3 la Direcci\u00f3n del medio en 1948 tras haberlo creado en 1929.<\/p>\n"},"alt_text":"El\u00edas Juri Jacob, Director y Fundador que entreg\u00f3 la Direcci\u00f3n del medio en 1948 tras haberlo creado en 1929.","media_type":"image","mime_type":"image\/jpeg","media_details":{"width":529,"height":554,"file":"2014\/02\/Elias-Juri-Jacob.jpg","sizes":{"thumbnail":{"file":"Elias-Juri-Jacob-143x150.jpg","width":143,"height":150,"mime_type":"image\/jpeg","source_url":"https:\/\/i0.wp.com\/eltrabajo.cl\/portal\/wp-content\/uploads\/2014\/02\/Elias-Juri-Jacob.jpg?fit=143%2C150&ssl=1"},"medium":{"file":"Elias-Juri-Jacob-286x300.jpg","width":286,"height":300,"mime_type":"image\/jpeg","source_url":"https:\/\/i0.wp.com\/eltrabajo.cl\/portal\/wp-content\/uploads\/2014\/02\/Elias-Juri-Jacob.jpg?fit=286%2C300&ssl=1"},"post-thumbnail":{"file":"Elias-Juri-Jacob-143x150.jpg","width":143,"height":150,"mime_type":"image\/jpeg","source_url":"https:\/\/i0.wp.com\/eltrabajo.cl\/portal\/wp-content\/uploads\/2014\/02\/Elias-Juri-Jacob.jpg?fit=143%2C150&ssl=1"},"single-post-thumbnail":{"file":"Elias-Juri-Jacob-400x418.jpg","width":400,"height":418,"mime_type":"image\/jpeg","source_url":"https:\/\/eltrabajo.cl\/portal\/wp-content\/uploads\/2014\/02\/Elias-Juri-Jacob-400x418.jpg"},"full":{"file":"Elias-Juri-Jacob.jpg?fit=529%2C554&ssl=1","width":529,"height":554,"mime_type":"image\/jpeg","source_url":"https:\/\/i0.wp.com\/eltrabajo.cl\/portal\/wp-content\/uploads\/2014\/02\/Elias-Juri-Jacob.jpg?fit=529%2C554&ssl=1"}},"image_meta":{"aperture":0,"credit":"","camera":"","caption":"","created_timestamp":0,"copyright":"","focal_length":0,"iso":0,"shutter_speed":0,"title":""}},"post":43521,"source_url":"https:\/\/eltrabajo.cl\/portal\/wp-content\/uploads\/2014\/02\/Elias-Juri-Jacob.jpg","_links":{"self":[{"href":"https:\/\/eltrabajo.cl\/portal\/wp-json\/wp\/v2\/media\/43536","targetHints":{"allow":["GET"]}}],"collection":[{"href":"https:\/\/eltrabajo.cl\/portal\/wp-json\/wp\/v2\/media"}],"about":[{"href":"https:\/\/eltrabajo.cl\/portal\/wp-json\/wp\/v2\/types\/attachment"}],"author":[{"embeddable":true,"href":"https:\/\/eltrabajo.cl\/portal\/wp-json\/wp\/v2\/users\/482"}],"replies":[{"embeddable":true,"href":"https:\/\/eltrabajo.cl\/portal\/wp-json\/wp\/v2\/comments?post=43536"}],"wp:attached-to":[{"embeddable":true,"post_type":"post","id":43521,"href":"https:\/\/eltrabajo.cl\/portal\/wp-json\/wp\/v2\/posts\/43521"}],"curies":[{"name":"wp","href":"https:\/\/api.w.org\/{rel}","templated":true}]}}

<p class="attachment"><a href="https://i0.wp.com/eltrabajo.cl/portal/wp-content/uploads/2014/02/Elias-Juri-Jacob.jpg?ssl=1"><img loading="lazy" decoding="async" width="286" height="300" src="https://i0.wp.com/eltrabajo.cl/portal/wp-content/uploads/2014/02/Elias-Juri-Jacob.jpg?fit=286%2C300&amp;ssl=1" class="attachment-medium size-medium" alt="Elías Juri Jacob, Director y Fundador que entregó la Dirección del medio en 1948 tras haberlo creado en 1929." srcset="https://i0.wp.com/eltrabajo.cl/portal/wp-content/uploads/2014/02/Elias-Juri-Jacob.jpg?w=529&amp;ssl=1 529w, https://i0.wp.com/eltrabajo.cl/portal/wp-content/uploads/2014/02/Elias-Juri-Jacob.jpg?resize=143%2C150&amp;ssl=1 143w, https://i0.wp.com/eltrabajo.cl/portal/wp-content/uploads/2014/02/Elias-Juri-Jacob.jpg?resize=286%2C300&amp;ssl=1 286w, https://i0.wp.com/eltrabajo.cl/portal/wp-content/uploads/2014/02/Elias-Juri-Jacob.jpg?resize=400%2C418&amp;ssl=1 400w" sizes="auto, (max-width: 286px) 100vw, 286px" /></a></p>
<p>Elías Juri Jacob, Director y Fundador que entregó la Dirección del medio en 1948 tras haberlo creado en 1929.</p>

<p>Elías Juri Jacob, Director y Fundador que entregó la Dirección del medio en 1948 tras haberlo creado en 1929.</p>

Elías Juri Jacob, Director y Fundador que entregó la Dirección del medio en 1948 tras haberlo creado en 1929.
