{"id":43591,"date":"2014-02-26T09:46:53","date_gmt":"2014-02-26T12:46:53","guid":{"rendered":"http:\/\/www.eltrabajo.cl\/portal\/wp-content\/uploads\/2014\/02\/PROCESION-CARMELITANA-4.jpg"},"modified":"2014-02-26T09:46:53","modified_gmt":"2014-02-26T12:46:53","slug":"procesion-carmelitana-4","status":"inherit","type":"attachment","link":"https:\/\/eltrabajo.cl\/portal\/multitudinaria-concurrencia-a-procesion-carmelitana-en-los-banos-del-parron\/procesion-carmelitana-4\/","title":{"rendered":"PROCESION CARMELITANA (4)"},"author":482,"featured_media":0,"comment_status":"open","ping_status":"closed","template":"","meta":{"advanced_seo_description":"","jetpack_seo_html_title":"","jetpack_seo_noindex":false},"class_list":["post-43591","attachment","type-attachment","status-inherit","hentry"],"jetpack_sharing_enabled":true,"jetpack_likes_enabled":true,"description":{"rendered":"<p class=\"attachment\"><a href=\"https:\/\/i0.wp.com\/eltrabajo.cl\/portal\/wp-content\/uploads\/2014\/02\/PROCESION-CARMELITANA-4.jpg?ssl=1\"><img loading=\"lazy\" decoding=\"async\" width=\"300\" height=\"195\" src=\"https:\/\/i0.wp.com\/eltrabajo.cl\/portal\/wp-content\/uploads\/2014\/02\/PROCESION-CARMELITANA-4.jpg?fit=300%2C195&amp;ssl=1\" class=\"attachment-medium size-medium\" alt=\"El lento caminar de los servidores de la Carmelita de la Ermita sirvi\u00f3 una vez m\u00e1s para dar t\u00e9rmino al tiempo estival, orando y solicitando bendiciones para el resto del a\u00f1o laboral que se aproxima.\" srcset=\"https:\/\/i0.wp.com\/eltrabajo.cl\/portal\/wp-content\/uploads\/2014\/02\/PROCESION-CARMELITANA-4.jpg?w=529&amp;ssl=1 529w, https:\/\/i0.wp.com\/eltrabajo.cl\/portal\/wp-content\/uploads\/2014\/02\/PROCESION-CARMELITANA-4.jpg?resize=200%2C130&amp;ssl=1 200w, https:\/\/i0.wp.com\/eltrabajo.cl\/portal\/wp-content\/uploads\/2014\/02\/PROCESION-CARMELITANA-4.jpg?resize=300%2C195&amp;ssl=1 300w, https:\/\/i0.wp.com\/eltrabajo.cl\/portal\/wp-content\/uploads\/2014\/02\/PROCESION-CARMELITANA-4.jpg?resize=150%2C97&amp;ssl=1 150w, https:\/\/i0.wp.com\/eltrabajo.cl\/portal\/wp-content\/uploads\/2014\/02\/PROCESION-CARMELITANA-4.jpg?resize=400%2C260&amp;ssl=1 400w\" sizes=\"auto, (max-width: 300px) 100vw, 300px\" \/><\/a><\/p>\n<p>El lento caminar de los servidores de la Carmelita de la Ermita sirvi\u00f3 una vez m\u00e1s para dar t\u00e9rmino al tiempo estival, orando y solicitando bendiciones para el resto del a\u00f1o laboral que se aproxima.<\/p>\n"},"caption":{"rendered":"<p>El lento caminar de los servidores de la Carmelita de la Ermita sirvi\u00f3 una vez m\u00e1s para dar t\u00e9rmino al tiempo estival, orando y solicitando bendiciones para el resto del a\u00f1o laboral que se aproxima.<\/p>\n"},"alt_text":"El lento caminar de los servidores de la Carmelita de la Ermita sirvi\u00f3 una vez m\u00e1s para dar t\u00e9rmino al tiempo estival, orando y solicitando bendiciones para el resto del a\u00f1o laboral que se aproxima.","media_type":"image","mime_type":"image\/jpeg","media_details":{"width":529,"height":345,"file":"2014\/02\/PROCESION-CARMELITANA-4.jpg","sizes":{"thumbnail":{"file":"PROCESION-CARMELITANA-4-200x130.jpg","width":200,"height":130,"mime_type":"image\/jpeg","source_url":"https:\/\/i0.wp.com\/eltrabajo.cl\/portal\/wp-content\/uploads\/2014\/02\/PROCESION-CARMELITANA-4.jpg?fit=200%2C130&ssl=1"},"medium":{"file":"PROCESION-CARMELITANA-4-300x195.jpg","width":300,"height":195,"mime_type":"image\/jpeg","source_url":"https:\/\/i0.wp.com\/eltrabajo.cl\/portal\/wp-content\/uploads\/2014\/02\/PROCESION-CARMELITANA-4.jpg?fit=300%2C195&ssl=1"},"post-thumbnail":{"file":"PROCESION-CARMELITANA-4-150x97.jpg","width":150,"height":97,"mime_type":"image\/jpeg","source_url":"https:\/\/i0.wp.com\/eltrabajo.cl\/portal\/wp-content\/uploads\/2014\/02\/PROCESION-CARMELITANA-4.jpg?fit=150%2C97&ssl=1"},"single-post-thumbnail":{"file":"PROCESION-CARMELITANA-4-400x260.jpg","width":400,"height":260,"mime_type":"image\/jpeg","source_url":"https:\/\/eltrabajo.cl\/portal\/wp-content\/uploads\/2014\/02\/PROCESION-CARMELITANA-4-400x260.jpg"},"full":{"file":"PROCESION-CARMELITANA-4.jpg?fit=529%2C345&ssl=1","width":529,"height":345,"mime_type":"image\/jpeg","source_url":"https:\/\/i0.wp.com\/eltrabajo.cl\/portal\/wp-content\/uploads\/2014\/02\/PROCESION-CARMELITANA-4.jpg?fit=529%2C345&ssl=1"}},"image_meta":{"aperture":8,"credit":"","camera":"Canon EOS REBEL T3","caption":"","created_timestamp":1380390035,"copyright":"","focal_length":"21","iso":"100","shutter_speed":"0.005","title":""}},"post":43588,"source_url":"https:\/\/eltrabajo.cl\/portal\/wp-content\/uploads\/2014\/02\/PROCESION-CARMELITANA-4.jpg","_links":{"self":[{"href":"https:\/\/eltrabajo.cl\/portal\/wp-json\/wp\/v2\/media\/43591","targetHints":{"allow":["GET"]}}],"collection":[{"href":"https:\/\/eltrabajo.cl\/portal\/wp-json\/wp\/v2\/media"}],"about":[{"href":"https:\/\/eltrabajo.cl\/portal\/wp-json\/wp\/v2\/types\/attachment"}],"author":[{"embeddable":true,"href":"https:\/\/eltrabajo.cl\/portal\/wp-json\/wp\/v2\/users\/482"}],"replies":[{"embeddable":true,"href":"https:\/\/eltrabajo.cl\/portal\/wp-json\/wp\/v2\/comments?post=43591"}],"wp:attached-to":[{"embeddable":true,"post_type":"post","id":43588,"href":"https:\/\/eltrabajo.cl\/portal\/wp-json\/wp\/v2\/posts\/43588"}],"curies":[{"name":"wp","href":"https:\/\/api.w.org\/{rel}","templated":true}]}}

<p class="attachment"><a href="https://i0.wp.com/eltrabajo.cl/portal/wp-content/uploads/2014/02/PROCESION-CARMELITANA-4.jpg?ssl=1"><img loading="lazy" decoding="async" width="300" height="195" src="https://i0.wp.com/eltrabajo.cl/portal/wp-content/uploads/2014/02/PROCESION-CARMELITANA-4.jpg?fit=300%2C195&amp;ssl=1" class="attachment-medium size-medium" alt="El lento caminar de los servidores de la Carmelita de la Ermita sirvió una vez más para dar término al tiempo estival, orando y solicitando bendiciones para el resto del año laboral que se aproxima." srcset="https://i0.wp.com/eltrabajo.cl/portal/wp-content/uploads/2014/02/PROCESION-CARMELITANA-4.jpg?w=529&amp;ssl=1 529w, https://i0.wp.com/eltrabajo.cl/portal/wp-content/uploads/2014/02/PROCESION-CARMELITANA-4.jpg?resize=200%2C130&amp;ssl=1 200w, https://i0.wp.com/eltrabajo.cl/portal/wp-content/uploads/2014/02/PROCESION-CARMELITANA-4.jpg?resize=300%2C195&amp;ssl=1 300w, https://i0.wp.com/eltrabajo.cl/portal/wp-content/uploads/2014/02/PROCESION-CARMELITANA-4.jpg?resize=150%2C97&amp;ssl=1 150w, https://i0.wp.com/eltrabajo.cl/portal/wp-content/uploads/2014/02/PROCESION-CARMELITANA-4.jpg?resize=400%2C260&amp;ssl=1 400w" sizes="auto, (max-width: 300px) 100vw, 300px" /></a></p>
<p>El lento caminar de los servidores de la Carmelita de la Ermita sirvió una vez más para dar término al tiempo estival, orando y solicitando bendiciones para el resto del año laboral que se aproxima.</p>

<p>El lento caminar de los servidores de la Carmelita de la Ermita sirvió una vez más para dar término al tiempo estival, orando y solicitando bendiciones para el resto del año laboral que se aproxima.</p>

El lento caminar de los servidores de la Carmelita de la Ermita sirvió una vez más para dar término al tiempo estival, orando y solicitando bendiciones para el resto del año laboral que se aproxima.
