{"id":43774,"date":"2014-02-28T10:31:03","date_gmt":"2014-02-28T13:31:03","guid":{"rendered":"http:\/\/www.eltrabajo.cl\/portal\/wp-content\/uploads\/2014\/02\/Propaganda11111.jpg"},"modified":"2014-02-28T10:31:03","modified_gmt":"2014-02-28T13:31:03","slug":"propaganda11111","status":"inherit","type":"attachment","link":"https:\/\/eltrabajo.cl\/portal\/matrimonio-asegura-que-voluntaria-animalista-les-monto-campana-de-desprestigio\/propaganda11111\/","title":{"rendered":"Propaganda11111"},"author":482,"featured_media":0,"comment_status":"open","ping_status":"closed","template":"","meta":{"advanced_seo_description":"","jetpack_seo_html_title":"","jetpack_seo_noindex":false},"class_list":["post-43774","attachment","type-attachment","status-inherit","hentry"],"jetpack_sharing_enabled":true,"jetpack_likes_enabled":true,"description":{"rendered":"<p class=\"attachment\"><a href=\"https:\/\/i0.wp.com\/eltrabajo.cl\/portal\/wp-content\/uploads\/2014\/02\/Propaganda11111.jpg?ssl=1\"><img loading=\"lazy\" decoding=\"async\" width=\"300\" height=\"293\" src=\"https:\/\/i0.wp.com\/eltrabajo.cl\/portal\/wp-content\/uploads\/2014\/02\/Propaganda11111.jpg?fit=300%2C293&amp;ssl=1\" class=\"attachment-medium size-medium\" alt=\"COMO DELINCUENTES.- Este es uno de los carteles en los que se exponen los datos personales de los afectados, situaci\u00f3n generada porque alguien subi\u00f3 sin su permiso la foto del auto con su patente, en la que hab\u00eda una mascota.\" srcset=\"https:\/\/i0.wp.com\/eltrabajo.cl\/portal\/wp-content\/uploads\/2014\/02\/Propaganda11111.jpg?w=529&amp;ssl=1 529w, https:\/\/i0.wp.com\/eltrabajo.cl\/portal\/wp-content\/uploads\/2014\/02\/Propaganda11111.jpg?resize=153%2C150&amp;ssl=1 153w, https:\/\/i0.wp.com\/eltrabajo.cl\/portal\/wp-content\/uploads\/2014\/02\/Propaganda11111.jpg?resize=300%2C293&amp;ssl=1 300w, https:\/\/i0.wp.com\/eltrabajo.cl\/portal\/wp-content\/uploads\/2014\/02\/Propaganda11111.jpg?resize=150%2C146&amp;ssl=1 150w, https:\/\/i0.wp.com\/eltrabajo.cl\/portal\/wp-content\/uploads\/2014\/02\/Propaganda11111.jpg?resize=400%2C391&amp;ssl=1 400w\" sizes=\"auto, (max-width: 300px) 100vw, 300px\" \/><\/a><\/p>\n<p>COMO DELINCUENTES.- Este es uno de los carteles en los que se exponen los datos personales de los afectados, situaci\u00f3n generada porque alguien subi\u00f3 sin su permiso la foto del auto con su patente, en la que hab\u00eda una mascota.<\/p>\n"},"caption":{"rendered":"<p>COMO DELINCUENTES.- Este es uno de los carteles en los que se exponen los datos personales de los afectados, situaci\u00f3n generada porque alguien subi\u00f3 sin su permiso la foto del auto con su patente, en la que hab\u00eda una mascota.<\/p>\n"},"alt_text":"COMO DELINCUENTES.- Este es uno de los carteles en los que se exponen los datos personales de los afectados, situaci\u00f3n generada porque alguien subi\u00f3 sin su permiso la foto del auto con su patente, en la que hab\u00eda una mascota.","media_type":"image","mime_type":"image\/jpeg","media_details":{"width":529,"height":518,"file":"2014\/02\/Propaganda11111.jpg","sizes":{"thumbnail":{"file":"Propaganda11111-153x150.jpg","width":153,"height":150,"mime_type":"image\/jpeg","source_url":"https:\/\/i0.wp.com\/eltrabajo.cl\/portal\/wp-content\/uploads\/2014\/02\/Propaganda11111.jpg?fit=153%2C150&ssl=1"},"medium":{"file":"Propaganda11111-300x293.jpg","width":300,"height":293,"mime_type":"image\/jpeg","source_url":"https:\/\/i0.wp.com\/eltrabajo.cl\/portal\/wp-content\/uploads\/2014\/02\/Propaganda11111.jpg?fit=300%2C293&ssl=1"},"post-thumbnail":{"file":"Propaganda11111-150x146.jpg","width":150,"height":146,"mime_type":"image\/jpeg","source_url":"https:\/\/i0.wp.com\/eltrabajo.cl\/portal\/wp-content\/uploads\/2014\/02\/Propaganda11111.jpg?fit=150%2C146&ssl=1"},"single-post-thumbnail":{"file":"Propaganda11111-400x391.jpg","width":400,"height":391,"mime_type":"image\/jpeg","source_url":"https:\/\/eltrabajo.cl\/portal\/wp-content\/uploads\/2014\/02\/Propaganda11111-400x391.jpg"},"full":{"file":"Propaganda11111.jpg?fit=529%2C518&ssl=1","width":529,"height":518,"mime_type":"image\/jpeg","source_url":"https:\/\/i0.wp.com\/eltrabajo.cl\/portal\/wp-content\/uploads\/2014\/02\/Propaganda11111.jpg?fit=529%2C518&ssl=1"}},"image_meta":{"aperture":0,"credit":"","camera":"","caption":"","created_timestamp":0,"copyright":"","focal_length":0,"iso":0,"shutter_speed":0,"title":""}},"post":43764,"source_url":"https:\/\/eltrabajo.cl\/portal\/wp-content\/uploads\/2014\/02\/Propaganda11111.jpg","_links":{"self":[{"href":"https:\/\/eltrabajo.cl\/portal\/wp-json\/wp\/v2\/media\/43774","targetHints":{"allow":["GET"]}}],"collection":[{"href":"https:\/\/eltrabajo.cl\/portal\/wp-json\/wp\/v2\/media"}],"about":[{"href":"https:\/\/eltrabajo.cl\/portal\/wp-json\/wp\/v2\/types\/attachment"}],"author":[{"embeddable":true,"href":"https:\/\/eltrabajo.cl\/portal\/wp-json\/wp\/v2\/users\/482"}],"replies":[{"embeddable":true,"href":"https:\/\/eltrabajo.cl\/portal\/wp-json\/wp\/v2\/comments?post=43774"}],"wp:attached-to":[{"embeddable":true,"post_type":"post","id":43764,"href":"https:\/\/eltrabajo.cl\/portal\/wp-json\/wp\/v2\/posts\/43764"}],"curies":[{"name":"wp","href":"https:\/\/api.w.org\/{rel}","templated":true}]}}

<p class="attachment"><a href="https://i0.wp.com/eltrabajo.cl/portal/wp-content/uploads/2014/02/Propaganda11111.jpg?ssl=1"><img loading="lazy" decoding="async" width="300" height="293" src="https://i0.wp.com/eltrabajo.cl/portal/wp-content/uploads/2014/02/Propaganda11111.jpg?fit=300%2C293&amp;ssl=1" class="attachment-medium size-medium" alt="COMO DELINCUENTES.- Este es uno de los carteles en los que se exponen los datos personales de los afectados, situación generada porque alguien subió sin su permiso la foto del auto con su patente, en la que había una mascota." srcset="https://i0.wp.com/eltrabajo.cl/portal/wp-content/uploads/2014/02/Propaganda11111.jpg?w=529&amp;ssl=1 529w, https://i0.wp.com/eltrabajo.cl/portal/wp-content/uploads/2014/02/Propaganda11111.jpg?resize=153%2C150&amp;ssl=1 153w, https://i0.wp.com/eltrabajo.cl/portal/wp-content/uploads/2014/02/Propaganda11111.jpg?resize=300%2C293&amp;ssl=1 300w, https://i0.wp.com/eltrabajo.cl/portal/wp-content/uploads/2014/02/Propaganda11111.jpg?resize=150%2C146&amp;ssl=1 150w, https://i0.wp.com/eltrabajo.cl/portal/wp-content/uploads/2014/02/Propaganda11111.jpg?resize=400%2C391&amp;ssl=1 400w" sizes="auto, (max-width: 300px) 100vw, 300px" /></a></p>
<p>COMO DELINCUENTES.- Este es uno de los carteles en los que se exponen los datos personales de los afectados, situación generada porque alguien subió sin su permiso la foto del auto con su patente, en la que había una mascota.</p>

<p>COMO DELINCUENTES.- Este es uno de los carteles en los que se exponen los datos personales de los afectados, situación generada porque alguien subió sin su permiso la foto del auto con su patente, en la que había una mascota.</p>

COMO DELINCUENTES.- Este es uno de los carteles en los que se exponen los datos personales de los afectados, situación generada porque alguien subió sin su permiso la foto del auto con su patente, en la que había una mascota.
