{"id":43972,"date":"2014-03-07T09:47:08","date_gmt":"2014-03-07T12:47:08","guid":{"rendered":"http:\/\/www.eltrabajo.cl\/portal\/wp-content\/uploads\/2014\/03\/Jose-Bernardo-Suarez.jpg"},"modified":"2014-03-07T09:47:08","modified_gmt":"2014-03-07T12:47:08","slug":"jose-bernardo-suarez","status":"inherit","type":"attachment","link":"https:\/\/eltrabajo.cl\/portal\/conozcan-a-los-1o-basico-que-este-ano-llegan-a-conquistar-sus-suenos\/jose-bernardo-suarez\/","title":{"rendered":"Jose Bernardo Suarez"},"author":482,"featured_media":0,"comment_status":"open","ping_status":"closed","template":"","meta":{"advanced_seo_description":"","jetpack_seo_html_title":"","jetpack_seo_noindex":false},"class_list":["post-43972","attachment","type-attachment","status-inherit","hentry"],"jetpack_sharing_enabled":true,"jetpack_likes_enabled":true,"description":{"rendered":"<p class=\"attachment\"><a href=\"https:\/\/i0.wp.com\/eltrabajo.cl\/portal\/wp-content\/uploads\/2014\/03\/Jose-Bernardo-Suarez.jpg?ssl=1\"><img loading=\"lazy\" decoding=\"async\" width=\"300\" height=\"221\" src=\"https:\/\/i0.wp.com\/eltrabajo.cl\/portal\/wp-content\/uploads\/2014\/03\/Jose-Bernardo-Suarez.jpg?fit=300%2C221&amp;ssl=1\" class=\"attachment-medium size-medium\" alt=\"EL ASIENTO.- En El Asiento las cosas no podr\u00edan ir mejor, pues estos alegres estudiantes son los m\u00e1s felices en su primer a\u00f1o en la Escuela Jos\u00e9 Bernardo Su\u00e1rez.\" srcset=\"https:\/\/i0.wp.com\/eltrabajo.cl\/portal\/wp-content\/uploads\/2014\/03\/Jose-Bernardo-Suarez.jpg?w=529&amp;ssl=1 529w, https:\/\/i0.wp.com\/eltrabajo.cl\/portal\/wp-content\/uploads\/2014\/03\/Jose-Bernardo-Suarez.jpg?resize=200%2C147&amp;ssl=1 200w, https:\/\/i0.wp.com\/eltrabajo.cl\/portal\/wp-content\/uploads\/2014\/03\/Jose-Bernardo-Suarez.jpg?resize=300%2C221&amp;ssl=1 300w, https:\/\/i0.wp.com\/eltrabajo.cl\/portal\/wp-content\/uploads\/2014\/03\/Jose-Bernardo-Suarez.jpg?resize=150%2C110&amp;ssl=1 150w, https:\/\/i0.wp.com\/eltrabajo.cl\/portal\/wp-content\/uploads\/2014\/03\/Jose-Bernardo-Suarez.jpg?resize=400%2C295&amp;ssl=1 400w\" sizes=\"auto, (max-width: 300px) 100vw, 300px\" \/><\/a><\/p>\n<p>EL ASIENTO.- En El Asiento las cosas no podr\u00edan ir mejor, pues estos alegres estudiantes son los m\u00e1s felices en su primer a\u00f1o en la Escuela Jos\u00e9 Bernardo Su\u00e1rez.<\/p>\n"},"caption":{"rendered":"<p>EL ASIENTO.- En El Asiento las cosas no podr\u00edan ir mejor, pues estos alegres estudiantes son los m\u00e1s felices en su primer a\u00f1o en la Escuela Jos\u00e9 Bernardo Su\u00e1rez.<\/p>\n"},"alt_text":"EL ASIENTO.- En El Asiento las cosas no podr\u00edan ir mejor, pues estos alegres estudiantes son los m\u00e1s felices en su primer a\u00f1o en la Escuela Jos\u00e9 Bernardo Su\u00e1rez.","media_type":"image","mime_type":"image\/jpeg","media_details":{"width":529,"height":391,"file":"2014\/03\/Jose-Bernardo-Suarez.jpg","sizes":{"thumbnail":{"file":"Jose-Bernardo-Suarez-200x147.jpg","width":200,"height":147,"mime_type":"image\/jpeg","source_url":"https:\/\/i0.wp.com\/eltrabajo.cl\/portal\/wp-content\/uploads\/2014\/03\/Jose-Bernardo-Suarez.jpg?fit=200%2C147&ssl=1"},"medium":{"file":"Jose-Bernardo-Suarez-300x221.jpg","width":300,"height":221,"mime_type":"image\/jpeg","source_url":"https:\/\/i0.wp.com\/eltrabajo.cl\/portal\/wp-content\/uploads\/2014\/03\/Jose-Bernardo-Suarez.jpg?fit=300%2C221&ssl=1"},"post-thumbnail":{"file":"Jose-Bernardo-Suarez-150x110.jpg","width":150,"height":110,"mime_type":"image\/jpeg","source_url":"https:\/\/i0.wp.com\/eltrabajo.cl\/portal\/wp-content\/uploads\/2014\/03\/Jose-Bernardo-Suarez.jpg?fit=150%2C110&ssl=1"},"single-post-thumbnail":{"file":"Jose-Bernardo-Suarez-400x295.jpg","width":400,"height":295,"mime_type":"image\/jpeg","source_url":"https:\/\/eltrabajo.cl\/portal\/wp-content\/uploads\/2014\/03\/Jose-Bernardo-Suarez-400x295.jpg"},"full":{"file":"Jose-Bernardo-Suarez.jpg?fit=529%2C391&ssl=1","width":529,"height":391,"mime_type":"image\/jpeg","source_url":"https:\/\/i0.wp.com\/eltrabajo.cl\/portal\/wp-content\/uploads\/2014\/03\/Jose-Bernardo-Suarez.jpg?fit=529%2C391&ssl=1"}},"image_meta":{"aperture":4.5,"credit":"","camera":"Canon EOS REBEL T1i","caption":"","created_timestamp":1394109782,"copyright":"","focal_length":"18","iso":"400","shutter_speed":"0.016666666666667","title":""}},"post":43966,"source_url":"https:\/\/eltrabajo.cl\/portal\/wp-content\/uploads\/2014\/03\/Jose-Bernardo-Suarez.jpg","_links":{"self":[{"href":"https:\/\/eltrabajo.cl\/portal\/wp-json\/wp\/v2\/media\/43972","targetHints":{"allow":["GET"]}}],"collection":[{"href":"https:\/\/eltrabajo.cl\/portal\/wp-json\/wp\/v2\/media"}],"about":[{"href":"https:\/\/eltrabajo.cl\/portal\/wp-json\/wp\/v2\/types\/attachment"}],"author":[{"embeddable":true,"href":"https:\/\/eltrabajo.cl\/portal\/wp-json\/wp\/v2\/users\/482"}],"replies":[{"embeddable":true,"href":"https:\/\/eltrabajo.cl\/portal\/wp-json\/wp\/v2\/comments?post=43972"}],"wp:attached-to":[{"embeddable":true,"post_type":"post","id":43966,"href":"https:\/\/eltrabajo.cl\/portal\/wp-json\/wp\/v2\/posts\/43966"}],"curies":[{"name":"wp","href":"https:\/\/api.w.org\/{rel}","templated":true}]}}

<p class="attachment"><a href="https://i0.wp.com/eltrabajo.cl/portal/wp-content/uploads/2014/03/Jose-Bernardo-Suarez.jpg?ssl=1"><img loading="lazy" decoding="async" width="300" height="221" src="https://i0.wp.com/eltrabajo.cl/portal/wp-content/uploads/2014/03/Jose-Bernardo-Suarez.jpg?fit=300%2C221&amp;ssl=1" class="attachment-medium size-medium" alt="EL ASIENTO.- En El Asiento las cosas no podrían ir mejor, pues estos alegres estudiantes son los más felices en su primer año en la Escuela José Bernardo Suárez." srcset="https://i0.wp.com/eltrabajo.cl/portal/wp-content/uploads/2014/03/Jose-Bernardo-Suarez.jpg?w=529&amp;ssl=1 529w, https://i0.wp.com/eltrabajo.cl/portal/wp-content/uploads/2014/03/Jose-Bernardo-Suarez.jpg?resize=200%2C147&amp;ssl=1 200w, https://i0.wp.com/eltrabajo.cl/portal/wp-content/uploads/2014/03/Jose-Bernardo-Suarez.jpg?resize=300%2C221&amp;ssl=1 300w, https://i0.wp.com/eltrabajo.cl/portal/wp-content/uploads/2014/03/Jose-Bernardo-Suarez.jpg?resize=150%2C110&amp;ssl=1 150w, https://i0.wp.com/eltrabajo.cl/portal/wp-content/uploads/2014/03/Jose-Bernardo-Suarez.jpg?resize=400%2C295&amp;ssl=1 400w" sizes="auto, (max-width: 300px) 100vw, 300px" /></a></p>
<p>EL ASIENTO.- En El Asiento las cosas no podrían ir mejor, pues estos alegres estudiantes son los más felices en su primer año en la Escuela José Bernardo Suárez.</p>

<p>EL ASIENTO.- En El Asiento las cosas no podrían ir mejor, pues estos alegres estudiantes son los más felices en su primer año en la Escuela José Bernardo Suárez.</p>

EL ASIENTO.- En El Asiento las cosas no podrían ir mejor, pues estos alegres estudiantes son los más felices en su primer año en la Escuela José Bernardo Suárez.
