{"id":43993,"date":"2014-03-07T10:03:32","date_gmt":"2014-03-07T13:03:32","guid":{"rendered":"http:\/\/www.eltrabajo.cl\/portal\/wp-content\/uploads\/2014\/03\/Accidente1.jpg"},"modified":"2014-03-07T10:03:32","modified_gmt":"2014-03-07T13:03:32","slug":"accidente1-17","status":"inherit","type":"attachment","link":"https:\/\/eltrabajo.cl\/portal\/matrimonio-sanfelipeno-pierde-la-vida-en-tragico-accidente-carretero\/accidente1-17\/","title":{"rendered":"Accidente1"},"author":482,"featured_media":0,"comment_status":"open","ping_status":"closed","template":"","meta":{"advanced_seo_description":"","jetpack_seo_html_title":"","jetpack_seo_noindex":false},"class_list":["post-43993","attachment","type-attachment","status-inherit","hentry"],"jetpack_sharing_enabled":true,"jetpack_likes_enabled":true,"description":{"rendered":"<p class=\"attachment\"><a href=\"https:\/\/i0.wp.com\/eltrabajo.cl\/portal\/wp-content\/uploads\/2014\/03\/Accidente1.jpg?ssl=1\"><img loading=\"lazy\" decoding=\"async\" width=\"300\" height=\"213\" src=\"https:\/\/i0.wp.com\/eltrabajo.cl\/portal\/wp-content\/uploads\/2014\/03\/Accidente1.jpg?fit=300%2C213&amp;ssl=1\" class=\"attachment-medium size-medium\" alt=\"As\u00ed qued\u00f3 el veh\u00edculo en que viajaban los sanfelipe\u00f1os, completamente destruido. El copiloto del cami\u00f3n asegur\u00f3 que se les \u2018trab\u00f3 el volante\u2019 y luego s\u00f3lo vino el impacto.\" srcset=\"https:\/\/i0.wp.com\/eltrabajo.cl\/portal\/wp-content\/uploads\/2014\/03\/Accidente1.jpg?w=528&amp;ssl=1 528w, https:\/\/i0.wp.com\/eltrabajo.cl\/portal\/wp-content\/uploads\/2014\/03\/Accidente1.jpg?resize=200%2C142&amp;ssl=1 200w, https:\/\/i0.wp.com\/eltrabajo.cl\/portal\/wp-content\/uploads\/2014\/03\/Accidente1.jpg?resize=300%2C213&amp;ssl=1 300w, https:\/\/i0.wp.com\/eltrabajo.cl\/portal\/wp-content\/uploads\/2014\/03\/Accidente1.jpg?resize=150%2C106&amp;ssl=1 150w, https:\/\/i0.wp.com\/eltrabajo.cl\/portal\/wp-content\/uploads\/2014\/03\/Accidente1.jpg?resize=400%2C284&amp;ssl=1 400w\" sizes=\"auto, (max-width: 300px) 100vw, 300px\" \/><\/a><\/p>\n<p>As\u00ed qued\u00f3 el veh\u00edculo en que viajaban los sanfelipe\u00f1os, completamente destruido. El copiloto del cami\u00f3n asegur\u00f3 que se les \u2018trab\u00f3 el volante\u2019 y luego s\u00f3lo vino el impacto.<\/p>\n"},"caption":{"rendered":"<p>As\u00ed qued\u00f3 el veh\u00edculo en que viajaban los sanfelipe\u00f1os, completamente destruido. El copiloto del cami\u00f3n asegur\u00f3 que se les \u2018trab\u00f3 el volante\u2019 y luego s\u00f3lo vino el impacto.<\/p>\n"},"alt_text":"As\u00ed qued\u00f3 el veh\u00edculo en que viajaban los sanfelipe\u00f1os, completamente destruido. El copiloto del cami\u00f3n asegur\u00f3 que se les \u2018trab\u00f3 el volante\u2019 y luego s\u00f3lo vino el impacto.","media_type":"image","mime_type":"image\/jpeg","media_details":{"width":528,"height":376,"file":"2014\/03\/Accidente1.jpg","sizes":{"thumbnail":{"file":"Accidente1-200x142.jpg","width":200,"height":142,"mime_type":"image\/jpeg","source_url":"https:\/\/i0.wp.com\/eltrabajo.cl\/portal\/wp-content\/uploads\/2014\/03\/Accidente1.jpg?fit=200%2C142&ssl=1"},"medium":{"file":"Accidente1-300x213.jpg","width":300,"height":213,"mime_type":"image\/jpeg","source_url":"https:\/\/i0.wp.com\/eltrabajo.cl\/portal\/wp-content\/uploads\/2014\/03\/Accidente1.jpg?fit=300%2C213&ssl=1"},"post-thumbnail":{"file":"Accidente1-150x106.jpg","width":150,"height":106,"mime_type":"image\/jpeg","source_url":"https:\/\/i0.wp.com\/eltrabajo.cl\/portal\/wp-content\/uploads\/2014\/03\/Accidente1.jpg?fit=150%2C106&ssl=1"},"single-post-thumbnail":{"file":"Accidente1-400x284.jpg","width":400,"height":284,"mime_type":"image\/jpeg","source_url":"https:\/\/eltrabajo.cl\/portal\/wp-content\/uploads\/2014\/03\/Accidente1-400x284.jpg"},"full":{"file":"Accidente1.jpg?fit=528%2C376&ssl=1","width":528,"height":376,"mime_type":"image\/jpeg","source_url":"https:\/\/i0.wp.com\/eltrabajo.cl\/portal\/wp-content\/uploads\/2014\/03\/Accidente1.jpg?fit=528%2C376&ssl=1"}},"image_meta":{"aperture":2.20000000000000017763568394002504646778106689453125,"credit":"","camera":"GT-I9505","caption":"","created_timestamp":1394020266,"copyright":"","focal_length":"4.2","iso":"50","shutter_speed":"0.00064102564102564","title":""}},"post":43991,"source_url":"https:\/\/eltrabajo.cl\/portal\/wp-content\/uploads\/2014\/03\/Accidente1.jpg","_links":{"self":[{"href":"https:\/\/eltrabajo.cl\/portal\/wp-json\/wp\/v2\/media\/43993","targetHints":{"allow":["GET"]}}],"collection":[{"href":"https:\/\/eltrabajo.cl\/portal\/wp-json\/wp\/v2\/media"}],"about":[{"href":"https:\/\/eltrabajo.cl\/portal\/wp-json\/wp\/v2\/types\/attachment"}],"author":[{"embeddable":true,"href":"https:\/\/eltrabajo.cl\/portal\/wp-json\/wp\/v2\/users\/482"}],"replies":[{"embeddable":true,"href":"https:\/\/eltrabajo.cl\/portal\/wp-json\/wp\/v2\/comments?post=43993"}],"wp:attached-to":[{"embeddable":true,"post_type":"post","id":43991,"href":"https:\/\/eltrabajo.cl\/portal\/wp-json\/wp\/v2\/posts\/43991"}],"curies":[{"name":"wp","href":"https:\/\/api.w.org\/{rel}","templated":true}]}}

<p class="attachment"><a href="https://i0.wp.com/eltrabajo.cl/portal/wp-content/uploads/2014/03/Accidente1.jpg?ssl=1"><img loading="lazy" decoding="async" width="300" height="213" src="https://i0.wp.com/eltrabajo.cl/portal/wp-content/uploads/2014/03/Accidente1.jpg?fit=300%2C213&amp;ssl=1" class="attachment-medium size-medium" alt="Así quedó el vehículo en que viajaban los sanfelipeños, completamente destruido. El copiloto del camión aseguró que se les ‘trabó el volante’ y luego sólo vino el impacto." srcset="https://i0.wp.com/eltrabajo.cl/portal/wp-content/uploads/2014/03/Accidente1.jpg?w=528&amp;ssl=1 528w, https://i0.wp.com/eltrabajo.cl/portal/wp-content/uploads/2014/03/Accidente1.jpg?resize=200%2C142&amp;ssl=1 200w, https://i0.wp.com/eltrabajo.cl/portal/wp-content/uploads/2014/03/Accidente1.jpg?resize=300%2C213&amp;ssl=1 300w, https://i0.wp.com/eltrabajo.cl/portal/wp-content/uploads/2014/03/Accidente1.jpg?resize=150%2C106&amp;ssl=1 150w, https://i0.wp.com/eltrabajo.cl/portal/wp-content/uploads/2014/03/Accidente1.jpg?resize=400%2C284&amp;ssl=1 400w" sizes="auto, (max-width: 300px) 100vw, 300px" /></a></p>
<p>Así quedó el vehículo en que viajaban los sanfelipeños, completamente destruido. El copiloto del camión aseguró que se les ‘trabó el volante’ y luego sólo vino el impacto.</p>

<p>Así quedó el vehículo en que viajaban los sanfelipeños, completamente destruido. El copiloto del camión aseguró que se les ‘trabó el volante’ y luego sólo vino el impacto.</p>

Así quedó el vehículo en que viajaban los sanfelipeños, completamente destruido. El copiloto del camión aseguró que se les ‘trabó el volante’ y luego sólo vino el impacto.
