{"id":43994,"date":"2014-03-07T10:03:33","date_gmt":"2014-03-07T13:03:33","guid":{"rendered":"http:\/\/www.eltrabajo.cl\/portal\/wp-content\/uploads\/2014\/03\/Accidente2.jpg"},"modified":"2014-03-07T10:03:33","modified_gmt":"2014-03-07T13:03:33","slug":"accidente2-7","status":"inherit","type":"attachment","link":"https:\/\/eltrabajo.cl\/portal\/matrimonio-sanfelipeno-pierde-la-vida-en-tragico-accidente-carretero\/accidente2-7\/","title":{"rendered":"Accidente2"},"author":482,"featured_media":0,"comment_status":"open","ping_status":"closed","template":"","meta":{"advanced_seo_description":"","jetpack_seo_html_title":"","jetpack_seo_noindex":false},"class_list":["post-43994","attachment","type-attachment","status-inherit","hentry"],"jetpack_sharing_enabled":true,"jetpack_likes_enabled":true,"description":{"rendered":"<p class=\"attachment\"><a href=\"https:\/\/i0.wp.com\/eltrabajo.cl\/portal\/wp-content\/uploads\/2014\/03\/Accidente2.jpg?ssl=1\"><img loading=\"lazy\" decoding=\"async\" width=\"300\" height=\"172\" src=\"https:\/\/i0.wp.com\/eltrabajo.cl\/portal\/wp-content\/uploads\/2014\/03\/Accidente2.jpg?fit=300%2C172&amp;ssl=1\" class=\"attachment-medium size-medium\" alt=\"Ambos eran muy conocidos en Villa El Se\u00f1orial de San Felipe, \u00e9l fue Carabinero y ten\u00edan dos hijos uniformados.\" srcset=\"https:\/\/i0.wp.com\/eltrabajo.cl\/portal\/wp-content\/uploads\/2014\/03\/Accidente2.jpg?w=529&amp;ssl=1 529w, https:\/\/i0.wp.com\/eltrabajo.cl\/portal\/wp-content\/uploads\/2014\/03\/Accidente2.jpg?resize=200%2C115&amp;ssl=1 200w, https:\/\/i0.wp.com\/eltrabajo.cl\/portal\/wp-content\/uploads\/2014\/03\/Accidente2.jpg?resize=300%2C172&amp;ssl=1 300w, https:\/\/i0.wp.com\/eltrabajo.cl\/portal\/wp-content\/uploads\/2014\/03\/Accidente2.jpg?resize=150%2C86&amp;ssl=1 150w, https:\/\/i0.wp.com\/eltrabajo.cl\/portal\/wp-content\/uploads\/2014\/03\/Accidente2.jpg?resize=400%2C230&amp;ssl=1 400w\" sizes=\"auto, (max-width: 300px) 100vw, 300px\" \/><\/a><\/p>\n<p>Ambos eran muy conocidos en Villa El Se\u00f1orial de San Felipe, \u00e9l fue Carabinero y ten\u00edan dos hijos uniformados.<\/p>\n"},"caption":{"rendered":"<p>Ambos eran muy conocidos en Villa El Se\u00f1orial de San Felipe, \u00e9l fue Carabinero y ten\u00edan dos hijos uniformados.<\/p>\n"},"alt_text":"Ambos eran muy conocidos en Villa El Se\u00f1orial de San Felipe, \u00e9l fue Carabinero y ten\u00edan dos hijos uniformados.","media_type":"image","mime_type":"image\/jpeg","media_details":{"width":529,"height":305,"file":"2014\/03\/Accidente2.jpg","sizes":{"thumbnail":{"file":"Accidente2-200x115.jpg","width":200,"height":115,"mime_type":"image\/jpeg","source_url":"https:\/\/i0.wp.com\/eltrabajo.cl\/portal\/wp-content\/uploads\/2014\/03\/Accidente2.jpg?fit=200%2C115&ssl=1"},"medium":{"file":"Accidente2-300x172.jpg","width":300,"height":172,"mime_type":"image\/jpeg","source_url":"https:\/\/i0.wp.com\/eltrabajo.cl\/portal\/wp-content\/uploads\/2014\/03\/Accidente2.jpg?fit=300%2C172&ssl=1"},"post-thumbnail":{"file":"Accidente2-150x86.jpg","width":150,"height":86,"mime_type":"image\/jpeg","source_url":"https:\/\/i0.wp.com\/eltrabajo.cl\/portal\/wp-content\/uploads\/2014\/03\/Accidente2.jpg?fit=150%2C86&ssl=1"},"single-post-thumbnail":{"file":"Accidente2-400x230.jpg","width":400,"height":230,"mime_type":"image\/jpeg","source_url":"https:\/\/eltrabajo.cl\/portal\/wp-content\/uploads\/2014\/03\/Accidente2-400x230.jpg"},"full":{"file":"Accidente2.jpg?fit=529%2C305&ssl=1","width":529,"height":305,"mime_type":"image\/jpeg","source_url":"https:\/\/i0.wp.com\/eltrabajo.cl\/portal\/wp-content\/uploads\/2014\/03\/Accidente2.jpg?fit=529%2C305&ssl=1"}},"image_meta":{"aperture":2.20000000000000017763568394002504646778106689453125,"credit":"","camera":"GT-I9505","caption":"","created_timestamp":1394024104,"copyright":"","focal_length":"4.2","iso":"50","shutter_speed":"0.0016891891891892","title":""}},"post":43991,"source_url":"https:\/\/eltrabajo.cl\/portal\/wp-content\/uploads\/2014\/03\/Accidente2.jpg","_links":{"self":[{"href":"https:\/\/eltrabajo.cl\/portal\/wp-json\/wp\/v2\/media\/43994","targetHints":{"allow":["GET"]}}],"collection":[{"href":"https:\/\/eltrabajo.cl\/portal\/wp-json\/wp\/v2\/media"}],"about":[{"href":"https:\/\/eltrabajo.cl\/portal\/wp-json\/wp\/v2\/types\/attachment"}],"author":[{"embeddable":true,"href":"https:\/\/eltrabajo.cl\/portal\/wp-json\/wp\/v2\/users\/482"}],"replies":[{"embeddable":true,"href":"https:\/\/eltrabajo.cl\/portal\/wp-json\/wp\/v2\/comments?post=43994"}],"wp:attached-to":[{"embeddable":true,"post_type":"post","id":43991,"href":"https:\/\/eltrabajo.cl\/portal\/wp-json\/wp\/v2\/posts\/43991"}],"curies":[{"name":"wp","href":"https:\/\/api.w.org\/{rel}","templated":true}]}}

<p class="attachment"><a href="https://i0.wp.com/eltrabajo.cl/portal/wp-content/uploads/2014/03/Accidente2.jpg?ssl=1"><img loading="lazy" decoding="async" width="300" height="172" src="https://i0.wp.com/eltrabajo.cl/portal/wp-content/uploads/2014/03/Accidente2.jpg?fit=300%2C172&amp;ssl=1" class="attachment-medium size-medium" alt="Ambos eran muy conocidos en Villa El Señorial de San Felipe, él fue Carabinero y tenían dos hijos uniformados." srcset="https://i0.wp.com/eltrabajo.cl/portal/wp-content/uploads/2014/03/Accidente2.jpg?w=529&amp;ssl=1 529w, https://i0.wp.com/eltrabajo.cl/portal/wp-content/uploads/2014/03/Accidente2.jpg?resize=200%2C115&amp;ssl=1 200w, https://i0.wp.com/eltrabajo.cl/portal/wp-content/uploads/2014/03/Accidente2.jpg?resize=300%2C172&amp;ssl=1 300w, https://i0.wp.com/eltrabajo.cl/portal/wp-content/uploads/2014/03/Accidente2.jpg?resize=150%2C86&amp;ssl=1 150w, https://i0.wp.com/eltrabajo.cl/portal/wp-content/uploads/2014/03/Accidente2.jpg?resize=400%2C230&amp;ssl=1 400w" sizes="auto, (max-width: 300px) 100vw, 300px" /></a></p>
<p>Ambos eran muy conocidos en Villa El Señorial de San Felipe, él fue Carabinero y tenían dos hijos uniformados.</p>

<p>Ambos eran muy conocidos en Villa El Señorial de San Felipe, él fue Carabinero y tenían dos hijos uniformados.</p>

Ambos eran muy conocidos en Villa El Señorial de San Felipe, él fue Carabinero y tenían dos hijos uniformados.
