{"id":44101,"date":"2014-03-11T09:23:13","date_gmt":"2014-03-11T12:23:13","guid":{"rendered":"http:\/\/www.eltrabajo.cl\/portal\/wp-content\/uploads\/2014\/03\/Familiar1.jpg"},"modified":"2014-03-11T09:23:13","modified_gmt":"2014-03-11T12:23:13","slug":"familiar1-4","status":"inherit","type":"attachment","link":"https:\/\/eltrabajo.cl\/portal\/patricia-boffa-en-exclusiva-a-diario-el-trabajo-me-voy-con-las-manos-limpias-y-con-ganas-de-seguir-trabajando\/familiar1-4\/","title":{"rendered":"Familiar1"},"author":482,"featured_media":0,"comment_status":"open","ping_status":"closed","template":"","meta":{"advanced_seo_description":"","jetpack_seo_html_title":"","jetpack_seo_noindex":false},"class_list":["post-44101","attachment","type-attachment","status-inherit","hentry"],"jetpack_sharing_enabled":true,"jetpack_likes_enabled":true,"description":{"rendered":"<p class=\"attachment\"><a href=\"https:\/\/i0.wp.com\/eltrabajo.cl\/portal\/wp-content\/uploads\/2014\/03\/Familiar1.jpg?ssl=1\"><img loading=\"lazy\" decoding=\"async\" width=\"300\" height=\"236\" src=\"https:\/\/i0.wp.com\/eltrabajo.cl\/portal\/wp-content\/uploads\/2014\/03\/Familiar1.jpg?fit=300%2C236&amp;ssl=1\" class=\"attachment-medium size-medium\" alt=\"SU FAMILIA.- En esta gr\u00e1fica familiar aparece Patricia Boffa con su esposo, el Consejero Regional Iv\u00e1n Reyes; sus hijos Esteban, Mar\u00eda Jos\u00e9 y P\u00eda.\" srcset=\"https:\/\/i0.wp.com\/eltrabajo.cl\/portal\/wp-content\/uploads\/2014\/03\/Familiar1.jpg?w=529&amp;ssl=1 529w, https:\/\/i0.wp.com\/eltrabajo.cl\/portal\/wp-content\/uploads\/2014\/03\/Familiar1.jpg?resize=190%2C150&amp;ssl=1 190w, https:\/\/i0.wp.com\/eltrabajo.cl\/portal\/wp-content\/uploads\/2014\/03\/Familiar1.jpg?resize=300%2C236&amp;ssl=1 300w, https:\/\/i0.wp.com\/eltrabajo.cl\/portal\/wp-content\/uploads\/2014\/03\/Familiar1.jpg?resize=150%2C118&amp;ssl=1 150w, https:\/\/i0.wp.com\/eltrabajo.cl\/portal\/wp-content\/uploads\/2014\/03\/Familiar1.jpg?resize=400%2C315&amp;ssl=1 400w\" sizes=\"auto, (max-width: 300px) 100vw, 300px\" \/><\/a><\/p>\n<p>SU FAMILIA.- En esta gr\u00e1fica familiar aparece Patricia Boffa con su esposo, el Consejero Regional Iv\u00e1n Reyes; sus hijos Esteban, Mar\u00eda Jos\u00e9 y P\u00eda.<\/p>\n"},"caption":{"rendered":"<p>SU FAMILIA.- En esta gr\u00e1fica familiar aparece Patricia Boffa con su esposo, el Consejero Regional Iv\u00e1n Reyes; sus hijos Esteban, Mar\u00eda Jos\u00e9 y P\u00eda.<\/p>\n"},"alt_text":"SU FAMILIA.- En esta gr\u00e1fica familiar aparece Patricia Boffa con su esposo, el Consejero Regional Iv\u00e1n Reyes; sus hijos Esteban, Mar\u00eda Jos\u00e9 y P\u00eda.","media_type":"image","mime_type":"image\/jpeg","media_details":{"width":529,"height":417,"file":"2014\/03\/Familiar1.jpg","sizes":{"thumbnail":{"file":"Familiar1-190x150.jpg","width":190,"height":150,"mime_type":"image\/jpeg","source_url":"https:\/\/i0.wp.com\/eltrabajo.cl\/portal\/wp-content\/uploads\/2014\/03\/Familiar1.jpg?fit=190%2C150&ssl=1"},"medium":{"file":"Familiar1-300x236.jpg","width":300,"height":236,"mime_type":"image\/jpeg","source_url":"https:\/\/i0.wp.com\/eltrabajo.cl\/portal\/wp-content\/uploads\/2014\/03\/Familiar1.jpg?fit=300%2C236&ssl=1"},"post-thumbnail":{"file":"Familiar1-150x118.jpg","width":150,"height":118,"mime_type":"image\/jpeg","source_url":"https:\/\/i0.wp.com\/eltrabajo.cl\/portal\/wp-content\/uploads\/2014\/03\/Familiar1.jpg?fit=150%2C118&ssl=1"},"single-post-thumbnail":{"file":"Familiar1-400x315.jpg","width":400,"height":315,"mime_type":"image\/jpeg","source_url":"https:\/\/eltrabajo.cl\/portal\/wp-content\/uploads\/2014\/03\/Familiar1-400x315.jpg"},"full":{"file":"Familiar1.jpg?fit=529%2C417&ssl=1","width":529,"height":417,"mime_type":"image\/jpeg","source_url":"https:\/\/i0.wp.com\/eltrabajo.cl\/portal\/wp-content\/uploads\/2014\/03\/Familiar1.jpg?fit=529%2C417&ssl=1"}},"image_meta":{"aperture":0,"credit":"","camera":"","caption":"","created_timestamp":0,"copyright":"","focal_length":0,"iso":0,"shutter_speed":0,"title":""}},"post":44098,"source_url":"https:\/\/eltrabajo.cl\/portal\/wp-content\/uploads\/2014\/03\/Familiar1.jpg","_links":{"self":[{"href":"https:\/\/eltrabajo.cl\/portal\/wp-json\/wp\/v2\/media\/44101","targetHints":{"allow":["GET"]}}],"collection":[{"href":"https:\/\/eltrabajo.cl\/portal\/wp-json\/wp\/v2\/media"}],"about":[{"href":"https:\/\/eltrabajo.cl\/portal\/wp-json\/wp\/v2\/types\/attachment"}],"author":[{"embeddable":true,"href":"https:\/\/eltrabajo.cl\/portal\/wp-json\/wp\/v2\/users\/482"}],"replies":[{"embeddable":true,"href":"https:\/\/eltrabajo.cl\/portal\/wp-json\/wp\/v2\/comments?post=44101"}],"wp:attached-to":[{"embeddable":true,"post_type":"post","id":44098,"href":"https:\/\/eltrabajo.cl\/portal\/wp-json\/wp\/v2\/posts\/44098"}],"curies":[{"name":"wp","href":"https:\/\/api.w.org\/{rel}","templated":true}]}}

<p class="attachment"><a href="https://i0.wp.com/eltrabajo.cl/portal/wp-content/uploads/2014/03/Familiar1.jpg?ssl=1"><img loading="lazy" decoding="async" width="300" height="236" src="https://i0.wp.com/eltrabajo.cl/portal/wp-content/uploads/2014/03/Familiar1.jpg?fit=300%2C236&amp;ssl=1" class="attachment-medium size-medium" alt="SU FAMILIA.- En esta gráfica familiar aparece Patricia Boffa con su esposo, el Consejero Regional Iván Reyes; sus hijos Esteban, María José y Pía." srcset="https://i0.wp.com/eltrabajo.cl/portal/wp-content/uploads/2014/03/Familiar1.jpg?w=529&amp;ssl=1 529w, https://i0.wp.com/eltrabajo.cl/portal/wp-content/uploads/2014/03/Familiar1.jpg?resize=190%2C150&amp;ssl=1 190w, https://i0.wp.com/eltrabajo.cl/portal/wp-content/uploads/2014/03/Familiar1.jpg?resize=300%2C236&amp;ssl=1 300w, https://i0.wp.com/eltrabajo.cl/portal/wp-content/uploads/2014/03/Familiar1.jpg?resize=150%2C118&amp;ssl=1 150w, https://i0.wp.com/eltrabajo.cl/portal/wp-content/uploads/2014/03/Familiar1.jpg?resize=400%2C315&amp;ssl=1 400w" sizes="auto, (max-width: 300px) 100vw, 300px" /></a></p>
<p>SU FAMILIA.- En esta gráfica familiar aparece Patricia Boffa con su esposo, el Consejero Regional Iván Reyes; sus hijos Esteban, María José y Pía.</p>

<p>SU FAMILIA.- En esta gráfica familiar aparece Patricia Boffa con su esposo, el Consejero Regional Iván Reyes; sus hijos Esteban, María José y Pía.</p>

SU FAMILIA.- En esta gráfica familiar aparece Patricia Boffa con su esposo, el Consejero Regional Iván Reyes; sus hijos Esteban, María José y Pía.
