{"id":44102,"date":"2014-03-11T09:23:15","date_gmt":"2014-03-11T12:23:15","guid":{"rendered":"http:\/\/www.eltrabajo.cl\/portal\/wp-content\/uploads\/2014\/03\/Patricia-Nina.jpg"},"modified":"2014-03-11T09:23:15","modified_gmt":"2014-03-11T12:23:15","slug":"patricia-nina","status":"inherit","type":"attachment","link":"https:\/\/eltrabajo.cl\/portal\/patricia-boffa-en-exclusiva-a-diario-el-trabajo-me-voy-con-las-manos-limpias-y-con-ganas-de-seguir-trabajando\/patricia-nina\/","title":{"rendered":"Patricia Nina"},"author":482,"featured_media":0,"comment_status":"open","ping_status":"closed","template":"","meta":{"advanced_seo_description":"","jetpack_seo_html_title":"","jetpack_seo_noindex":false},"class_list":["post-44102","attachment","type-attachment","status-inherit","hentry"],"jetpack_sharing_enabled":true,"jetpack_likes_enabled":true,"description":{"rendered":"<p class=\"attachment\"><a href=\"https:\/\/i0.wp.com\/eltrabajo.cl\/portal\/wp-content\/uploads\/2014\/03\/Patricia-Nina.jpg?ssl=1\"><img loading=\"lazy\" decoding=\"async\" width=\"226\" height=\"300\" src=\"https:\/\/i0.wp.com\/eltrabajo.cl\/portal\/wp-content\/uploads\/2014\/03\/Patricia-Nina.jpg?fit=226%2C300&amp;ssl=1\" class=\"attachment-medium size-medium\" alt=\"MUY REGALONA.- Esta regalona chiquilla es Patricia Boffa a sus nueve a\u00f1os, esa peque\u00f1ita nunca se imagin\u00f3 que alg\u00fan d\u00eda se convertir\u00eda en una figura p\u00fablica en su pa\u00eds.\" srcset=\"https:\/\/i0.wp.com\/eltrabajo.cl\/portal\/wp-content\/uploads\/2014\/03\/Patricia-Nina.jpg?w=529&amp;ssl=1 529w, https:\/\/i0.wp.com\/eltrabajo.cl\/portal\/wp-content\/uploads\/2014\/03\/Patricia-Nina.jpg?resize=113%2C150&amp;ssl=1 113w, https:\/\/i0.wp.com\/eltrabajo.cl\/portal\/wp-content\/uploads\/2014\/03\/Patricia-Nina.jpg?resize=226%2C300&amp;ssl=1 226w, https:\/\/i0.wp.com\/eltrabajo.cl\/portal\/wp-content\/uploads\/2014\/03\/Patricia-Nina.jpg?resize=400%2C530&amp;ssl=1 400w\" sizes=\"auto, (max-width: 226px) 100vw, 226px\" \/><\/a><\/p>\n<p>MUY REGALONA.- Esta regalona chiquilla es Patricia Boffa a sus nueve a\u00f1os, esa peque\u00f1ita nunca se imagin\u00f3 que alg\u00fan d\u00eda se convertir\u00eda en una figura p\u00fablica en su pa\u00eds.<\/p>\n"},"caption":{"rendered":"<p>MUY REGALONA.- Esta regalona chiquilla es Patricia Boffa a sus nueve a\u00f1os, esa peque\u00f1ita nunca se imagin\u00f3 que alg\u00fan d\u00eda se convertir\u00eda en una figura p\u00fablica en su pa\u00eds.<\/p>\n"},"alt_text":"MUY REGALONA.- Esta regalona chiquilla es Patricia Boffa a sus nueve a\u00f1os, esa peque\u00f1ita nunca se imagin\u00f3 que alg\u00fan d\u00eda se convertir\u00eda en una figura p\u00fablica en su pa\u00eds.","media_type":"image","mime_type":"image\/jpeg","media_details":{"width":529,"height":701,"file":"2014\/03\/Patricia-Nina.jpg","sizes":{"thumbnail":{"file":"Patricia-Nina-113x150.jpg","width":113,"height":150,"mime_type":"image\/jpeg","source_url":"https:\/\/i0.wp.com\/eltrabajo.cl\/portal\/wp-content\/uploads\/2014\/03\/Patricia-Nina.jpg?fit=113%2C150&ssl=1"},"medium":{"file":"Patricia-Nina-226x300.jpg","width":226,"height":300,"mime_type":"image\/jpeg","source_url":"https:\/\/i0.wp.com\/eltrabajo.cl\/portal\/wp-content\/uploads\/2014\/03\/Patricia-Nina.jpg?fit=226%2C300&ssl=1"},"post-thumbnail":{"file":"Patricia-Nina-113x150.jpg","width":113,"height":150,"mime_type":"image\/jpeg","source_url":"https:\/\/i0.wp.com\/eltrabajo.cl\/portal\/wp-content\/uploads\/2014\/03\/Patricia-Nina.jpg?fit=113%2C150&ssl=1"},"single-post-thumbnail":{"file":"Patricia-Nina-400x530.jpg","width":400,"height":530,"mime_type":"image\/jpeg","source_url":"https:\/\/eltrabajo.cl\/portal\/wp-content\/uploads\/2014\/03\/Patricia-Nina-400x530.jpg"},"full":{"file":"Patricia-Nina.jpg?fit=529%2C701&ssl=1","width":529,"height":701,"mime_type":"image\/jpeg","source_url":"https:\/\/i0.wp.com\/eltrabajo.cl\/portal\/wp-content\/uploads\/2014\/03\/Patricia-Nina.jpg?fit=529%2C701&ssl=1"}},"image_meta":{"aperture":0,"credit":"","camera":"","caption":"","created_timestamp":0,"copyright":"","focal_length":0,"iso":0,"shutter_speed":0,"title":""}},"post":44098,"source_url":"https:\/\/eltrabajo.cl\/portal\/wp-content\/uploads\/2014\/03\/Patricia-Nina.jpg","_links":{"self":[{"href":"https:\/\/eltrabajo.cl\/portal\/wp-json\/wp\/v2\/media\/44102","targetHints":{"allow":["GET"]}}],"collection":[{"href":"https:\/\/eltrabajo.cl\/portal\/wp-json\/wp\/v2\/media"}],"about":[{"href":"https:\/\/eltrabajo.cl\/portal\/wp-json\/wp\/v2\/types\/attachment"}],"author":[{"embeddable":true,"href":"https:\/\/eltrabajo.cl\/portal\/wp-json\/wp\/v2\/users\/482"}],"replies":[{"embeddable":true,"href":"https:\/\/eltrabajo.cl\/portal\/wp-json\/wp\/v2\/comments?post=44102"}],"wp:attached-to":[{"embeddable":true,"post_type":"post","id":44098,"href":"https:\/\/eltrabajo.cl\/portal\/wp-json\/wp\/v2\/posts\/44098"}],"curies":[{"name":"wp","href":"https:\/\/api.w.org\/{rel}","templated":true}]}}

<p class="attachment"><a href="https://i0.wp.com/eltrabajo.cl/portal/wp-content/uploads/2014/03/Patricia-Nina.jpg?ssl=1"><img loading="lazy" decoding="async" width="226" height="300" src="https://i0.wp.com/eltrabajo.cl/portal/wp-content/uploads/2014/03/Patricia-Nina.jpg?fit=226%2C300&amp;ssl=1" class="attachment-medium size-medium" alt="MUY REGALONA.- Esta regalona chiquilla es Patricia Boffa a sus nueve años, esa pequeñita nunca se imaginó que algún día se convertiría en una figura pública en su país." srcset="https://i0.wp.com/eltrabajo.cl/portal/wp-content/uploads/2014/03/Patricia-Nina.jpg?w=529&amp;ssl=1 529w, https://i0.wp.com/eltrabajo.cl/portal/wp-content/uploads/2014/03/Patricia-Nina.jpg?resize=113%2C150&amp;ssl=1 113w, https://i0.wp.com/eltrabajo.cl/portal/wp-content/uploads/2014/03/Patricia-Nina.jpg?resize=226%2C300&amp;ssl=1 226w, https://i0.wp.com/eltrabajo.cl/portal/wp-content/uploads/2014/03/Patricia-Nina.jpg?resize=400%2C530&amp;ssl=1 400w" sizes="auto, (max-width: 226px) 100vw, 226px" /></a></p>
<p>MUY REGALONA.- Esta regalona chiquilla es Patricia Boffa a sus nueve años, esa pequeñita nunca se imaginó que algún día se convertiría en una figura pública en su país.</p>

<p>MUY REGALONA.- Esta regalona chiquilla es Patricia Boffa a sus nueve años, esa pequeñita nunca se imaginó que algún día se convertiría en una figura pública en su país.</p>

MUY REGALONA.- Esta regalona chiquilla es Patricia Boffa a sus nueve años, esa pequeñita nunca se imaginó que algún día se convertiría en una figura pública en su país.
