{"id":44103,"date":"2014-03-11T09:23:17","date_gmt":"2014-03-11T12:23:17","guid":{"rendered":"http:\/\/www.eltrabajo.cl\/portal\/wp-content\/uploads\/2014\/03\/Presidencial1.jpg"},"modified":"2014-03-11T09:23:17","modified_gmt":"2014-03-11T12:23:17","slug":"presidencial1-2","status":"inherit","type":"attachment","link":"https:\/\/eltrabajo.cl\/portal\/patricia-boffa-en-exclusiva-a-diario-el-trabajo-me-voy-con-las-manos-limpias-y-con-ganas-de-seguir-trabajando\/presidencial1-2\/","title":{"rendered":"Presidencial1"},"author":482,"featured_media":0,"comment_status":"open","ping_status":"closed","template":"","meta":{"advanced_seo_description":"","jetpack_seo_html_title":"","jetpack_seo_noindex":false},"class_list":["post-44103","attachment","type-attachment","status-inherit","hentry"],"jetpack_sharing_enabled":true,"jetpack_likes_enabled":true,"description":{"rendered":"<p class=\"attachment\"><a href=\"https:\/\/i0.wp.com\/eltrabajo.cl\/portal\/wp-content\/uploads\/2014\/03\/Presidencial1.jpg?ssl=1\"><img loading=\"lazy\" decoding=\"async\" width=\"248\" height=\"300\" src=\"https:\/\/i0.wp.com\/eltrabajo.cl\/portal\/wp-content\/uploads\/2014\/03\/Presidencial1.jpg?fit=248%2C300&amp;ssl=1\" class=\"attachment-medium size-medium\" alt=\"PRESIDENCIAL.- El tambi\u00e9n hasta hoy presidente Sebasti\u00e1n Pi\u00f1era, deposit\u00f3 su confianza en Patricia Boffa, quien tambi\u00e9n hoy deja su cargo como gobernadora provincial.\" srcset=\"https:\/\/i0.wp.com\/eltrabajo.cl\/portal\/wp-content\/uploads\/2014\/03\/Presidencial1.jpg?w=529&amp;ssl=1 529w, https:\/\/i0.wp.com\/eltrabajo.cl\/portal\/wp-content\/uploads\/2014\/03\/Presidencial1.jpg?resize=124%2C150&amp;ssl=1 124w, https:\/\/i0.wp.com\/eltrabajo.cl\/portal\/wp-content\/uploads\/2014\/03\/Presidencial1.jpg?resize=248%2C300&amp;ssl=1 248w, https:\/\/i0.wp.com\/eltrabajo.cl\/portal\/wp-content\/uploads\/2014\/03\/Presidencial1.jpg?resize=400%2C482&amp;ssl=1 400w\" sizes=\"auto, (max-width: 248px) 100vw, 248px\" \/><\/a><\/p>\n<p>PRESIDENCIAL.- El tambi\u00e9n hasta hoy presidente Sebasti\u00e1n Pi\u00f1era, deposit\u00f3 su confianza en Patricia Boffa, quien tambi\u00e9n hoy deja su cargo como gobernadora provincial.<\/p>\n"},"caption":{"rendered":"<p>PRESIDENCIAL.- El tambi\u00e9n hasta hoy presidente Sebasti\u00e1n Pi\u00f1era, deposit\u00f3 su confianza en Patricia Boffa, quien tambi\u00e9n hoy deja su cargo como gobernadora provincial.<\/p>\n"},"alt_text":"PRESIDENCIAL.- El tambi\u00e9n hasta hoy presidente Sebasti\u00e1n Pi\u00f1era, deposit\u00f3 su confianza en Patricia Boffa, quien tambi\u00e9n hoy deja su cargo como gobernadora provincial.","media_type":"image","mime_type":"image\/jpeg","media_details":{"width":529,"height":638,"file":"2014\/03\/Presidencial1.jpg","sizes":{"thumbnail":{"file":"Presidencial1-124x150.jpg","width":124,"height":150,"mime_type":"image\/jpeg","source_url":"https:\/\/i0.wp.com\/eltrabajo.cl\/portal\/wp-content\/uploads\/2014\/03\/Presidencial1.jpg?fit=124%2C150&ssl=1"},"medium":{"file":"Presidencial1-248x300.jpg","width":248,"height":300,"mime_type":"image\/jpeg","source_url":"https:\/\/i0.wp.com\/eltrabajo.cl\/portal\/wp-content\/uploads\/2014\/03\/Presidencial1.jpg?fit=248%2C300&ssl=1"},"post-thumbnail":{"file":"Presidencial1-124x150.jpg","width":124,"height":150,"mime_type":"image\/jpeg","source_url":"https:\/\/i0.wp.com\/eltrabajo.cl\/portal\/wp-content\/uploads\/2014\/03\/Presidencial1.jpg?fit=124%2C150&ssl=1"},"single-post-thumbnail":{"file":"Presidencial1-400x482.jpg","width":400,"height":482,"mime_type":"image\/jpeg","source_url":"https:\/\/eltrabajo.cl\/portal\/wp-content\/uploads\/2014\/03\/Presidencial1-400x482.jpg"},"full":{"file":"Presidencial1.jpg?fit=529%2C638&ssl=1","width":529,"height":638,"mime_type":"image\/jpeg","source_url":"https:\/\/i0.wp.com\/eltrabajo.cl\/portal\/wp-content\/uploads\/2014\/03\/Presidencial1.jpg?fit=529%2C638&ssl=1"}},"image_meta":{"aperture":22,"credit":"Gobernacion San Felipe","camera":"Canon EOS REBEL T3i","caption":"","created_timestamp":1385739544,"copyright":"","focal_length":"25","iso":"800","shutter_speed":"0.005","title":""}},"post":44098,"source_url":"https:\/\/eltrabajo.cl\/portal\/wp-content\/uploads\/2014\/03\/Presidencial1.jpg","_links":{"self":[{"href":"https:\/\/eltrabajo.cl\/portal\/wp-json\/wp\/v2\/media\/44103","targetHints":{"allow":["GET"]}}],"collection":[{"href":"https:\/\/eltrabajo.cl\/portal\/wp-json\/wp\/v2\/media"}],"about":[{"href":"https:\/\/eltrabajo.cl\/portal\/wp-json\/wp\/v2\/types\/attachment"}],"author":[{"embeddable":true,"href":"https:\/\/eltrabajo.cl\/portal\/wp-json\/wp\/v2\/users\/482"}],"replies":[{"embeddable":true,"href":"https:\/\/eltrabajo.cl\/portal\/wp-json\/wp\/v2\/comments?post=44103"}],"wp:attached-to":[{"embeddable":true,"post_type":"post","id":44098,"href":"https:\/\/eltrabajo.cl\/portal\/wp-json\/wp\/v2\/posts\/44098"}],"curies":[{"name":"wp","href":"https:\/\/api.w.org\/{rel}","templated":true}]}}

<p class="attachment"><a href="https://i0.wp.com/eltrabajo.cl/portal/wp-content/uploads/2014/03/Presidencial1.jpg?ssl=1"><img loading="lazy" decoding="async" width="248" height="300" src="https://i0.wp.com/eltrabajo.cl/portal/wp-content/uploads/2014/03/Presidencial1.jpg?fit=248%2C300&amp;ssl=1" class="attachment-medium size-medium" alt="PRESIDENCIAL.- El también hasta hoy presidente Sebastián Piñera, depositó su confianza en Patricia Boffa, quien también hoy deja su cargo como gobernadora provincial." srcset="https://i0.wp.com/eltrabajo.cl/portal/wp-content/uploads/2014/03/Presidencial1.jpg?w=529&amp;ssl=1 529w, https://i0.wp.com/eltrabajo.cl/portal/wp-content/uploads/2014/03/Presidencial1.jpg?resize=124%2C150&amp;ssl=1 124w, https://i0.wp.com/eltrabajo.cl/portal/wp-content/uploads/2014/03/Presidencial1.jpg?resize=248%2C300&amp;ssl=1 248w, https://i0.wp.com/eltrabajo.cl/portal/wp-content/uploads/2014/03/Presidencial1.jpg?resize=400%2C482&amp;ssl=1 400w" sizes="auto, (max-width: 248px) 100vw, 248px" /></a></p>
<p>PRESIDENCIAL.- El también hasta hoy presidente Sebastián Piñera, depositó su confianza en Patricia Boffa, quien también hoy deja su cargo como gobernadora provincial.</p>

<p>PRESIDENCIAL.- El también hasta hoy presidente Sebastián Piñera, depositó su confianza en Patricia Boffa, quien también hoy deja su cargo como gobernadora provincial.</p>

PRESIDENCIAL.- El también hasta hoy presidente Sebastián Piñera, depositó su confianza en Patricia Boffa, quien también hoy deja su cargo como gobernadora provincial.
