{"id":44205,"date":"2014-03-13T09:32:11","date_gmt":"2014-03-13T12:32:11","guid":{"rendered":"http:\/\/www.eltrabajo.cl\/portal\/wp-content\/uploads\/2014\/03\/Pintores1.jpg"},"modified":"2014-03-13T09:32:11","modified_gmt":"2014-03-13T12:32:11","slug":"pintores1-4","status":"inherit","type":"attachment","link":"https:\/\/eltrabajo.cl\/portal\/parvularias-inician-sus-labores-con-las-pilas-bien-cargadas\/pintores1-4\/","title":{"rendered":"Pintores1"},"author":482,"featured_media":0,"comment_status":"open","ping_status":"closed","template":"","meta":{"advanced_seo_description":"","jetpack_seo_html_title":"","jetpack_seo_noindex":false},"class_list":["post-44205","attachment","type-attachment","status-inherit","hentry"],"jetpack_sharing_enabled":true,"jetpack_likes_enabled":true,"description":{"rendered":"<p class=\"attachment\"><a href=\"https:\/\/i0.wp.com\/eltrabajo.cl\/portal\/wp-content\/uploads\/2014\/03\/Pintores1.jpg?ssl=1\"><img loading=\"lazy\" decoding=\"async\" width=\"300\" height=\"227\" src=\"https:\/\/i0.wp.com\/eltrabajo.cl\/portal\/wp-content\/uploads\/2014\/03\/Pintores1.jpg?fit=300%2C227&amp;ssl=1\" class=\"attachment-medium size-medium\" alt=\"PINTORES.- Hasta peque\u00f1os pintores encontramos en la visita realizada por Diario El Trabajo durante la ma\u00f1ana de este mi\u00e9rcoles a varios jardines infantiles de Santa Mar\u00eda.\" srcset=\"https:\/\/i0.wp.com\/eltrabajo.cl\/portal\/wp-content\/uploads\/2014\/03\/Pintores1.jpg?w=529&amp;ssl=1 529w, https:\/\/i0.wp.com\/eltrabajo.cl\/portal\/wp-content\/uploads\/2014\/03\/Pintores1.jpg?resize=197%2C150&amp;ssl=1 197w, https:\/\/i0.wp.com\/eltrabajo.cl\/portal\/wp-content\/uploads\/2014\/03\/Pintores1.jpg?resize=300%2C227&amp;ssl=1 300w, https:\/\/i0.wp.com\/eltrabajo.cl\/portal\/wp-content\/uploads\/2014\/03\/Pintores1.jpg?resize=150%2C113&amp;ssl=1 150w, https:\/\/i0.wp.com\/eltrabajo.cl\/portal\/wp-content\/uploads\/2014\/03\/Pintores1.jpg?resize=400%2C303&amp;ssl=1 400w\" sizes=\"auto, (max-width: 300px) 100vw, 300px\" \/><\/a><\/p>\n<p>PINTORES.- Hasta peque\u00f1os pintores encontramos en la visita realizada por Diario El Trabajo durante la ma\u00f1ana de este mi\u00e9rcoles a varios jardines infantiles de Santa Mar\u00eda.<\/p>\n"},"caption":{"rendered":"<p>PINTORES.- Hasta peque\u00f1os pintores encontramos en la visita realizada por Diario El Trabajo durante la ma\u00f1ana de este mi\u00e9rcoles a varios jardines infantiles de Santa Mar\u00eda.<\/p>\n"},"alt_text":"PINTORES.- Hasta peque\u00f1os pintores encontramos en la visita realizada por Diario El Trabajo durante la ma\u00f1ana de este mi\u00e9rcoles a varios jardines infantiles de Santa Mar\u00eda.","media_type":"image","mime_type":"image\/jpeg","media_details":{"width":529,"height":401,"file":"2014\/03\/Pintores1.jpg","sizes":{"thumbnail":{"file":"Pintores1-197x150.jpg","width":197,"height":150,"mime_type":"image\/jpeg","source_url":"https:\/\/i0.wp.com\/eltrabajo.cl\/portal\/wp-content\/uploads\/2014\/03\/Pintores1.jpg?fit=197%2C150&ssl=1"},"medium":{"file":"Pintores1-300x227.jpg","width":300,"height":227,"mime_type":"image\/jpeg","source_url":"https:\/\/i0.wp.com\/eltrabajo.cl\/portal\/wp-content\/uploads\/2014\/03\/Pintores1.jpg?fit=300%2C227&ssl=1"},"post-thumbnail":{"file":"Pintores1-150x113.jpg","width":150,"height":113,"mime_type":"image\/jpeg","source_url":"https:\/\/i0.wp.com\/eltrabajo.cl\/portal\/wp-content\/uploads\/2014\/03\/Pintores1.jpg?fit=150%2C113&ssl=1"},"single-post-thumbnail":{"file":"Pintores1-400x303.jpg","width":400,"height":303,"mime_type":"image\/jpeg","source_url":"https:\/\/eltrabajo.cl\/portal\/wp-content\/uploads\/2014\/03\/Pintores1-400x303.jpg"},"full":{"file":"Pintores1.jpg?fit=529%2C401&ssl=1","width":529,"height":401,"mime_type":"image\/jpeg","source_url":"https:\/\/i0.wp.com\/eltrabajo.cl\/portal\/wp-content\/uploads\/2014\/03\/Pintores1.jpg?fit=529%2C401&ssl=1"}},"image_meta":{"aperture":3.100000000000000088817841970012523233890533447265625,"credit":"","camera":"DSC-H200","caption":"","created_timestamp":1389435971,"copyright":"Copyright 2009","focal_length":"4","iso":"80","shutter_speed":"0.004","title":""}},"post":44202,"source_url":"https:\/\/eltrabajo.cl\/portal\/wp-content\/uploads\/2014\/03\/Pintores1.jpg","_links":{"self":[{"href":"https:\/\/eltrabajo.cl\/portal\/wp-json\/wp\/v2\/media\/44205","targetHints":{"allow":["GET"]}}],"collection":[{"href":"https:\/\/eltrabajo.cl\/portal\/wp-json\/wp\/v2\/media"}],"about":[{"href":"https:\/\/eltrabajo.cl\/portal\/wp-json\/wp\/v2\/types\/attachment"}],"author":[{"embeddable":true,"href":"https:\/\/eltrabajo.cl\/portal\/wp-json\/wp\/v2\/users\/482"}],"replies":[{"embeddable":true,"href":"https:\/\/eltrabajo.cl\/portal\/wp-json\/wp\/v2\/comments?post=44205"}],"wp:attached-to":[{"embeddable":true,"post_type":"post","id":44202,"href":"https:\/\/eltrabajo.cl\/portal\/wp-json\/wp\/v2\/posts\/44202"}],"curies":[{"name":"wp","href":"https:\/\/api.w.org\/{rel}","templated":true}]}}

<p class="attachment"><a href="https://i0.wp.com/eltrabajo.cl/portal/wp-content/uploads/2014/03/Pintores1.jpg?ssl=1"><img loading="lazy" decoding="async" width="300" height="227" src="https://i0.wp.com/eltrabajo.cl/portal/wp-content/uploads/2014/03/Pintores1.jpg?fit=300%2C227&amp;ssl=1" class="attachment-medium size-medium" alt="PINTORES.- Hasta pequeños pintores encontramos en la visita realizada por Diario El Trabajo durante la mañana de este miércoles a varios jardines infantiles de Santa María." srcset="https://i0.wp.com/eltrabajo.cl/portal/wp-content/uploads/2014/03/Pintores1.jpg?w=529&amp;ssl=1 529w, https://i0.wp.com/eltrabajo.cl/portal/wp-content/uploads/2014/03/Pintores1.jpg?resize=197%2C150&amp;ssl=1 197w, https://i0.wp.com/eltrabajo.cl/portal/wp-content/uploads/2014/03/Pintores1.jpg?resize=300%2C227&amp;ssl=1 300w, https://i0.wp.com/eltrabajo.cl/portal/wp-content/uploads/2014/03/Pintores1.jpg?resize=150%2C113&amp;ssl=1 150w, https://i0.wp.com/eltrabajo.cl/portal/wp-content/uploads/2014/03/Pintores1.jpg?resize=400%2C303&amp;ssl=1 400w" sizes="auto, (max-width: 300px) 100vw, 300px" /></a></p>
<p>PINTORES.- Hasta pequeños pintores encontramos en la visita realizada por Diario El Trabajo durante la mañana de este miércoles a varios jardines infantiles de Santa María.</p>

<p>PINTORES.- Hasta pequeños pintores encontramos en la visita realizada por Diario El Trabajo durante la mañana de este miércoles a varios jardines infantiles de Santa María.</p>

PINTORES.- Hasta pequeños pintores encontramos en la visita realizada por Diario El Trabajo durante la mañana de este miércoles a varios jardines infantiles de Santa María.
