{"id":44379,"date":"2014-03-18T10:10:50","date_gmt":"2014-03-18T13:10:50","guid":{"rendered":"http:\/\/www.eltrabajo.cl\/portal\/wp-content\/uploads\/2014\/03\/Gabriela-Marabol\u00ed.jpg"},"modified":"2014-03-18T10:10:50","modified_gmt":"2014-03-18T13:10:50","slug":"gabriela-maraboli","status":"inherit","type":"attachment","link":"https:\/\/eltrabajo.cl\/portal\/mamitas-defienden-su-derecho-a-amamantar-en-lugares-publicos\/gabriela-maraboli\/","title":{"rendered":"Gabriela Marabol\u00ed"},"author":482,"featured_media":0,"comment_status":"open","ping_status":"closed","template":"","meta":{"advanced_seo_description":"","jetpack_seo_html_title":"","jetpack_seo_noindex":false},"class_list":["post-44379","attachment","type-attachment","status-inherit","hentry"],"jetpack_sharing_enabled":true,"jetpack_likes_enabled":true,"description":{"rendered":"<p class=\"attachment\"><a href=\"https:\/\/i0.wp.com\/eltrabajo.cl\/portal\/wp-content\/uploads\/2014\/03\/Gabriela-Marabol%C3%AD.jpg?ssl=1\"><img loading=\"lazy\" decoding=\"async\" width=\"300\" height=\"203\" src=\"https:\/\/i0.wp.com\/eltrabajo.cl\/portal\/wp-content\/uploads\/2014\/03\/Gabriela-Marabol%C3%AD.jpg?fit=300%2C203&amp;ssl=1\" class=\"attachment-medium size-medium\" alt=\"Gabriela Marabol\u00ed: \u00abes horriblemente injusto que a las mam\u00e1s est\u00e9n priv\u00e1ndole espacios para amamantar\u00bb.\" \/><\/a><\/p>\n<p>Gabriela Marabol\u00ed: \u00abes horriblemente injusto que a las mam\u00e1s est\u00e9n priv\u00e1ndole espacios para amamantar\u00bb. <\/p>\n"},"caption":{"rendered":"<p>Gabriela Marabol\u00ed: \u00abes horriblemente injusto que a las mam\u00e1s est\u00e9n priv\u00e1ndole espacios para amamantar\u00bb. <\/p>\n"},"alt_text":"Gabriela Marabol\u00ed: \u00abes horriblemente injusto que a las mam\u00e1s est\u00e9n priv\u00e1ndole espacios para amamantar\u00bb.","media_type":"image","mime_type":"image\/jpeg","media_details":{"width":529,"height":358,"file":"2014\/03\/Gabriela-Marabol\u00ed.jpg","sizes":{"thumbnail":{"file":"Gabriela-Marabol\u00ed-200x135.jpg","width":200,"height":135,"mime_type":"image\/jpeg","source_url":"https:\/\/i0.wp.com\/eltrabajo.cl\/portal\/wp-content\/uploads\/2014\/03\/Gabriela-Marabol%C3%AD.jpg?fit=200%2C135&ssl=1"},"medium":{"file":"Gabriela-Marabol\u00ed-300x203.jpg","width":300,"height":203,"mime_type":"image\/jpeg","source_url":"https:\/\/i0.wp.com\/eltrabajo.cl\/portal\/wp-content\/uploads\/2014\/03\/Gabriela-Marabol%C3%AD.jpg?fit=300%2C203&ssl=1"},"post-thumbnail":{"file":"Gabriela-Marabol\u00ed-150x101.jpg","width":150,"height":101,"mime_type":"image\/jpeg","source_url":"https:\/\/i0.wp.com\/eltrabajo.cl\/portal\/wp-content\/uploads\/2014\/03\/Gabriela-Marabol%C3%AD.jpg?fit=150%2C101&ssl=1"},"single-post-thumbnail":{"file":"Gabriela-Marabol\u00ed-400x270.jpg","width":400,"height":270,"mime_type":"image\/jpeg","source_url":"https:\/\/eltrabajo.cl\/portal\/wp-content\/uploads\/2014\/03\/Gabriela-Marabol\u00ed-400x270.jpg"},"full":{"file":"Gabriela-Marabol%C3%AD.jpg?fit=529%2C358&ssl=1","width":529,"height":358,"mime_type":"image\/jpeg","source_url":"https:\/\/i0.wp.com\/eltrabajo.cl\/portal\/wp-content\/uploads\/2014\/03\/Gabriela-Marabol%C3%AD.jpg?fit=529%2C358&ssl=1"}},"image_meta":{"aperture":0,"credit":"Pedro Munoz H","camera":"","caption":"","created_timestamp":0,"copyright":"","focal_length":0,"iso":0,"shutter_speed":0,"title":""}},"post":44377,"source_url":"https:\/\/eltrabajo.cl\/portal\/wp-content\/uploads\/2014\/03\/Gabriela-Marabol\u00ed.jpg","_links":{"self":[{"href":"https:\/\/eltrabajo.cl\/portal\/wp-json\/wp\/v2\/media\/44379","targetHints":{"allow":["GET"]}}],"collection":[{"href":"https:\/\/eltrabajo.cl\/portal\/wp-json\/wp\/v2\/media"}],"about":[{"href":"https:\/\/eltrabajo.cl\/portal\/wp-json\/wp\/v2\/types\/attachment"}],"author":[{"embeddable":true,"href":"https:\/\/eltrabajo.cl\/portal\/wp-json\/wp\/v2\/users\/482"}],"replies":[{"embeddable":true,"href":"https:\/\/eltrabajo.cl\/portal\/wp-json\/wp\/v2\/comments?post=44379"}],"wp:attached-to":[{"embeddable":true,"post_type":"post","id":44377,"href":"https:\/\/eltrabajo.cl\/portal\/wp-json\/wp\/v2\/posts\/44377"}],"curies":[{"name":"wp","href":"https:\/\/api.w.org\/{rel}","templated":true}]}}

http://www.eltrabajo.cl/portal/wp-content/uploads/2014/03/Gabriela-Marabolí.jpg

Gabriela Marabolí

<p class="attachment"><a href="https://i0.wp.com/eltrabajo.cl/portal/wp-content/uploads/2014/03/Gabriela-Marabol%C3%AD.jpg?ssl=1"><img loading="lazy" decoding="async" width="300" height="203" src="https://i0.wp.com/eltrabajo.cl/portal/wp-content/uploads/2014/03/Gabriela-Marabol%C3%AD.jpg?fit=300%2C203&amp;ssl=1" class="attachment-medium size-medium" alt="Gabriela Marabolí: «es horriblemente injusto que a las mamás estén privándole espacios para amamantar»." /></a></p>
<p>Gabriela Marabolí: «es horriblemente injusto que a las mamás estén privándole espacios para amamantar». </p>

<p>Gabriela Marabolí: «es horriblemente injusto que a las mamás estén privándole espacios para amamantar». </p>

Gabriela Marabolí: «es horriblemente injusto que a las mamás estén privándole espacios para amamantar».

2014/03/Gabriela-Marabolí.jpg

Gabriela-Marabolí-200x135.jpg

Gabriela-Marabolí-300x203.jpg

Gabriela-Marabolí-150x101.jpg

Gabriela-Marabolí-400x270.jpg

https://eltrabajo.cl/portal/wp-content/uploads/2014/03/Gabriela-Marabolí-400x270.jpg

https://eltrabajo.cl/portal/wp-content/uploads/2014/03/Gabriela-Marabolí.jpg
