{"id":44422,"date":"2014-03-19T09:39:38","date_gmt":"2014-03-19T12:39:38","guid":{"rendered":"http:\/\/www.eltrabajo.cl\/portal\/wp-content\/uploads\/2014\/03\/Jose-Ibanez.jpg"},"modified":"2014-03-19T09:39:38","modified_gmt":"2014-03-19T12:39:38","slug":"jose-ibanez","status":"inherit","type":"attachment","link":"https:\/\/eltrabajo.cl\/portal\/liceo-bicentenario-cordillera-recibira-10-millones-en-instrumentos-musicales\/jose-ibanez\/","title":{"rendered":"Jose Ibanez"},"author":482,"featured_media":0,"comment_status":"open","ping_status":"closed","template":"","meta":{"advanced_seo_description":"","jetpack_seo_html_title":"","jetpack_seo_noindex":false},"class_list":["post-44422","attachment","type-attachment","status-inherit","hentry"],"jetpack_sharing_enabled":true,"jetpack_likes_enabled":true,"description":{"rendered":"<p class=\"attachment\"><a href=\"https:\/\/i0.wp.com\/eltrabajo.cl\/portal\/wp-content\/uploads\/2014\/03\/Jose-Ibanez.jpg?ssl=1\"><img loading=\"lazy\" decoding=\"async\" width=\"292\" height=\"300\" src=\"https:\/\/i0.wp.com\/eltrabajo.cl\/portal\/wp-content\/uploads\/2014\/03\/Jose-Ibanez.jpg?fit=292%2C300&amp;ssl=1\" class=\"attachment-medium size-medium\" alt=\"Subdirector del Liceo Bicentenario Cordillera de San Felipe, Jos\u00e9 Ib\u00e1\u00f1ez Rojas.\" srcset=\"https:\/\/i0.wp.com\/eltrabajo.cl\/portal\/wp-content\/uploads\/2014\/03\/Jose-Ibanez.jpg?w=529&amp;ssl=1 529w, https:\/\/i0.wp.com\/eltrabajo.cl\/portal\/wp-content\/uploads\/2014\/03\/Jose-Ibanez.jpg?resize=146%2C150&amp;ssl=1 146w, https:\/\/i0.wp.com\/eltrabajo.cl\/portal\/wp-content\/uploads\/2014\/03\/Jose-Ibanez.jpg?resize=292%2C300&amp;ssl=1 292w, https:\/\/i0.wp.com\/eltrabajo.cl\/portal\/wp-content\/uploads\/2014\/03\/Jose-Ibanez.jpg?resize=400%2C409&amp;ssl=1 400w\" sizes=\"auto, (max-width: 292px) 100vw, 292px\" \/><\/a><\/p>\n<p>Subdirector del Liceo Bicentenario Cordillera de San Felipe, Jos\u00e9 Ib\u00e1\u00f1ez Rojas.<\/p>\n"},"caption":{"rendered":"<p>Subdirector del Liceo Bicentenario Cordillera de San Felipe, Jos\u00e9 Ib\u00e1\u00f1ez Rojas.<\/p>\n"},"alt_text":"Subdirector del Liceo Bicentenario Cordillera de San Felipe, Jos\u00e9 Ib\u00e1\u00f1ez Rojas.","media_type":"image","mime_type":"image\/jpeg","media_details":{"width":529,"height":542,"file":"2014\/03\/Jose-Ibanez.jpg","sizes":{"thumbnail":{"file":"Jose-Ibanez-146x150.jpg","width":146,"height":150,"mime_type":"image\/jpeg","source_url":"https:\/\/i0.wp.com\/eltrabajo.cl\/portal\/wp-content\/uploads\/2014\/03\/Jose-Ibanez.jpg?fit=146%2C150&ssl=1"},"medium":{"file":"Jose-Ibanez-292x300.jpg","width":292,"height":300,"mime_type":"image\/jpeg","source_url":"https:\/\/i0.wp.com\/eltrabajo.cl\/portal\/wp-content\/uploads\/2014\/03\/Jose-Ibanez.jpg?fit=292%2C300&ssl=1"},"post-thumbnail":{"file":"Jose-Ibanez-146x150.jpg","width":146,"height":150,"mime_type":"image\/jpeg","source_url":"https:\/\/i0.wp.com\/eltrabajo.cl\/portal\/wp-content\/uploads\/2014\/03\/Jose-Ibanez.jpg?fit=146%2C150&ssl=1"},"single-post-thumbnail":{"file":"Jose-Ibanez-400x409.jpg","width":400,"height":409,"mime_type":"image\/jpeg","source_url":"https:\/\/eltrabajo.cl\/portal\/wp-content\/uploads\/2014\/03\/Jose-Ibanez-400x409.jpg"},"full":{"file":"Jose-Ibanez.jpg?fit=529%2C542&ssl=1","width":529,"height":542,"mime_type":"image\/jpeg","source_url":"https:\/\/i0.wp.com\/eltrabajo.cl\/portal\/wp-content\/uploads\/2014\/03\/Jose-Ibanez.jpg?fit=529%2C542&ssl=1"}},"image_meta":{"aperture":3.100000000000000088817841970012523233890533447265625,"credit":"","camera":"DSC-H100","caption":"","created_timestamp":1395147694,"copyright":"Copyright 2009","focal_length":"4.5","iso":"80","shutter_speed":"0.02","title":""}},"post":44418,"source_url":"https:\/\/eltrabajo.cl\/portal\/wp-content\/uploads\/2014\/03\/Jose-Ibanez.jpg","_links":{"self":[{"href":"https:\/\/eltrabajo.cl\/portal\/wp-json\/wp\/v2\/media\/44422","targetHints":{"allow":["GET"]}}],"collection":[{"href":"https:\/\/eltrabajo.cl\/portal\/wp-json\/wp\/v2\/media"}],"about":[{"href":"https:\/\/eltrabajo.cl\/portal\/wp-json\/wp\/v2\/types\/attachment"}],"author":[{"embeddable":true,"href":"https:\/\/eltrabajo.cl\/portal\/wp-json\/wp\/v2\/users\/482"}],"replies":[{"embeddable":true,"href":"https:\/\/eltrabajo.cl\/portal\/wp-json\/wp\/v2\/comments?post=44422"}],"wp:attached-to":[{"embeddable":true,"post_type":"post","id":44418,"href":"https:\/\/eltrabajo.cl\/portal\/wp-json\/wp\/v2\/posts\/44418"}],"curies":[{"name":"wp","href":"https:\/\/api.w.org\/{rel}","templated":true}]}}

<p class="attachment"><a href="https://i0.wp.com/eltrabajo.cl/portal/wp-content/uploads/2014/03/Jose-Ibanez.jpg?ssl=1"><img loading="lazy" decoding="async" width="292" height="300" src="https://i0.wp.com/eltrabajo.cl/portal/wp-content/uploads/2014/03/Jose-Ibanez.jpg?fit=292%2C300&amp;ssl=1" class="attachment-medium size-medium" alt="Subdirector del Liceo Bicentenario Cordillera de San Felipe, José Ibáñez Rojas." srcset="https://i0.wp.com/eltrabajo.cl/portal/wp-content/uploads/2014/03/Jose-Ibanez.jpg?w=529&amp;ssl=1 529w, https://i0.wp.com/eltrabajo.cl/portal/wp-content/uploads/2014/03/Jose-Ibanez.jpg?resize=146%2C150&amp;ssl=1 146w, https://i0.wp.com/eltrabajo.cl/portal/wp-content/uploads/2014/03/Jose-Ibanez.jpg?resize=292%2C300&amp;ssl=1 292w, https://i0.wp.com/eltrabajo.cl/portal/wp-content/uploads/2014/03/Jose-Ibanez.jpg?resize=400%2C409&amp;ssl=1 400w" sizes="auto, (max-width: 292px) 100vw, 292px" /></a></p>
<p>Subdirector del Liceo Bicentenario Cordillera de San Felipe, José Ibáñez Rojas.</p>

<p>Subdirector del Liceo Bicentenario Cordillera de San Felipe, José Ibáñez Rojas.</p>

Subdirector del Liceo Bicentenario Cordillera de San Felipe, José Ibáñez Rojas.
