{"id":44461,"date":"2014-03-19T10:12:13","date_gmt":"2014-03-19T13:12:13","guid":{"rendered":"http:\/\/www.eltrabajo.cl\/portal\/wp-content\/uploads\/2014\/03\/juan-fuentes-gallardo-ni\u00f1os.jpg"},"modified":"2014-03-19T10:12:13","modified_gmt":"2014-03-19T13:12:13","slug":"juan-fuentes-gallardo-ninos","status":"inherit","type":"attachment","link":"https:\/\/eltrabajo.cl\/portal\/muere-juan-fuentes-gallardo-uno-de-los-mejores-alcaldes-que-tuvo-san-felipe\/juan-fuentes-gallardo-ninos\/","title":{"rendered":"juan fuentes gallardo ni\u00f1os"},"author":482,"featured_media":0,"comment_status":"open","ping_status":"closed","template":"","meta":{"advanced_seo_description":"","jetpack_seo_html_title":"","jetpack_seo_noindex":false},"class_list":["post-44461","attachment","type-attachment","status-inherit","hentry"],"jetpack_sharing_enabled":true,"jetpack_likes_enabled":true,"description":{"rendered":"<p class=\"attachment\"><a href=\"https:\/\/i0.wp.com\/eltrabajo.cl\/portal\/wp-content\/uploads\/2014\/03\/juan-fuentes-gallardo-ni%C3%B1os.jpg?ssl=1\"><img loading=\"lazy\" decoding=\"async\" width=\"300\" height=\"203\" src=\"https:\/\/i0.wp.com\/eltrabajo.cl\/portal\/wp-content\/uploads\/2014\/03\/juan-fuentes-gallardo-ni%C3%B1os.jpg?fit=300%2C203&amp;ssl=1\" class=\"attachment-medium size-medium\" alt=\"Juan Fuentes haciendo lo que m\u00e1s le gustaba: convertir un gesto amable en la sonrisa de los ni\u00f1os. En la foto, tras bambalina del Festival de la Vendimia del a\u00f1o 1975, entr\u00f3 a los ni\u00f1os que esperaban fuera para que saludaran al artista y les reparti\u00f3 bebidas y golosinas. Para el ex alcalde no exist\u00eda nada m\u00e1s grato que ver a un ni\u00f1o feliz.\" \/><\/a><\/p>\n<p>Juan Fuentes haciendo lo que m\u00e1s le gustaba: convertir un gesto amable en la sonrisa de los ni\u00f1os. En la foto, tras bambalina del Festival de la Vendimia del a\u00f1o 1975, entr\u00f3 a los ni\u00f1os que esperaban fuera para que saludaran al artista y les reparti\u00f3 bebidas y golosinas. Para el ex alcalde no exist\u00eda nada m\u00e1s grato que ver a un ni\u00f1o feliz.<\/p>\n"},"caption":{"rendered":"<p>Juan Fuentes haciendo lo que m\u00e1s le gustaba: convertir un gesto amable en la sonrisa de los ni\u00f1os. En la foto, tras bambalina del Festival de la Vendimia del a\u00f1o 1975, entr\u00f3 a los ni\u00f1os que esperaban fuera para que saludaran al artista y les reparti\u00f3 bebidas y golosinas. Para el ex alcalde no exist\u00eda nada m\u00e1s grato que ver a un ni\u00f1o feliz.<\/p>\n"},"alt_text":"Juan Fuentes haciendo lo que m\u00e1s le gustaba: convertir un gesto amable en la sonrisa de los ni\u00f1os. En la foto, tras bambalina del Festival de la Vendimia del a\u00f1o 1975, entr\u00f3 a los ni\u00f1os que esperaban fuera para que saludaran al artista y les reparti\u00f3 bebidas y golosinas. Para el ex alcalde no exist\u00eda nada m\u00e1s grato que ver a un ni\u00f1o feliz.","media_type":"image","mime_type":"image\/jpeg","media_details":{"width":529,"height":358,"file":"2014\/03\/juan-fuentes-gallardo-ni\u00f1os.jpg","sizes":{"thumbnail":{"file":"juan-fuentes-gallardo-ni\u00f1os-200x135.jpg","width":200,"height":135,"mime_type":"image\/jpeg","source_url":"https:\/\/i0.wp.com\/eltrabajo.cl\/portal\/wp-content\/uploads\/2014\/03\/juan-fuentes-gallardo-ni%C3%B1os.jpg?fit=200%2C135&ssl=1"},"medium":{"file":"juan-fuentes-gallardo-ni\u00f1os-300x203.jpg","width":300,"height":203,"mime_type":"image\/jpeg","source_url":"https:\/\/i0.wp.com\/eltrabajo.cl\/portal\/wp-content\/uploads\/2014\/03\/juan-fuentes-gallardo-ni%C3%B1os.jpg?fit=300%2C203&ssl=1"},"post-thumbnail":{"file":"juan-fuentes-gallardo-ni\u00f1os-150x101.jpg","width":150,"height":101,"mime_type":"image\/jpeg","source_url":"https:\/\/i0.wp.com\/eltrabajo.cl\/portal\/wp-content\/uploads\/2014\/03\/juan-fuentes-gallardo-ni%C3%B1os.jpg?fit=150%2C101&ssl=1"},"single-post-thumbnail":{"file":"juan-fuentes-gallardo-ni\u00f1os-400x270.jpg","width":400,"height":270,"mime_type":"image\/jpeg","source_url":"https:\/\/eltrabajo.cl\/portal\/wp-content\/uploads\/2014\/03\/juan-fuentes-gallardo-ni\u00f1os-400x270.jpg"},"full":{"file":"juan-fuentes-gallardo-ni%C3%B1os.jpg?fit=529%2C358&ssl=1","width":529,"height":358,"mime_type":"image\/jpeg","source_url":"https:\/\/i0.wp.com\/eltrabajo.cl\/portal\/wp-content\/uploads\/2014\/03\/juan-fuentes-gallardo-ni%C3%B1os.jpg?fit=529%2C358&ssl=1"}},"image_meta":{"aperture":0,"credit":"","camera":"","caption":"","created_timestamp":0,"copyright":"","focal_length":0,"iso":0,"shutter_speed":0,"title":""}},"post":44457,"source_url":"https:\/\/eltrabajo.cl\/portal\/wp-content\/uploads\/2014\/03\/juan-fuentes-gallardo-ni\u00f1os.jpg","_links":{"self":[{"href":"https:\/\/eltrabajo.cl\/portal\/wp-json\/wp\/v2\/media\/44461","targetHints":{"allow":["GET"]}}],"collection":[{"href":"https:\/\/eltrabajo.cl\/portal\/wp-json\/wp\/v2\/media"}],"about":[{"href":"https:\/\/eltrabajo.cl\/portal\/wp-json\/wp\/v2\/types\/attachment"}],"author":[{"embeddable":true,"href":"https:\/\/eltrabajo.cl\/portal\/wp-json\/wp\/v2\/users\/482"}],"replies":[{"embeddable":true,"href":"https:\/\/eltrabajo.cl\/portal\/wp-json\/wp\/v2\/comments?post=44461"}],"wp:attached-to":[{"embeddable":true,"post_type":"post","id":44457,"href":"https:\/\/eltrabajo.cl\/portal\/wp-json\/wp\/v2\/posts\/44457"}],"curies":[{"name":"wp","href":"https:\/\/api.w.org\/{rel}","templated":true}]}}

http://www.eltrabajo.cl/portal/wp-content/uploads/2014/03/juan-fuentes-gallardo-niños.jpg

juan fuentes gallardo niños

<p class="attachment"><a href="https://i0.wp.com/eltrabajo.cl/portal/wp-content/uploads/2014/03/juan-fuentes-gallardo-ni%C3%B1os.jpg?ssl=1"><img loading="lazy" decoding="async" width="300" height="203" src="https://i0.wp.com/eltrabajo.cl/portal/wp-content/uploads/2014/03/juan-fuentes-gallardo-ni%C3%B1os.jpg?fit=300%2C203&amp;ssl=1" class="attachment-medium size-medium" alt="Juan Fuentes haciendo lo que más le gustaba: convertir un gesto amable en la sonrisa de los niños. En la foto, tras bambalina del Festival de la Vendimia del año 1975, entró a los niños que esperaban fuera para que saludaran al artista y les repartió bebidas y golosinas. Para el ex alcalde no existía nada más grato que ver a un niño feliz." /></a></p>
<p>Juan Fuentes haciendo lo que más le gustaba: convertir un gesto amable en la sonrisa de los niños. En la foto, tras bambalina del Festival de la Vendimia del año 1975, entró a los niños que esperaban fuera para que saludaran al artista y les repartió bebidas y golosinas. Para el ex alcalde no existía nada más grato que ver a un niño feliz.</p>

<p>Juan Fuentes haciendo lo que más le gustaba: convertir un gesto amable en la sonrisa de los niños. En la foto, tras bambalina del Festival de la Vendimia del año 1975, entró a los niños que esperaban fuera para que saludaran al artista y les repartió bebidas y golosinas. Para el ex alcalde no existía nada más grato que ver a un niño feliz.</p>

Juan Fuentes haciendo lo que más le gustaba: convertir un gesto amable en la sonrisa de los niños. En la foto, tras bambalina del Festival de la Vendimia del año 1975, entró a los niños que esperaban fuera para que saludaran al artista y les repartió bebidas y golosinas. Para el ex alcalde no existía nada más grato que ver a un niño feliz.

2014/03/juan-fuentes-gallardo-niños.jpg

juan-fuentes-gallardo-niños-200x135.jpg

juan-fuentes-gallardo-niños-300x203.jpg

juan-fuentes-gallardo-niños-150x101.jpg

juan-fuentes-gallardo-niños-400x270.jpg

https://eltrabajo.cl/portal/wp-content/uploads/2014/03/juan-fuentes-gallardo-niños-400x270.jpg

https://eltrabajo.cl/portal/wp-content/uploads/2014/03/juan-fuentes-gallardo-niños.jpg
