{"id":44462,"date":"2014-03-19T10:12:14","date_gmt":"2014-03-19T13:12:14","guid":{"rendered":"http:\/\/www.eltrabajo.cl\/portal\/wp-content\/uploads\/2014\/03\/juan-fuentes-discurso.jpg"},"modified":"2014-03-19T10:12:14","modified_gmt":"2014-03-19T13:12:14","slug":"juan-fuentes-discurso","status":"inherit","type":"attachment","link":"https:\/\/eltrabajo.cl\/portal\/muere-juan-fuentes-gallardo-uno-de-los-mejores-alcaldes-que-tuvo-san-felipe\/juan-fuentes-discurso\/","title":{"rendered":"juan fuentes discurso"},"author":482,"featured_media":0,"comment_status":"open","ping_status":"closed","template":"","meta":{"advanced_seo_description":"","jetpack_seo_html_title":"","jetpack_seo_noindex":false},"class_list":["post-44462","attachment","type-attachment","status-inherit","hentry"],"jetpack_sharing_enabled":true,"jetpack_likes_enabled":true,"description":{"rendered":"<p class=\"attachment\"><a href=\"https:\/\/i0.wp.com\/eltrabajo.cl\/portal\/wp-content\/uploads\/2014\/03\/juan-fuentes-discurso.jpg?ssl=1\"><img loading=\"lazy\" decoding=\"async\" width=\"232\" height=\"300\" src=\"https:\/\/i0.wp.com\/eltrabajo.cl\/portal\/wp-content\/uploads\/2014\/03\/juan-fuentes-discurso.jpg?fit=232%2C300&amp;ssl=1\" class=\"attachment-medium size-medium\" alt=\"El ex alcalde no ten\u00eda claridad de palabras, pero hac\u00eda un manejo simple de sus discursos y era capaz de llamar la atenci\u00f3n del colegio de Periodistas, que en 1972 lo eligi\u00f3 \u201cPersonaje del A\u00f1o\u201d. En esta foto hablando a un auditorio en el congreso de Municipalidades realizado en el a\u00f1o 1967 en la ciudad de Osorno.\" srcset=\"https:\/\/i0.wp.com\/eltrabajo.cl\/portal\/wp-content\/uploads\/2014\/03\/juan-fuentes-discurso.jpg?w=529&amp;ssl=1 529w, https:\/\/i0.wp.com\/eltrabajo.cl\/portal\/wp-content\/uploads\/2014\/03\/juan-fuentes-discurso.jpg?resize=116%2C150&amp;ssl=1 116w, https:\/\/i0.wp.com\/eltrabajo.cl\/portal\/wp-content\/uploads\/2014\/03\/juan-fuentes-discurso.jpg?resize=232%2C300&amp;ssl=1 232w, https:\/\/i0.wp.com\/eltrabajo.cl\/portal\/wp-content\/uploads\/2014\/03\/juan-fuentes-discurso.jpg?resize=400%2C515&amp;ssl=1 400w\" sizes=\"auto, (max-width: 232px) 100vw, 232px\" \/><\/a><\/p>\n<p>El ex alcalde no ten\u00eda claridad de palabras, pero hac\u00eda un manejo simple de sus discursos y era capaz de llamar la atenci\u00f3n del colegio de Periodistas, que en 1972 lo eligi\u00f3 \u201cPersonaje del A\u00f1o\u201d. En esta foto hablando a un auditorio en el congreso de Municipalidades realizado en el a\u00f1o 1967 en la ciudad de Osorno.<\/p>\n"},"caption":{"rendered":"<p>El ex alcalde no ten\u00eda claridad de palabras, pero hac\u00eda un manejo simple de sus discursos y era capaz de llamar la atenci\u00f3n del colegio de Periodistas, que en 1972 lo eligi\u00f3 \u201cPersonaje del A\u00f1o\u201d. En esta foto hablando a un auditorio en el congreso de Municipalidades realizado en el a\u00f1o 1967 en la ciudad de Osorno.<\/p>\n"},"alt_text":"El ex alcalde no ten\u00eda claridad de palabras, pero hac\u00eda un manejo simple de sus discursos y era capaz de llamar la atenci\u00f3n del colegio de Periodistas, que en 1972 lo eligi\u00f3 \u201cPersonaje del A\u00f1o\u201d. En esta foto hablando a un auditorio en el congreso de Municipalidades realizado en el a\u00f1o 1967 en la ciudad de Osorno.","media_type":"image","mime_type":"image\/jpeg","media_details":{"width":529,"height":682,"file":"2014\/03\/juan-fuentes-discurso.jpg","sizes":{"thumbnail":{"file":"juan-fuentes-discurso-116x150.jpg","width":116,"height":150,"mime_type":"image\/jpeg","source_url":"https:\/\/i0.wp.com\/eltrabajo.cl\/portal\/wp-content\/uploads\/2014\/03\/juan-fuentes-discurso.jpg?fit=116%2C150&ssl=1"},"medium":{"file":"juan-fuentes-discurso-232x300.jpg","width":232,"height":300,"mime_type":"image\/jpeg","source_url":"https:\/\/i0.wp.com\/eltrabajo.cl\/portal\/wp-content\/uploads\/2014\/03\/juan-fuentes-discurso.jpg?fit=232%2C300&ssl=1"},"post-thumbnail":{"file":"juan-fuentes-discurso-116x150.jpg","width":116,"height":150,"mime_type":"image\/jpeg","source_url":"https:\/\/i0.wp.com\/eltrabajo.cl\/portal\/wp-content\/uploads\/2014\/03\/juan-fuentes-discurso.jpg?fit=116%2C150&ssl=1"},"single-post-thumbnail":{"file":"juan-fuentes-discurso-400x515.jpg","width":400,"height":515,"mime_type":"image\/jpeg","source_url":"https:\/\/eltrabajo.cl\/portal\/wp-content\/uploads\/2014\/03\/juan-fuentes-discurso-400x515.jpg"},"full":{"file":"juan-fuentes-discurso.jpg?fit=529%2C682&ssl=1","width":529,"height":682,"mime_type":"image\/jpeg","source_url":"https:\/\/i0.wp.com\/eltrabajo.cl\/portal\/wp-content\/uploads\/2014\/03\/juan-fuentes-discurso.jpg?fit=529%2C682&ssl=1"}},"image_meta":{"aperture":0,"credit":"","camera":"","caption":"","created_timestamp":0,"copyright":"","focal_length":0,"iso":0,"shutter_speed":0,"title":""}},"post":44457,"source_url":"https:\/\/eltrabajo.cl\/portal\/wp-content\/uploads\/2014\/03\/juan-fuentes-discurso.jpg","_links":{"self":[{"href":"https:\/\/eltrabajo.cl\/portal\/wp-json\/wp\/v2\/media\/44462","targetHints":{"allow":["GET"]}}],"collection":[{"href":"https:\/\/eltrabajo.cl\/portal\/wp-json\/wp\/v2\/media"}],"about":[{"href":"https:\/\/eltrabajo.cl\/portal\/wp-json\/wp\/v2\/types\/attachment"}],"author":[{"embeddable":true,"href":"https:\/\/eltrabajo.cl\/portal\/wp-json\/wp\/v2\/users\/482"}],"replies":[{"embeddable":true,"href":"https:\/\/eltrabajo.cl\/portal\/wp-json\/wp\/v2\/comments?post=44462"}],"wp:attached-to":[{"embeddable":true,"post_type":"post","id":44457,"href":"https:\/\/eltrabajo.cl\/portal\/wp-json\/wp\/v2\/posts\/44457"}],"curies":[{"name":"wp","href":"https:\/\/api.w.org\/{rel}","templated":true}]}}

<p class="attachment"><a href="https://i0.wp.com/eltrabajo.cl/portal/wp-content/uploads/2014/03/juan-fuentes-discurso.jpg?ssl=1"><img loading="lazy" decoding="async" width="232" height="300" src="https://i0.wp.com/eltrabajo.cl/portal/wp-content/uploads/2014/03/juan-fuentes-discurso.jpg?fit=232%2C300&amp;ssl=1" class="attachment-medium size-medium" alt="El ex alcalde no tenía claridad de palabras, pero hacía un manejo simple de sus discursos y era capaz de llamar la atención del colegio de Periodistas, que en 1972 lo eligió “Personaje del Año”. En esta foto hablando a un auditorio en el congreso de Municipalidades realizado en el año 1967 en la ciudad de Osorno." srcset="https://i0.wp.com/eltrabajo.cl/portal/wp-content/uploads/2014/03/juan-fuentes-discurso.jpg?w=529&amp;ssl=1 529w, https://i0.wp.com/eltrabajo.cl/portal/wp-content/uploads/2014/03/juan-fuentes-discurso.jpg?resize=116%2C150&amp;ssl=1 116w, https://i0.wp.com/eltrabajo.cl/portal/wp-content/uploads/2014/03/juan-fuentes-discurso.jpg?resize=232%2C300&amp;ssl=1 232w, https://i0.wp.com/eltrabajo.cl/portal/wp-content/uploads/2014/03/juan-fuentes-discurso.jpg?resize=400%2C515&amp;ssl=1 400w" sizes="auto, (max-width: 232px) 100vw, 232px" /></a></p>
<p>El ex alcalde no tenía claridad de palabras, pero hacía un manejo simple de sus discursos y era capaz de llamar la atención del colegio de Periodistas, que en 1972 lo eligió “Personaje del Año”. En esta foto hablando a un auditorio en el congreso de Municipalidades realizado en el año 1967 en la ciudad de Osorno.</p>

<p>El ex alcalde no tenía claridad de palabras, pero hacía un manejo simple de sus discursos y era capaz de llamar la atención del colegio de Periodistas, que en 1972 lo eligió “Personaje del Año”. En esta foto hablando a un auditorio en el congreso de Municipalidades realizado en el año 1967 en la ciudad de Osorno.</p>

El ex alcalde no tenía claridad de palabras, pero hacía un manejo simple de sus discursos y era capaz de llamar la atención del colegio de Periodistas, que en 1972 lo eligió “Personaje del Año”. En esta foto hablando a un auditorio en el congreso de Municipalidades realizado en el año 1967 en la ciudad de Osorno.
