{"id":44523,"date":"2014-03-20T10:00:23","date_gmt":"2014-03-20T13:00:23","guid":{"rendered":"http:\/\/www.eltrabajo.cl\/portal\/wp-content\/uploads\/2014\/03\/Victoria-Free.jpg"},"modified":"2014-03-20T10:00:23","modified_gmt":"2014-03-20T13:00:23","slug":"victoria-free","status":"inherit","type":"attachment","link":"https:\/\/eltrabajo.cl\/portal\/acusan-a-funeraria-de-presiones-indebidas-para-que-le-cancelen-servicio\/victoria-free\/","title":{"rendered":"Victoria Free"},"author":482,"featured_media":0,"comment_status":"open","ping_status":"closed","template":"","meta":{"advanced_seo_description":"","jetpack_seo_html_title":"","jetpack_seo_noindex":false},"class_list":["post-44523","attachment","type-attachment","status-inherit","hentry"],"jetpack_sharing_enabled":true,"jetpack_likes_enabled":true,"description":{"rendered":"<p class=\"attachment\"><a href=\"https:\/\/i0.wp.com\/eltrabajo.cl\/portal\/wp-content\/uploads\/2014\/03\/Victoria-Free.jpg?ssl=1\"><img loading=\"lazy\" decoding=\"async\" width=\"208\" height=\"300\" src=\"https:\/\/i0.wp.com\/eltrabajo.cl\/portal\/wp-content\/uploads\/2014\/03\/Victoria-Free.jpg?fit=208%2C300&amp;ssl=1\" class=\"attachment-medium size-medium\" alt=\"FIEL COMPA\u00d1ERA.- Victoria Free, ex-esposa de Pedro Armando Harri Maurelia, quien decidi\u00f3 hacer frente a los gastos f\u00fanebres de quien fuera su marido a\u00f1os atr\u00e1s.\" srcset=\"https:\/\/i0.wp.com\/eltrabajo.cl\/portal\/wp-content\/uploads\/2014\/03\/Victoria-Free.jpg?w=529&amp;ssl=1 529w, https:\/\/i0.wp.com\/eltrabajo.cl\/portal\/wp-content\/uploads\/2014\/03\/Victoria-Free.jpg?resize=104%2C150&amp;ssl=1 104w, https:\/\/i0.wp.com\/eltrabajo.cl\/portal\/wp-content\/uploads\/2014\/03\/Victoria-Free.jpg?resize=208%2C300&amp;ssl=1 208w, https:\/\/i0.wp.com\/eltrabajo.cl\/portal\/wp-content\/uploads\/2014\/03\/Victoria-Free.jpg?resize=400%2C575&amp;ssl=1 400w\" sizes=\"auto, (max-width: 208px) 100vw, 208px\" \/><\/a><\/p>\n<p>FIEL COMPA\u00d1ERA.- Victoria Free, ex-esposa de Pedro Armando Harri Maurelia, quien decidi\u00f3 hacer frente a los gastos f\u00fanebres de quien fuera su marido a\u00f1os atr\u00e1s.<\/p>\n"},"caption":{"rendered":"<p>FIEL COMPA\u00d1ERA.- Victoria Free, ex-esposa de Pedro Armando Harri Maurelia, quien decidi\u00f3 hacer frente a los gastos f\u00fanebres de quien fuera su marido a\u00f1os atr\u00e1s.<\/p>\n"},"alt_text":"FIEL COMPA\u00d1ERA.- Victoria Free, ex-esposa de Pedro Armando Harri Maurelia, quien decidi\u00f3 hacer frente a los gastos f\u00fanebres de quien fuera su marido a\u00f1os atr\u00e1s.","media_type":"image","mime_type":"image\/jpeg","media_details":{"width":529,"height":761,"file":"2014\/03\/Victoria-Free.jpg","sizes":{"thumbnail":{"file":"Victoria-Free-104x150.jpg","width":104,"height":150,"mime_type":"image\/jpeg","source_url":"https:\/\/i0.wp.com\/eltrabajo.cl\/portal\/wp-content\/uploads\/2014\/03\/Victoria-Free.jpg?fit=104%2C150&ssl=1"},"medium":{"file":"Victoria-Free-208x300.jpg","width":208,"height":300,"mime_type":"image\/jpeg","source_url":"https:\/\/i0.wp.com\/eltrabajo.cl\/portal\/wp-content\/uploads\/2014\/03\/Victoria-Free.jpg?fit=208%2C300&ssl=1"},"post-thumbnail":{"file":"Victoria-Free-104x150.jpg","width":104,"height":150,"mime_type":"image\/jpeg","source_url":"https:\/\/i0.wp.com\/eltrabajo.cl\/portal\/wp-content\/uploads\/2014\/03\/Victoria-Free.jpg?fit=104%2C150&ssl=1"},"single-post-thumbnail":{"file":"Victoria-Free-400x575.jpg","width":400,"height":575,"mime_type":"image\/jpeg","source_url":"https:\/\/eltrabajo.cl\/portal\/wp-content\/uploads\/2014\/03\/Victoria-Free-400x575.jpg"},"full":{"file":"Victoria-Free.jpg?fit=529%2C761&ssl=1","width":529,"height":761,"mime_type":"image\/jpeg","source_url":"https:\/\/i0.wp.com\/eltrabajo.cl\/portal\/wp-content\/uploads\/2014\/03\/Victoria-Free.jpg?fit=529%2C761&ssl=1"}},"image_meta":{"aperture":5,"credit":"","camera":"Canon EOS REBEL T1i","caption":"","created_timestamp":1395065009,"copyright":"","focal_length":"42","iso":"400","shutter_speed":"0.016666666666667","title":""}},"post":44520,"source_url":"https:\/\/eltrabajo.cl\/portal\/wp-content\/uploads\/2014\/03\/Victoria-Free.jpg","_links":{"self":[{"href":"https:\/\/eltrabajo.cl\/portal\/wp-json\/wp\/v2\/media\/44523","targetHints":{"allow":["GET"]}}],"collection":[{"href":"https:\/\/eltrabajo.cl\/portal\/wp-json\/wp\/v2\/media"}],"about":[{"href":"https:\/\/eltrabajo.cl\/portal\/wp-json\/wp\/v2\/types\/attachment"}],"author":[{"embeddable":true,"href":"https:\/\/eltrabajo.cl\/portal\/wp-json\/wp\/v2\/users\/482"}],"replies":[{"embeddable":true,"href":"https:\/\/eltrabajo.cl\/portal\/wp-json\/wp\/v2\/comments?post=44523"}],"wp:attached-to":[{"embeddable":true,"post_type":"post","id":44520,"href":"https:\/\/eltrabajo.cl\/portal\/wp-json\/wp\/v2\/posts\/44520"}],"curies":[{"name":"wp","href":"https:\/\/api.w.org\/{rel}","templated":true}]}}

<p class="attachment"><a href="https://i0.wp.com/eltrabajo.cl/portal/wp-content/uploads/2014/03/Victoria-Free.jpg?ssl=1"><img loading="lazy" decoding="async" width="208" height="300" src="https://i0.wp.com/eltrabajo.cl/portal/wp-content/uploads/2014/03/Victoria-Free.jpg?fit=208%2C300&amp;ssl=1" class="attachment-medium size-medium" alt="FIEL COMPAÑERA.- Victoria Free, ex-esposa de Pedro Armando Harri Maurelia, quien decidió hacer frente a los gastos fúnebres de quien fuera su marido años atrás." srcset="https://i0.wp.com/eltrabajo.cl/portal/wp-content/uploads/2014/03/Victoria-Free.jpg?w=529&amp;ssl=1 529w, https://i0.wp.com/eltrabajo.cl/portal/wp-content/uploads/2014/03/Victoria-Free.jpg?resize=104%2C150&amp;ssl=1 104w, https://i0.wp.com/eltrabajo.cl/portal/wp-content/uploads/2014/03/Victoria-Free.jpg?resize=208%2C300&amp;ssl=1 208w, https://i0.wp.com/eltrabajo.cl/portal/wp-content/uploads/2014/03/Victoria-Free.jpg?resize=400%2C575&amp;ssl=1 400w" sizes="auto, (max-width: 208px) 100vw, 208px" /></a></p>
<p>FIEL COMPAÑERA.- Victoria Free, ex-esposa de Pedro Armando Harri Maurelia, quien decidió hacer frente a los gastos fúnebres de quien fuera su marido años atrás.</p>

<p>FIEL COMPAÑERA.- Victoria Free, ex-esposa de Pedro Armando Harri Maurelia, quien decidió hacer frente a los gastos fúnebres de quien fuera su marido años atrás.</p>

FIEL COMPAÑERA.- Victoria Free, ex-esposa de Pedro Armando Harri Maurelia, quien decidió hacer frente a los gastos fúnebres de quien fuera su marido años atrás.
