{"id":44566,"date":"2014-03-21T09:46:56","date_gmt":"2014-03-21T12:46:56","guid":{"rendered":"http:\/\/www.eltrabajo.cl\/portal\/wp-content\/uploads\/2014\/03\/COMISION-TELETON-LAS-COIMAS-ORGANIZACION-DESTACADA.jpg"},"modified":"2014-03-21T09:46:56","modified_gmt":"2014-03-21T12:46:56","slug":"comision-teleton-las-coimas-organizacion-destacada","status":"inherit","type":"attachment","link":"https:\/\/eltrabajo.cl\/portal\/multitudinario-desfile-para-conmemorar-los-183-anos-de-putaendo\/comision-teleton-las-coimas-organizacion-destacada\/","title":{"rendered":"COMISION TELETON LAS COIMAS-ORGANIZACION DESTACADA"},"author":482,"featured_media":0,"comment_status":"open","ping_status":"closed","template":"","meta":{"advanced_seo_description":"","jetpack_seo_html_title":"","jetpack_seo_noindex":false},"class_list":["post-44566","attachment","type-attachment","status-inherit","hentry"],"jetpack_sharing_enabled":true,"jetpack_likes_enabled":true,"description":{"rendered":"<p class=\"attachment\"><a href=\"https:\/\/i0.wp.com\/eltrabajo.cl\/portal\/wp-content\/uploads\/2014\/03\/COMISION-TELETON-LAS-COIMAS-ORGANIZACION-DESTACADA.jpg?ssl=1\"><img loading=\"lazy\" decoding=\"async\" width=\"248\" height=\"300\" src=\"https:\/\/i0.wp.com\/eltrabajo.cl\/portal\/wp-content\/uploads\/2014\/03\/COMISION-TELETON-LAS-COIMAS-ORGANIZACION-DESTACADA.jpg?fit=248%2C300&amp;ssl=1\" class=\"attachment-medium size-medium\" alt=\"Comisi\u00f3n Telet\u00f3n Las Coimas, Organizaci\u00f3n Destacada.\" srcset=\"https:\/\/i0.wp.com\/eltrabajo.cl\/portal\/wp-content\/uploads\/2014\/03\/COMISION-TELETON-LAS-COIMAS-ORGANIZACION-DESTACADA.jpg?w=529&amp;ssl=1 529w, https:\/\/i0.wp.com\/eltrabajo.cl\/portal\/wp-content\/uploads\/2014\/03\/COMISION-TELETON-LAS-COIMAS-ORGANIZACION-DESTACADA.jpg?resize=124%2C150&amp;ssl=1 124w, https:\/\/i0.wp.com\/eltrabajo.cl\/portal\/wp-content\/uploads\/2014\/03\/COMISION-TELETON-LAS-COIMAS-ORGANIZACION-DESTACADA.jpg?resize=248%2C300&amp;ssl=1 248w, https:\/\/i0.wp.com\/eltrabajo.cl\/portal\/wp-content\/uploads\/2014\/03\/COMISION-TELETON-LAS-COIMAS-ORGANIZACION-DESTACADA.jpg?resize=400%2C482&amp;ssl=1 400w\" sizes=\"auto, (max-width: 248px) 100vw, 248px\" \/><\/a><\/p>\n<p>Comisi\u00f3n Telet\u00f3n Las Coimas, Organizaci\u00f3n Destacada.<\/p>\n"},"caption":{"rendered":"<p>Comisi\u00f3n Telet\u00f3n Las Coimas, Organizaci\u00f3n Destacada.<\/p>\n"},"alt_text":"Comisi\u00f3n Telet\u00f3n Las Coimas, Organizaci\u00f3n Destacada.","media_type":"image","mime_type":"image\/jpeg","media_details":{"width":529,"height":638,"file":"2014\/03\/COMISION-TELETON-LAS-COIMAS-ORGANIZACION-DESTACADA.jpg","sizes":{"thumbnail":{"file":"COMISION-TELETON-LAS-COIMAS-ORGANIZACION-DESTACADA-124x150.jpg","width":124,"height":150,"mime_type":"image\/jpeg","source_url":"https:\/\/i0.wp.com\/eltrabajo.cl\/portal\/wp-content\/uploads\/2014\/03\/COMISION-TELETON-LAS-COIMAS-ORGANIZACION-DESTACADA.jpg?fit=124%2C150&ssl=1"},"medium":{"file":"COMISION-TELETON-LAS-COIMAS-ORGANIZACION-DESTACADA-248x300.jpg","width":248,"height":300,"mime_type":"image\/jpeg","source_url":"https:\/\/i0.wp.com\/eltrabajo.cl\/portal\/wp-content\/uploads\/2014\/03\/COMISION-TELETON-LAS-COIMAS-ORGANIZACION-DESTACADA.jpg?fit=248%2C300&ssl=1"},"post-thumbnail":{"file":"COMISION-TELETON-LAS-COIMAS-ORGANIZACION-DESTACADA-124x150.jpg","width":124,"height":150,"mime_type":"image\/jpeg","source_url":"https:\/\/i0.wp.com\/eltrabajo.cl\/portal\/wp-content\/uploads\/2014\/03\/COMISION-TELETON-LAS-COIMAS-ORGANIZACION-DESTACADA.jpg?fit=124%2C150&ssl=1"},"single-post-thumbnail":{"file":"COMISION-TELETON-LAS-COIMAS-ORGANIZACION-DESTACADA-400x482.jpg","width":400,"height":482,"mime_type":"image\/jpeg","source_url":"https:\/\/eltrabajo.cl\/portal\/wp-content\/uploads\/2014\/03\/COMISION-TELETON-LAS-COIMAS-ORGANIZACION-DESTACADA-400x482.jpg"},"full":{"file":"COMISION-TELETON-LAS-COIMAS-ORGANIZACION-DESTACADA.jpg?fit=529%2C638&ssl=1","width":529,"height":638,"mime_type":"image\/jpeg","source_url":"https:\/\/i0.wp.com\/eltrabajo.cl\/portal\/wp-content\/uploads\/2014\/03\/COMISION-TELETON-LAS-COIMAS-ORGANIZACION-DESTACADA.jpg?fit=529%2C638&ssl=1"}},"image_meta":{"aperture":5.5999999999999996447286321199499070644378662109375,"credit":"","camera":"Canon EOS REBEL T3i","caption":"","created_timestamp":1395313619,"copyright":"[wopmind]","focal_length":"18","iso":"800","shutter_speed":"0.033333333333333","title":""}},"post":44560,"source_url":"https:\/\/eltrabajo.cl\/portal\/wp-content\/uploads\/2014\/03\/COMISION-TELETON-LAS-COIMAS-ORGANIZACION-DESTACADA.jpg","_links":{"self":[{"href":"https:\/\/eltrabajo.cl\/portal\/wp-json\/wp\/v2\/media\/44566","targetHints":{"allow":["GET"]}}],"collection":[{"href":"https:\/\/eltrabajo.cl\/portal\/wp-json\/wp\/v2\/media"}],"about":[{"href":"https:\/\/eltrabajo.cl\/portal\/wp-json\/wp\/v2\/types\/attachment"}],"author":[{"embeddable":true,"href":"https:\/\/eltrabajo.cl\/portal\/wp-json\/wp\/v2\/users\/482"}],"replies":[{"embeddable":true,"href":"https:\/\/eltrabajo.cl\/portal\/wp-json\/wp\/v2\/comments?post=44566"}],"wp:attached-to":[{"embeddable":true,"post_type":"post","id":44560,"href":"https:\/\/eltrabajo.cl\/portal\/wp-json\/wp\/v2\/posts\/44560"}],"curies":[{"name":"wp","href":"https:\/\/api.w.org\/{rel}","templated":true}]}}

<p class="attachment"><a href="https://i0.wp.com/eltrabajo.cl/portal/wp-content/uploads/2014/03/COMISION-TELETON-LAS-COIMAS-ORGANIZACION-DESTACADA.jpg?ssl=1"><img loading="lazy" decoding="async" width="248" height="300" src="https://i0.wp.com/eltrabajo.cl/portal/wp-content/uploads/2014/03/COMISION-TELETON-LAS-COIMAS-ORGANIZACION-DESTACADA.jpg?fit=248%2C300&amp;ssl=1" class="attachment-medium size-medium" alt="Comisión Teletón Las Coimas, Organización Destacada." srcset="https://i0.wp.com/eltrabajo.cl/portal/wp-content/uploads/2014/03/COMISION-TELETON-LAS-COIMAS-ORGANIZACION-DESTACADA.jpg?w=529&amp;ssl=1 529w, https://i0.wp.com/eltrabajo.cl/portal/wp-content/uploads/2014/03/COMISION-TELETON-LAS-COIMAS-ORGANIZACION-DESTACADA.jpg?resize=124%2C150&amp;ssl=1 124w, https://i0.wp.com/eltrabajo.cl/portal/wp-content/uploads/2014/03/COMISION-TELETON-LAS-COIMAS-ORGANIZACION-DESTACADA.jpg?resize=248%2C300&amp;ssl=1 248w, https://i0.wp.com/eltrabajo.cl/portal/wp-content/uploads/2014/03/COMISION-TELETON-LAS-COIMAS-ORGANIZACION-DESTACADA.jpg?resize=400%2C482&amp;ssl=1 400w" sizes="auto, (max-width: 248px) 100vw, 248px" /></a></p>
<p>Comisión Teletón Las Coimas, Organización Destacada.</p>

<p>Comisión Teletón Las Coimas, Organización Destacada.</p>

Comisión Teletón Las Coimas, Organización Destacada.
