{"id":44676,"date":"2014-03-25T09:36:27","date_gmt":"2014-03-25T12:36:27","guid":{"rendered":"http:\/\/www.eltrabajo.cl\/portal\/wp-content\/uploads\/2014\/03\/alegria1.jpg"},"modified":"2014-03-25T09:36:27","modified_gmt":"2014-03-25T12:36:27","slug":"alegria1-7","status":"inherit","type":"attachment","link":"https:\/\/eltrabajo.cl\/portal\/mas-de-80-escolares-recibieron-donativo-de-utiles-escolares\/alegria1-7\/","title":{"rendered":"alegria1"},"author":482,"featured_media":0,"comment_status":"open","ping_status":"closed","template":"","meta":{"advanced_seo_description":"","jetpack_seo_html_title":"","jetpack_seo_noindex":false},"class_list":["post-44676","attachment","type-attachment","status-inherit","hentry"],"jetpack_sharing_enabled":true,"jetpack_likes_enabled":true,"description":{"rendered":"<p class=\"attachment\"><a href=\"https:\/\/i0.wp.com\/eltrabajo.cl\/portal\/wp-content\/uploads\/2014\/03\/alegria1.jpg?ssl=1\"><img loading=\"lazy\" decoding=\"async\" width=\"242\" height=\"300\" src=\"https:\/\/i0.wp.com\/eltrabajo.cl\/portal\/wp-content\/uploads\/2014\/03\/alegria1.jpg?fit=242%2C300&amp;ssl=1\" class=\"attachment-medium size-medium\" alt=\"ALEGRES.- Los m\u00e1s peque\u00f1itos se fueron con sus manos llenas de golosinas; una gran sonrisa en sus rostros y los \u00fatiles para ellos destinados.\" srcset=\"https:\/\/i0.wp.com\/eltrabajo.cl\/portal\/wp-content\/uploads\/2014\/03\/alegria1.jpg?w=529&amp;ssl=1 529w, https:\/\/i0.wp.com\/eltrabajo.cl\/portal\/wp-content\/uploads\/2014\/03\/alegria1.jpg?resize=121%2C150&amp;ssl=1 121w, https:\/\/i0.wp.com\/eltrabajo.cl\/portal\/wp-content\/uploads\/2014\/03\/alegria1.jpg?resize=242%2C300&amp;ssl=1 242w, https:\/\/i0.wp.com\/eltrabajo.cl\/portal\/wp-content\/uploads\/2014\/03\/alegria1.jpg?resize=400%2C495&amp;ssl=1 400w\" sizes=\"auto, (max-width: 242px) 100vw, 242px\" \/><\/a><\/p>\n<p>ALEGRES.- Los m\u00e1s peque\u00f1itos se fueron con sus manos llenas de golosinas; una gran sonrisa en sus rostros y los \u00fatiles para ellos destinados.<\/p>\n"},"caption":{"rendered":"<p>ALEGRES.- Los m\u00e1s peque\u00f1itos se fueron con sus manos llenas de golosinas; una gran sonrisa en sus rostros y los \u00fatiles para ellos destinados.<\/p>\n"},"alt_text":"ALEGRES.- Los m\u00e1s peque\u00f1itos se fueron con sus manos llenas de golosinas; una gran sonrisa en sus rostros y los \u00fatiles para ellos destinados.","media_type":"image","mime_type":"image\/jpeg","media_details":{"width":529,"height":655,"file":"2014\/03\/alegria1.jpg","sizes":{"thumbnail":{"file":"alegria1-121x150.jpg","width":121,"height":150,"mime_type":"image\/jpeg","source_url":"https:\/\/i0.wp.com\/eltrabajo.cl\/portal\/wp-content\/uploads\/2014\/03\/alegria1.jpg?fit=121%2C150&ssl=1"},"medium":{"file":"alegria1-242x300.jpg","width":242,"height":300,"mime_type":"image\/jpeg","source_url":"https:\/\/i0.wp.com\/eltrabajo.cl\/portal\/wp-content\/uploads\/2014\/03\/alegria1.jpg?fit=242%2C300&ssl=1"},"post-thumbnail":{"file":"alegria1-121x150.jpg","width":121,"height":150,"mime_type":"image\/jpeg","source_url":"https:\/\/i0.wp.com\/eltrabajo.cl\/portal\/wp-content\/uploads\/2014\/03\/alegria1.jpg?fit=121%2C150&ssl=1"},"single-post-thumbnail":{"file":"alegria1-400x495.jpg","width":400,"height":495,"mime_type":"image\/jpeg","source_url":"https:\/\/eltrabajo.cl\/portal\/wp-content\/uploads\/2014\/03\/alegria1-400x495.jpg"},"full":{"file":"alegria1.jpg?fit=529%2C655&ssl=1","width":529,"height":655,"mime_type":"image\/jpeg","source_url":"https:\/\/i0.wp.com\/eltrabajo.cl\/portal\/wp-content\/uploads\/2014\/03\/alegria1.jpg?fit=529%2C655&ssl=1"}},"image_meta":{"aperture":2.600000000000000088817841970012523233890533447265625,"credit":"","camera":"GT-P5110","caption":"","created_timestamp":1394442996,"copyright":"","focal_length":"2.79","iso":"100","shutter_speed":"0.01","title":""}},"post":44674,"source_url":"https:\/\/eltrabajo.cl\/portal\/wp-content\/uploads\/2014\/03\/alegria1.jpg","_links":{"self":[{"href":"https:\/\/eltrabajo.cl\/portal\/wp-json\/wp\/v2\/media\/44676","targetHints":{"allow":["GET"]}}],"collection":[{"href":"https:\/\/eltrabajo.cl\/portal\/wp-json\/wp\/v2\/media"}],"about":[{"href":"https:\/\/eltrabajo.cl\/portal\/wp-json\/wp\/v2\/types\/attachment"}],"author":[{"embeddable":true,"href":"https:\/\/eltrabajo.cl\/portal\/wp-json\/wp\/v2\/users\/482"}],"replies":[{"embeddable":true,"href":"https:\/\/eltrabajo.cl\/portal\/wp-json\/wp\/v2\/comments?post=44676"}],"wp:attached-to":[{"embeddable":true,"post_type":"post","id":44674,"href":"https:\/\/eltrabajo.cl\/portal\/wp-json\/wp\/v2\/posts\/44674"}],"curies":[{"name":"wp","href":"https:\/\/api.w.org\/{rel}","templated":true}]}}

<p class="attachment"><a href="https://i0.wp.com/eltrabajo.cl/portal/wp-content/uploads/2014/03/alegria1.jpg?ssl=1"><img loading="lazy" decoding="async" width="242" height="300" src="https://i0.wp.com/eltrabajo.cl/portal/wp-content/uploads/2014/03/alegria1.jpg?fit=242%2C300&amp;ssl=1" class="attachment-medium size-medium" alt="ALEGRES.- Los más pequeñitos se fueron con sus manos llenas de golosinas; una gran sonrisa en sus rostros y los útiles para ellos destinados." srcset="https://i0.wp.com/eltrabajo.cl/portal/wp-content/uploads/2014/03/alegria1.jpg?w=529&amp;ssl=1 529w, https://i0.wp.com/eltrabajo.cl/portal/wp-content/uploads/2014/03/alegria1.jpg?resize=121%2C150&amp;ssl=1 121w, https://i0.wp.com/eltrabajo.cl/portal/wp-content/uploads/2014/03/alegria1.jpg?resize=242%2C300&amp;ssl=1 242w, https://i0.wp.com/eltrabajo.cl/portal/wp-content/uploads/2014/03/alegria1.jpg?resize=400%2C495&amp;ssl=1 400w" sizes="auto, (max-width: 242px) 100vw, 242px" /></a></p>
<p>ALEGRES.- Los más pequeñitos se fueron con sus manos llenas de golosinas; una gran sonrisa en sus rostros y los útiles para ellos destinados.</p>

<p>ALEGRES.- Los más pequeñitos se fueron con sus manos llenas de golosinas; una gran sonrisa en sus rostros y los útiles para ellos destinados.</p>

ALEGRES.- Los más pequeñitos se fueron con sus manos llenas de golosinas; una gran sonrisa en sus rostros y los útiles para ellos destinados.
