{"id":44677,"date":"2014-03-25T09:36:29","date_gmt":"2014-03-25T12:36:29","guid":{"rendered":"http:\/\/www.eltrabajo.cl\/portal\/wp-content\/uploads\/2014\/03\/Colecta-KAR1.jpg"},"modified":"2014-03-25T09:36:29","modified_gmt":"2014-03-25T12:36:29","slug":"colecta-kar1-2","status":"inherit","type":"attachment","link":"https:\/\/eltrabajo.cl\/portal\/mas-de-80-escolares-recibieron-donativo-de-utiles-escolares\/colecta-kar1-2\/","title":{"rendered":"Colecta KAR1"},"author":482,"featured_media":0,"comment_status":"open","ping_status":"closed","template":"","meta":{"advanced_seo_description":"","jetpack_seo_html_title":"","jetpack_seo_noindex":false},"class_list":["post-44677","attachment","type-attachment","status-inherit","hentry"],"jetpack_sharing_enabled":true,"jetpack_likes_enabled":true,"description":{"rendered":"<p class=\"attachment\"><a href=\"https:\/\/i0.wp.com\/eltrabajo.cl\/portal\/wp-content\/uploads\/2014\/03\/Colecta-KAR1.jpg?ssl=1\"><img loading=\"lazy\" decoding=\"async\" width=\"300\" height=\"207\" src=\"https:\/\/i0.wp.com\/eltrabajo.cl\/portal\/wp-content\/uploads\/2014\/03\/Colecta-KAR1.jpg?fit=300%2C207&amp;ssl=1\" class=\"attachment-medium size-medium\" alt=\"SOLIDARIOS.- Hace un a\u00f1o los empleados de Carnes KAR hicieron otra campa\u00f1a a beneficio de los damnificados del gigantesco incendio que afect\u00f3 a miles de personas en Valpara\u00edso.\" srcset=\"https:\/\/i0.wp.com\/eltrabajo.cl\/portal\/wp-content\/uploads\/2014\/03\/Colecta-KAR1.jpg?w=529&amp;ssl=1 529w, https:\/\/i0.wp.com\/eltrabajo.cl\/portal\/wp-content\/uploads\/2014\/03\/Colecta-KAR1.jpg?resize=200%2C138&amp;ssl=1 200w, https:\/\/i0.wp.com\/eltrabajo.cl\/portal\/wp-content\/uploads\/2014\/03\/Colecta-KAR1.jpg?resize=300%2C207&amp;ssl=1 300w, https:\/\/i0.wp.com\/eltrabajo.cl\/portal\/wp-content\/uploads\/2014\/03\/Colecta-KAR1.jpg?resize=150%2C103&amp;ssl=1 150w, https:\/\/i0.wp.com\/eltrabajo.cl\/portal\/wp-content\/uploads\/2014\/03\/Colecta-KAR1.jpg?resize=400%2C276&amp;ssl=1 400w\" sizes=\"auto, (max-width: 300px) 100vw, 300px\" \/><\/a><\/p>\n<p>SOLIDARIOS.- Hace un a\u00f1o los empleados de Carnes KAR hicieron otra campa\u00f1a a beneficio de los damnificados del gigantesco incendio que afect\u00f3 a miles de personas en Valpara\u00edso.<\/p>\n"},"caption":{"rendered":"<p>SOLIDARIOS.- Hace un a\u00f1o los empleados de Carnes KAR hicieron otra campa\u00f1a a beneficio de los damnificados del gigantesco incendio que afect\u00f3 a miles de personas en Valpara\u00edso.<\/p>\n"},"alt_text":"SOLIDARIOS.- Hace un a\u00f1o los empleados de Carnes KAR hicieron otra campa\u00f1a a beneficio de los damnificados del gigantesco incendio que afect\u00f3 a miles de personas en Valpara\u00edso.","media_type":"image","mime_type":"image\/jpeg","media_details":{"width":529,"height":366,"file":"2014\/03\/Colecta-KAR1.jpg","sizes":{"thumbnail":{"file":"Colecta-KAR1-200x138.jpg","width":200,"height":138,"mime_type":"image\/jpeg","source_url":"https:\/\/i0.wp.com\/eltrabajo.cl\/portal\/wp-content\/uploads\/2014\/03\/Colecta-KAR1.jpg?fit=200%2C138&ssl=1"},"medium":{"file":"Colecta-KAR1-300x207.jpg","width":300,"height":207,"mime_type":"image\/jpeg","source_url":"https:\/\/i0.wp.com\/eltrabajo.cl\/portal\/wp-content\/uploads\/2014\/03\/Colecta-KAR1.jpg?fit=300%2C207&ssl=1"},"post-thumbnail":{"file":"Colecta-KAR1-150x103.jpg","width":150,"height":103,"mime_type":"image\/jpeg","source_url":"https:\/\/i0.wp.com\/eltrabajo.cl\/portal\/wp-content\/uploads\/2014\/03\/Colecta-KAR1.jpg?fit=150%2C103&ssl=1"},"single-post-thumbnail":{"file":"Colecta-KAR1-400x276.jpg","width":400,"height":276,"mime_type":"image\/jpeg","source_url":"https:\/\/eltrabajo.cl\/portal\/wp-content\/uploads\/2014\/03\/Colecta-KAR1-400x276.jpg"},"full":{"file":"Colecta-KAR1.jpg?fit=529%2C366&ssl=1","width":529,"height":366,"mime_type":"image\/jpeg","source_url":"https:\/\/i0.wp.com\/eltrabajo.cl\/portal\/wp-content\/uploads\/2014\/03\/Colecta-KAR1.jpg?fit=529%2C366&ssl=1"}},"image_meta":{"aperture":3.100000000000000088817841970012523233890533447265625,"credit":"","camera":"DSC-H100","caption":"","created_timestamp":1326736110,"copyright":"","focal_length":"4.5","iso":"80","shutter_speed":"0.033333333333333","title":""}},"post":44674,"source_url":"https:\/\/eltrabajo.cl\/portal\/wp-content\/uploads\/2014\/03\/Colecta-KAR1.jpg","_links":{"self":[{"href":"https:\/\/eltrabajo.cl\/portal\/wp-json\/wp\/v2\/media\/44677","targetHints":{"allow":["GET"]}}],"collection":[{"href":"https:\/\/eltrabajo.cl\/portal\/wp-json\/wp\/v2\/media"}],"about":[{"href":"https:\/\/eltrabajo.cl\/portal\/wp-json\/wp\/v2\/types\/attachment"}],"author":[{"embeddable":true,"href":"https:\/\/eltrabajo.cl\/portal\/wp-json\/wp\/v2\/users\/482"}],"replies":[{"embeddable":true,"href":"https:\/\/eltrabajo.cl\/portal\/wp-json\/wp\/v2\/comments?post=44677"}],"wp:attached-to":[{"embeddable":true,"post_type":"post","id":44674,"href":"https:\/\/eltrabajo.cl\/portal\/wp-json\/wp\/v2\/posts\/44674"}],"curies":[{"name":"wp","href":"https:\/\/api.w.org\/{rel}","templated":true}]}}

<p class="attachment"><a href="https://i0.wp.com/eltrabajo.cl/portal/wp-content/uploads/2014/03/Colecta-KAR1.jpg?ssl=1"><img loading="lazy" decoding="async" width="300" height="207" src="https://i0.wp.com/eltrabajo.cl/portal/wp-content/uploads/2014/03/Colecta-KAR1.jpg?fit=300%2C207&amp;ssl=1" class="attachment-medium size-medium" alt="SOLIDARIOS.- Hace un año los empleados de Carnes KAR hicieron otra campaña a beneficio de los damnificados del gigantesco incendio que afectó a miles de personas en Valparaíso." srcset="https://i0.wp.com/eltrabajo.cl/portal/wp-content/uploads/2014/03/Colecta-KAR1.jpg?w=529&amp;ssl=1 529w, https://i0.wp.com/eltrabajo.cl/portal/wp-content/uploads/2014/03/Colecta-KAR1.jpg?resize=200%2C138&amp;ssl=1 200w, https://i0.wp.com/eltrabajo.cl/portal/wp-content/uploads/2014/03/Colecta-KAR1.jpg?resize=300%2C207&amp;ssl=1 300w, https://i0.wp.com/eltrabajo.cl/portal/wp-content/uploads/2014/03/Colecta-KAR1.jpg?resize=150%2C103&amp;ssl=1 150w, https://i0.wp.com/eltrabajo.cl/portal/wp-content/uploads/2014/03/Colecta-KAR1.jpg?resize=400%2C276&amp;ssl=1 400w" sizes="auto, (max-width: 300px) 100vw, 300px" /></a></p>
<p>SOLIDARIOS.- Hace un año los empleados de Carnes KAR hicieron otra campaña a beneficio de los damnificados del gigantesco incendio que afectó a miles de personas en Valparaíso.</p>

<p>SOLIDARIOS.- Hace un año los empleados de Carnes KAR hicieron otra campaña a beneficio de los damnificados del gigantesco incendio que afectó a miles de personas en Valparaíso.</p>

SOLIDARIOS.- Hace un año los empleados de Carnes KAR hicieron otra campaña a beneficio de los damnificados del gigantesco incendio que afectó a miles de personas en Valparaíso.
