{"id":44678,"date":"2014-03-25T09:36:31","date_gmt":"2014-03-25T12:36:31","guid":{"rendered":"http:\/\/www.eltrabajo.cl\/portal\/wp-content\/uploads\/2014\/03\/Cuadernos2.jpg"},"modified":"2014-03-25T09:36:31","modified_gmt":"2014-03-25T12:36:31","slug":"cuadernos2-2","status":"inherit","type":"attachment","link":"https:\/\/eltrabajo.cl\/portal\/mas-de-80-escolares-recibieron-donativo-de-utiles-escolares\/cuadernos2-2\/","title":{"rendered":"Cuadernos2"},"author":482,"featured_media":0,"comment_status":"open","ping_status":"closed","template":"","meta":{"advanced_seo_description":"","jetpack_seo_html_title":"","jetpack_seo_noindex":false},"class_list":["post-44678","attachment","type-attachment","status-inherit","hentry"],"jetpack_sharing_enabled":true,"jetpack_likes_enabled":true,"description":{"rendered":"<p class=\"attachment\"><a href=\"https:\/\/i0.wp.com\/eltrabajo.cl\/portal\/wp-content\/uploads\/2014\/03\/Cuadernos2.jpg?ssl=1\"><img loading=\"lazy\" decoding=\"async\" width=\"300\" height=\"224\" src=\"https:\/\/i0.wp.com\/eltrabajo.cl\/portal\/wp-content\/uploads\/2014\/03\/Cuadernos2.jpg?fit=300%2C224&amp;ssl=1\" class=\"attachment-medium size-medium\" alt=\"A ESTUDIAR.- Cientos de \u00fatiles escolares y art\u00edculos para estudiar, son los que ahora est\u00e1n en manos de estos alumnos de la educaci\u00f3n municipalizada.\" srcset=\"https:\/\/i0.wp.com\/eltrabajo.cl\/portal\/wp-content\/uploads\/2014\/03\/Cuadernos2.jpg?w=528&amp;ssl=1 528w, https:\/\/i0.wp.com\/eltrabajo.cl\/portal\/wp-content\/uploads\/2014\/03\/Cuadernos2.jpg?resize=200%2C150&amp;ssl=1 200w, https:\/\/i0.wp.com\/eltrabajo.cl\/portal\/wp-content\/uploads\/2014\/03\/Cuadernos2.jpg?resize=300%2C224&amp;ssl=1 300w, https:\/\/i0.wp.com\/eltrabajo.cl\/portal\/wp-content\/uploads\/2014\/03\/Cuadernos2.jpg?resize=150%2C112&amp;ssl=1 150w, https:\/\/i0.wp.com\/eltrabajo.cl\/portal\/wp-content\/uploads\/2014\/03\/Cuadernos2.jpg?resize=400%2C299&amp;ssl=1 400w\" sizes=\"auto, (max-width: 300px) 100vw, 300px\" \/><\/a><\/p>\n<p>A ESTUDIAR.- Cientos de \u00fatiles escolares y art\u00edculos para estudiar, son los que ahora est\u00e1n en manos de estos alumnos de la educaci\u00f3n municipalizada.<\/p>\n"},"caption":{"rendered":"<p>A ESTUDIAR.- Cientos de \u00fatiles escolares y art\u00edculos para estudiar, son los que ahora est\u00e1n en manos de estos alumnos de la educaci\u00f3n municipalizada.<\/p>\n"},"alt_text":"A ESTUDIAR.- Cientos de \u00fatiles escolares y art\u00edculos para estudiar, son los que ahora est\u00e1n en manos de estos alumnos de la educaci\u00f3n municipalizada.","media_type":"image","mime_type":"image\/jpeg","media_details":{"width":528,"height":395,"file":"2014\/03\/Cuadernos2.jpg","sizes":{"thumbnail":{"file":"Cuadernos2-200x150.jpg","width":200,"height":150,"mime_type":"image\/jpeg","source_url":"https:\/\/i0.wp.com\/eltrabajo.cl\/portal\/wp-content\/uploads\/2014\/03\/Cuadernos2.jpg?fit=200%2C150&ssl=1"},"medium":{"file":"Cuadernos2-300x224.jpg","width":300,"height":224,"mime_type":"image\/jpeg","source_url":"https:\/\/i0.wp.com\/eltrabajo.cl\/portal\/wp-content\/uploads\/2014\/03\/Cuadernos2.jpg?fit=300%2C224&ssl=1"},"post-thumbnail":{"file":"Cuadernos2-150x112.jpg","width":150,"height":112,"mime_type":"image\/jpeg","source_url":"https:\/\/i0.wp.com\/eltrabajo.cl\/portal\/wp-content\/uploads\/2014\/03\/Cuadernos2.jpg?fit=150%2C112&ssl=1"},"single-post-thumbnail":{"file":"Cuadernos2-400x299.jpg","width":400,"height":299,"mime_type":"image\/jpeg","source_url":"https:\/\/eltrabajo.cl\/portal\/wp-content\/uploads\/2014\/03\/Cuadernos2-400x299.jpg"},"full":{"file":"Cuadernos2.jpg?fit=528%2C395&ssl=1","width":528,"height":395,"mime_type":"image\/jpeg","source_url":"https:\/\/i0.wp.com\/eltrabajo.cl\/portal\/wp-content\/uploads\/2014\/03\/Cuadernos2.jpg?fit=528%2C395&ssl=1"}},"image_meta":{"aperture":3.100000000000000088817841970012523233890533447265625,"credit":"","camera":"DSC-H100","caption":"","created_timestamp":1390822975,"copyright":"Copyright 2009","focal_length":"4.5","iso":"80","shutter_speed":"0.033333333333333","title":""}},"post":44674,"source_url":"https:\/\/eltrabajo.cl\/portal\/wp-content\/uploads\/2014\/03\/Cuadernos2.jpg","_links":{"self":[{"href":"https:\/\/eltrabajo.cl\/portal\/wp-json\/wp\/v2\/media\/44678","targetHints":{"allow":["GET"]}}],"collection":[{"href":"https:\/\/eltrabajo.cl\/portal\/wp-json\/wp\/v2\/media"}],"about":[{"href":"https:\/\/eltrabajo.cl\/portal\/wp-json\/wp\/v2\/types\/attachment"}],"author":[{"embeddable":true,"href":"https:\/\/eltrabajo.cl\/portal\/wp-json\/wp\/v2\/users\/482"}],"replies":[{"embeddable":true,"href":"https:\/\/eltrabajo.cl\/portal\/wp-json\/wp\/v2\/comments?post=44678"}],"wp:attached-to":[{"embeddable":true,"post_type":"post","id":44674,"href":"https:\/\/eltrabajo.cl\/portal\/wp-json\/wp\/v2\/posts\/44674"}],"curies":[{"name":"wp","href":"https:\/\/api.w.org\/{rel}","templated":true}]}}

<p class="attachment"><a href="https://i0.wp.com/eltrabajo.cl/portal/wp-content/uploads/2014/03/Cuadernos2.jpg?ssl=1"><img loading="lazy" decoding="async" width="300" height="224" src="https://i0.wp.com/eltrabajo.cl/portal/wp-content/uploads/2014/03/Cuadernos2.jpg?fit=300%2C224&amp;ssl=1" class="attachment-medium size-medium" alt="A ESTUDIAR.- Cientos de útiles escolares y artículos para estudiar, son los que ahora están en manos de estos alumnos de la educación municipalizada." srcset="https://i0.wp.com/eltrabajo.cl/portal/wp-content/uploads/2014/03/Cuadernos2.jpg?w=528&amp;ssl=1 528w, https://i0.wp.com/eltrabajo.cl/portal/wp-content/uploads/2014/03/Cuadernos2.jpg?resize=200%2C150&amp;ssl=1 200w, https://i0.wp.com/eltrabajo.cl/portal/wp-content/uploads/2014/03/Cuadernos2.jpg?resize=300%2C224&amp;ssl=1 300w, https://i0.wp.com/eltrabajo.cl/portal/wp-content/uploads/2014/03/Cuadernos2.jpg?resize=150%2C112&amp;ssl=1 150w, https://i0.wp.com/eltrabajo.cl/portal/wp-content/uploads/2014/03/Cuadernos2.jpg?resize=400%2C299&amp;ssl=1 400w" sizes="auto, (max-width: 300px) 100vw, 300px" /></a></p>
<p>A ESTUDIAR.- Cientos de útiles escolares y artículos para estudiar, son los que ahora están en manos de estos alumnos de la educación municipalizada.</p>

<p>A ESTUDIAR.- Cientos de útiles escolares y artículos para estudiar, son los que ahora están en manos de estos alumnos de la educación municipalizada.</p>

A ESTUDIAR.- Cientos de útiles escolares y artículos para estudiar, son los que ahora están en manos de estos alumnos de la educación municipalizada.
