{"id":44679,"date":"2014-03-25T09:36:33","date_gmt":"2014-03-25T12:36:33","guid":{"rendered":"http:\/\/www.eltrabajo.cl\/portal\/wp-content\/uploads\/2014\/03\/Gestores11.jpg"},"modified":"2014-03-25T09:36:33","modified_gmt":"2014-03-25T12:36:33","slug":"gestores1-3","status":"inherit","type":"attachment","link":"https:\/\/eltrabajo.cl\/portal\/mas-de-80-escolares-recibieron-donativo-de-utiles-escolares\/gestores1-3\/","title":{"rendered":"Gestores1"},"author":482,"featured_media":0,"comment_status":"open","ping_status":"closed","template":"","meta":{"advanced_seo_description":"","jetpack_seo_html_title":"","jetpack_seo_noindex":false},"class_list":["post-44679","attachment","type-attachment","status-inherit","hentry"],"jetpack_sharing_enabled":true,"jetpack_likes_enabled":true,"description":{"rendered":"<p class=\"attachment\"><a href=\"https:\/\/i0.wp.com\/eltrabajo.cl\/portal\/wp-content\/uploads\/2014\/03\/Gestores11.jpg?ssl=1\"><img loading=\"lazy\" decoding=\"async\" width=\"300\" height=\"230\" src=\"https:\/\/i0.wp.com\/eltrabajo.cl\/portal\/wp-content\/uploads\/2014\/03\/Gestores11.jpg?fit=300%2C230&amp;ssl=1\" class=\"attachment-medium size-medium\" alt=\"GESTORES.- Juan Gonz\u00e1lez y Heidi Inostroza de Carnes KAR, posan para las c\u00e1maras de Diario El Trabajo al lado del Director de la Escuela San Rafael, Cristian Iv\u00e1n Cruz Alfaro.\" srcset=\"https:\/\/i0.wp.com\/eltrabajo.cl\/portal\/wp-content\/uploads\/2014\/03\/Gestores11.jpg?w=529&amp;ssl=1 529w, https:\/\/i0.wp.com\/eltrabajo.cl\/portal\/wp-content\/uploads\/2014\/03\/Gestores11.jpg?resize=195%2C150&amp;ssl=1 195w, https:\/\/i0.wp.com\/eltrabajo.cl\/portal\/wp-content\/uploads\/2014\/03\/Gestores11.jpg?resize=300%2C230&amp;ssl=1 300w, https:\/\/i0.wp.com\/eltrabajo.cl\/portal\/wp-content\/uploads\/2014\/03\/Gestores11.jpg?resize=150%2C115&amp;ssl=1 150w, https:\/\/i0.wp.com\/eltrabajo.cl\/portal\/wp-content\/uploads\/2014\/03\/Gestores11.jpg?resize=400%2C306&amp;ssl=1 400w\" sizes=\"auto, (max-width: 300px) 100vw, 300px\" \/><\/a><\/p>\n<p>GESTORES.- Juan Gonz\u00e1lez y Heidi Inostroza de Carnes KAR, posan para las c\u00e1maras de Diario El Trabajo al lado del Director de la Escuela San Rafael, Cristian Iv\u00e1n Cruz Alfaro.<\/p>\n"},"caption":{"rendered":"<p>GESTORES.- Juan Gonz\u00e1lez y Heidi Inostroza de Carnes KAR, posan para las c\u00e1maras de Diario El Trabajo al lado del Director de la Escuela San Rafael, Cristian Iv\u00e1n Cruz Alfaro.<\/p>\n"},"alt_text":"GESTORES.- Juan Gonz\u00e1lez y Heidi Inostroza de Carnes KAR, posan para las c\u00e1maras de Diario El Trabajo al lado del Director de la Escuela San Rafael, Cristian Iv\u00e1n Cruz Alfaro.","media_type":"image","mime_type":"image\/jpeg","media_details":{"width":529,"height":406,"file":"2014\/03\/Gestores11.jpg","sizes":{"thumbnail":{"file":"Gestores11-195x150.jpg","width":195,"height":150,"mime_type":"image\/jpeg","source_url":"https:\/\/i0.wp.com\/eltrabajo.cl\/portal\/wp-content\/uploads\/2014\/03\/Gestores11.jpg?fit=195%2C150&ssl=1"},"medium":{"file":"Gestores11-300x230.jpg","width":300,"height":230,"mime_type":"image\/jpeg","source_url":"https:\/\/i0.wp.com\/eltrabajo.cl\/portal\/wp-content\/uploads\/2014\/03\/Gestores11.jpg?fit=300%2C230&ssl=1"},"post-thumbnail":{"file":"Gestores11-150x115.jpg","width":150,"height":115,"mime_type":"image\/jpeg","source_url":"https:\/\/i0.wp.com\/eltrabajo.cl\/portal\/wp-content\/uploads\/2014\/03\/Gestores11.jpg?fit=150%2C115&ssl=1"},"single-post-thumbnail":{"file":"Gestores11-400x306.jpg","width":400,"height":306,"mime_type":"image\/jpeg","source_url":"https:\/\/eltrabajo.cl\/portal\/wp-content\/uploads\/2014\/03\/Gestores11-400x306.jpg"},"full":{"file":"Gestores11.jpg?fit=529%2C406&ssl=1","width":529,"height":406,"mime_type":"image\/jpeg","source_url":"https:\/\/i0.wp.com\/eltrabajo.cl\/portal\/wp-content\/uploads\/2014\/03\/Gestores11.jpg?fit=529%2C406&ssl=1"}},"image_meta":{"aperture":2.600000000000000088817841970012523233890533447265625,"credit":"","camera":"GT-P5110","caption":"","created_timestamp":1394443491,"copyright":"","focal_length":"2.79","iso":"50","shutter_speed":"0.01","title":""}},"post":44674,"source_url":"https:\/\/eltrabajo.cl\/portal\/wp-content\/uploads\/2014\/03\/Gestores11.jpg","_links":{"self":[{"href":"https:\/\/eltrabajo.cl\/portal\/wp-json\/wp\/v2\/media\/44679","targetHints":{"allow":["GET"]}}],"collection":[{"href":"https:\/\/eltrabajo.cl\/portal\/wp-json\/wp\/v2\/media"}],"about":[{"href":"https:\/\/eltrabajo.cl\/portal\/wp-json\/wp\/v2\/types\/attachment"}],"author":[{"embeddable":true,"href":"https:\/\/eltrabajo.cl\/portal\/wp-json\/wp\/v2\/users\/482"}],"replies":[{"embeddable":true,"href":"https:\/\/eltrabajo.cl\/portal\/wp-json\/wp\/v2\/comments?post=44679"}],"wp:attached-to":[{"embeddable":true,"post_type":"post","id":44674,"href":"https:\/\/eltrabajo.cl\/portal\/wp-json\/wp\/v2\/posts\/44674"}],"curies":[{"name":"wp","href":"https:\/\/api.w.org\/{rel}","templated":true}]}}

<p class="attachment"><a href="https://i0.wp.com/eltrabajo.cl/portal/wp-content/uploads/2014/03/Gestores11.jpg?ssl=1"><img loading="lazy" decoding="async" width="300" height="230" src="https://i0.wp.com/eltrabajo.cl/portal/wp-content/uploads/2014/03/Gestores11.jpg?fit=300%2C230&amp;ssl=1" class="attachment-medium size-medium" alt="GESTORES.- Juan González y Heidi Inostroza de Carnes KAR, posan para las cámaras de Diario El Trabajo al lado del Director de la Escuela San Rafael, Cristian Iván Cruz Alfaro." srcset="https://i0.wp.com/eltrabajo.cl/portal/wp-content/uploads/2014/03/Gestores11.jpg?w=529&amp;ssl=1 529w, https://i0.wp.com/eltrabajo.cl/portal/wp-content/uploads/2014/03/Gestores11.jpg?resize=195%2C150&amp;ssl=1 195w, https://i0.wp.com/eltrabajo.cl/portal/wp-content/uploads/2014/03/Gestores11.jpg?resize=300%2C230&amp;ssl=1 300w, https://i0.wp.com/eltrabajo.cl/portal/wp-content/uploads/2014/03/Gestores11.jpg?resize=150%2C115&amp;ssl=1 150w, https://i0.wp.com/eltrabajo.cl/portal/wp-content/uploads/2014/03/Gestores11.jpg?resize=400%2C306&amp;ssl=1 400w" sizes="auto, (max-width: 300px) 100vw, 300px" /></a></p>
<p>GESTORES.- Juan González y Heidi Inostroza de Carnes KAR, posan para las cámaras de Diario El Trabajo al lado del Director de la Escuela San Rafael, Cristian Iván Cruz Alfaro.</p>

<p>GESTORES.- Juan González y Heidi Inostroza de Carnes KAR, posan para las cámaras de Diario El Trabajo al lado del Director de la Escuela San Rafael, Cristian Iván Cruz Alfaro.</p>

GESTORES.- Juan González y Heidi Inostroza de Carnes KAR, posan para las cámaras de Diario El Trabajo al lado del Director de la Escuela San Rafael, Cristian Iván Cruz Alfaro.
